{"id":19835,"date":"2018-09-20T11:41:00","date_gmt":"2018-09-20T09:41:00","guid":{"rendered":"http:\/\/map.thegreenergood.fr\/?post_type=job_listing&#038;p=19835"},"modified":"2024-03-14T22:53:17","modified_gmt":"2024-03-14T21:53:17","slug":"modetic","status":"publish","type":"job_listing","link":"https:\/\/map.thegreenergood.fr\/index.php\/acteurs\/modetic\/","title":{"rendered":"Mod\u00e9tic"},"content":{"rendered":"<p>Vous cherchez des articles de mode \u00e9cologique et \u00e9quitable ? Mod\u00e9tic est fait pour vous ! Jetez un coup d\u2019oeil \u00e0 leur boutique ou en ligne.<\/p>\n<p>La majorit\u00e9 de leurs produits sont soit fabriqu\u00e9s en europe soit proviennent du commerce \u00e9quitable. Avec une quinzaine de marques vous trouverez forc\u00e9ment votre bonheur. Vos achats auront un plus faible impact sur la plan\u00e8te tout en ne n\u00e9gligeant pas le confort et la beaut\u00e9 de vos nouveaux v\u00eatements.<\/p>\n","protected":false},"featured_media":19838,"comment_status":"closed","ping_status":"closed","template":"","meta":{"_exactmetrics_skip_tracking":false,"_exactmetrics_sitenote_active":false,"_exactmetrics_sitenote_note":"","_exactmetrics_sitenote_category":0,"spay_email":"","_company_tagline":"V\u00eatements & accessoires \u00e9thiques","_job_location":"63 Grande Rue de la Croix-Rousse, 69004 Lyon","_company_website":"https:\/\/www.modetic.com","_company_twitter":"","_filled":0,"_featured":0,"jetpack_publicize_message":"","jetpack_is_tweetstorm":false,"jetpack_publicize_feature_enabled":true},"job_listing_region":[127,96,107],"job-categories":[116,124,30,63],"job-types":[],"job_listing_tag":[103,87,100,93],"jetpack_publicize_connections":[],"yoast_head":"<!-- This site is optimized with the Yoast SEO plugin v14.4.1 - https:\/\/yoast.com\/wordpress\/plugins\/seo\/ -->\n<title>Mod\u00e9tic - Boutique de mode \u00e9cologique - The Greener Map<\/title>\n<meta name=\"description\" content=\"Mod\u00e9tic propose des articles de mode \u00e9cologiques et \u00e9quitables, fabriqu\u00e9s en France. A retrouver en boutique sur le plateau de la Croix-rousse \u00e0 Lyon.\" \/>\n<meta name=\"robots\" content=\"index, follow\" \/>\n<meta name=\"googlebot\" content=\"index, follow, max-snippet:-1, max-image-preview:large, max-video-preview:-1\" \/>\n<meta name=\"bingbot\" content=\"index, follow, max-snippet:-1, max-image-preview:large, max-video-preview:-1\" \/>\n<link rel=\"canonical\" href=\"https:\/\/map.thegreenergood.fr\/index.php\/acteurs\/modetic\/\" \/>\n<meta property=\"og:locale\" content=\"fr_FR\" \/>\n<meta property=\"og:type\" content=\"article\" \/>\n<meta property=\"og:title\" content=\"Mod\u00e9tic - Boutique de mode \u00e9cologique - The Greener Map\" \/>\n<meta property=\"og:description\" content=\"Mod\u00e9tic propose des articles de mode \u00e9cologiques et \u00e9quitables, fabriqu\u00e9s en France. A retrouver en boutique sur le plateau de la Croix-rousse \u00e0 Lyon.\" \/>\n<meta property=\"og:url\" content=\"https:\/\/map.thegreenergood.fr\/index.php\/acteurs\/modetic\/\" \/>\n<meta property=\"og:site_name\" content=\"The Greener Map\" \/>\n<meta property=\"article:publisher\" content=\"https:\/\/www.facebook.com\/thegreenergoodFR\/\" \/>\n<meta property=\"article:modified_time\" content=\"2024-03-14T21:53:17+00:00\" \/>\n<meta property=\"og:image\" content=\"https:\/\/map.thegreenergood.fr\/wp-content\/uploads\/2018\/09\/Mod\u00e9tic.jpg\" \/>\n\t<meta property=\"og:image:width\" content=\"700\" \/>\n\t<meta property=\"og:image:height\" content=\"438\" \/>\n<meta name=\"twitter:card\" content=\"summary_large_image\" \/>\n<meta name=\"twitter:creator\" content=\"@TheGreenerGoodF\" \/>\n<meta name=\"twitter:site\" content=\"@TheGreenerGoodF\" \/>\n<script type=\"application\/ld+json\" class=\"yoast-schema-graph\">{\"@context\":\"https:\/\/schema.org\",\"@graph\":[{\"@type\":\"Organization\",\"@id\":\"https:\/\/map.thegreenergood.fr\/#organization\",\"name\":\"The Greener Good\",\"url\":\"https:\/\/map.thegreenergood.fr\/\",\"sameAs\":[\"https:\/\/www.facebook.com\/thegreenergoodFR\/\",\"https:\/\/www.instagram.com\/the_greener_good\/\",\"https:\/\/www.youtube.com\/channel\/UCHW2zAiIK5dMOJKqBSv3G4A\",\"https:\/\/twitter.com\/TheGreenerGoodF\"],\"logo\":{\"@type\":\"ImageObject\",\"@id\":\"https:\/\/map.thegreenergood.fr\/#logo\",\"inLanguage\":\"fr-FR\",\"url\":\"\",\"caption\":\"The Greener Good\"},\"image\":{\"@id\":\"https:\/\/map.thegreenergood.fr\/#logo\"}},{\"@type\":\"WebSite\",\"@id\":\"https:\/\/map.thegreenergood.fr\/#website\",\"url\":\"https:\/\/map.thegreenergood.fr\/\",\"name\":\"Guide Greener\",\"description\":\"Adresses \\u00e9coresponsables du Grand Lyon\",\"publisher\":{\"@id\":\"https:\/\/map.thegreenergood.fr\/#organization\"},\"potentialAction\":[{\"@type\":\"SearchAction\",\"target\":\"https:\/\/map.thegreenergood.fr\/?s={search_term_string}\",\"query-input\":\"required name=search_term_string\"}],\"inLanguage\":\"fr-FR\"},{\"@type\":\"ImageObject\",\"@id\":\"https:\/\/map.thegreenergood.fr\/index.php\/acteurs\/modetic\/#primaryimage\",\"inLanguage\":\"fr-FR\",\"url\":\"https:\/\/map.thegreenergood.fr\/wp-content\/uploads\/2018\/09\/Mod\\u00e9tic.jpg\",\"width\":700,\"height\":438,\"caption\":\"Mod\\u00e9tic\"},{\"@type\":\"WebPage\",\"@id\":\"https:\/\/map.thegreenergood.fr\/index.php\/acteurs\/modetic\/#webpage\",\"url\":\"https:\/\/map.thegreenergood.fr\/index.php\/acteurs\/modetic\/\",\"name\":\"Mod\\u00e9tic - Boutique de mode \\u00e9cologique - The Greener Map\",\"isPartOf\":{\"@id\":\"https:\/\/map.thegreenergood.fr\/#website\"},\"primaryImageOfPage\":{\"@id\":\"https:\/\/map.thegreenergood.fr\/index.php\/acteurs\/modetic\/#primaryimage\"},\"datePublished\":\"2018-09-20T09:41:00+00:00\",\"dateModified\":\"2024-03-14T21:53:17+00:00\",\"description\":\"Mod\\u00e9tic propose des articles de mode \\u00e9cologiques et \\u00e9quitables, fabriqu\\u00e9s en France. A retrouver en boutique sur le plateau de la Croix-rousse \\u00e0 Lyon.\",\"inLanguage\":\"fr-FR\",\"potentialAction\":[{\"@type\":\"ReadAction\",\"target\":[\"https:\/\/map.thegreenergood.fr\/index.php\/acteurs\/modetic\/\"]}]}]}<\/script>\n<!-- \/ Yoast SEO plugin. -->","jetpack_sharing_enabled":true,"_links":{"self":[{"href":"https:\/\/map.thegreenergood.fr\/index.php\/wp-json\/wp\/v2\/job-listings\/19835"}],"collection":[{"href":"https:\/\/map.thegreenergood.fr\/index.php\/wp-json\/wp\/v2\/job-listings"}],"about":[{"href":"https:\/\/map.thegreenergood.fr\/index.php\/wp-json\/wp\/v2\/types\/job_listing"}],"replies":[{"embeddable":true,"href":"https:\/\/map.thegreenergood.fr\/index.php\/wp-json\/wp\/v2\/comments?post=19835"}],"wp:featuredmedia":[{"embeddable":true,"href":"https:\/\/map.thegreenergood.fr\/index.php\/wp-json\/wp\/v2\/media\/19838"}],"wp:attachment":[{"href":"https:\/\/map.thegreenergood.fr\/index.php\/wp-json\/wp\/v2\/media?parent=19835"}],"wp:term":[{"taxonomy":"job_listing_region","embeddable":true,"href":"https:\/\/map.thegreenergood.fr\/index.php\/wp-json\/wp\/v2\/job_listing_region?post=19835"},{"taxonomy":"job_listing_category","embeddable":true,"href":"https:\/\/map.thegreenergood.fr\/index.php\/wp-json\/wp\/v2\/job-categories?post=19835"},{"taxonomy":"job_listing_type","embeddable":true,"href":"https:\/\/map.thegreenergood.fr\/index.php\/wp-json\/wp\/v2\/job-types?post=19835"},{"taxonomy":"job_listing_tag","embeddable":true,"href":"https:\/\/map.thegreenergood.fr\/index.php\/wp-json\/wp\/v2\/job_listing_tag?post=19835"}],"curies":[{"name":"wp","href":"https:\/\/api.w.org\/{rel}","templated":true}]}}

Modétic

<p>Vous cherchez des articles de mode écologique et équitable ? Modétic est fait pour vous ! Jetez un coup d’oeil à leur boutique ou en ligne.</p>
<p>La majorité de leurs produits sont soit fabriqués en europe soit proviennent du commerce équitable. Avec une quinzaine de marques vous trouverez forcément votre bonheur. Vos achats auront un plus faible impact sur la planète tout en ne négligeant pas le confort et la beauté de vos nouveaux vêtements.</p>

Vêtements & accessoires éthiques

<!-- This site is optimized with the Yoast SEO plugin v14.4.1 - https://yoast.com/wordpress/plugins/seo/ -->
<title>Modétic - Boutique de mode écologique - The Greener Map</title>
<meta name="description" content="Modétic propose des articles de mode écologiques et équitables, fabriqués en France. A retrouver en boutique sur le plateau de la Croix-rousse à Lyon." />
<meta name="robots" content="index, follow" />
<meta name="googlebot" content="index, follow, max-snippet:-1, max-image-preview:large, max-video-preview:-1" />
<meta name="bingbot" content="index, follow, max-snippet:-1, max-image-preview:large, max-video-preview:-1" />
<link rel="canonical" href="https://map.thegreenergood.fr/index.php/acteurs/modetic/" />
<meta property="og:locale" content="fr_FR" />
<meta property="og:type" content="article" />
<meta property="og:title" content="Modétic - Boutique de mode écologique - The Greener Map" />
<meta property="og:description" content="Modétic propose des articles de mode écologiques et équitables, fabriqués en France. A retrouver en boutique sur le plateau de la Croix-rousse à Lyon." />
<meta property="og:url" content="https://map.thegreenergood.fr/index.php/acteurs/modetic/" />
<meta property="og:site_name" content="The Greener Map" />
<meta property="article:publisher" content="https://www.facebook.com/thegreenergoodFR/" />
<meta property="article:modified_time" content="2024-03-14T21:53:17+00:00" />
<meta property="og:image" content="https://map.thegreenergood.fr/wp-content/uploads/2018/09/Modétic.jpg" />
	<meta property="og:image:width" content="700" />
	<meta property="og:image:height" content="438" />
<meta name="twitter:card" content="summary_large_image" />
<meta name="twitter:creator" content="@TheGreenerGoodF" />
<meta name="twitter:site" content="@TheGreenerGoodF" />
<script type="application/ld+json" class="yoast-schema-graph">{"@context":"https://schema.org","@graph":[{"@type":"Organization","@id":"https://map.thegreenergood.fr/#organization","name":"The Greener Good","url":"https://map.thegreenergood.fr/","sameAs":["https://www.facebook.com/thegreenergoodFR/","https://www.instagram.com/the_greener_good/","https://www.youtube.com/channel/UCHW2zAiIK5dMOJKqBSv3G4A","https://twitter.com/TheGreenerGoodF"],"logo":{"@type":"ImageObject","@id":"https://map.thegreenergood.fr/#logo","inLanguage":"fr-FR","url":"","caption":"The Greener Good"},"image":{"@id":"https://map.thegreenergood.fr/#logo"}},{"@type":"WebSite","@id":"https://map.thegreenergood.fr/#website","url":"https://map.thegreenergood.fr/","name":"Guide Greener","description":"Adresses \u00e9coresponsables du Grand Lyon","publisher":{"@id":"https://map.thegreenergood.fr/#organization"},"potentialAction":[{"@type":"SearchAction","target":"https://map.thegreenergood.fr/?s={search_term_string}","query-input":"required name=search_term_string"}],"inLanguage":"fr-FR"},{"@type":"ImageObject","@id":"https://map.thegreenergood.fr/index.php/acteurs/modetic/#primaryimage","inLanguage":"fr-FR","url":"https://map.thegreenergood.fr/wp-content/uploads/2018/09/Mod\u00e9tic.jpg","width":700,"height":438,"caption":"Mod\u00e9tic"},{"@type":"WebPage","@id":"https://map.thegreenergood.fr/index.php/acteurs/modetic/#webpage","url":"https://map.thegreenergood.fr/index.php/acteurs/modetic/","name":"Mod\u00e9tic - Boutique de mode \u00e9cologique - The Greener Map","isPartOf":{"@id":"https://map.thegreenergood.fr/#website"},"primaryImageOfPage":{"@id":"https://map.thegreenergood.fr/index.php/acteurs/modetic/#primaryimage"},"datePublished":"2018-09-20T09:41:00+00:00","dateModified":"2024-03-14T21:53:17+00:00","description":"Mod\u00e9tic propose des articles de mode \u00e9cologiques et \u00e9quitables, fabriqu\u00e9s en France. A retrouver en boutique sur le plateau de la Croix-rousse \u00e0 Lyon.","inLanguage":"fr-FR","potentialAction":[{"@type":"ReadAction","target":["https://map.thegreenergood.fr/index.php/acteurs/modetic/"]}]}]}</script>
<!-- / Yoast SEO plugin. -->
