{"id":19848,"date":"2018-09-20T12:32:06","date_gmt":"2018-09-20T10:32:06","guid":{"rendered":"http:\/\/map.thegreenergood.fr\/?post_type=job_listing&#038;p=19848"},"modified":"2020-06-08T15:22:00","modified_gmt":"2020-06-08T13:22:00","slug":"le-lab","status":"publish","type":"job_listing","link":"https:\/\/map.thegreenergood.fr\/index.php\/acteurs\/le-lab\/","title":{"rendered":"Le lab"},"content":{"rendered":"<p>Situ\u00e9e sur la presqu\u2019\u00eele, Charlotte vous attend \u00e0 \u00ab\u00a0LE LAB\u00a0\u00bb. \u00a0Elle expose ses bijoux confectionn\u00e9s par ses soins, ainsi que de nombreux articles artisanaux d\u00e9nich\u00e9s aux quatre coins de l\u2019Europe. Ceux-ci provenant d\u2019artisans et n\u2019ayant pas fait un long trajet en avion avant d\u2019arriver chez vous. Ce concept-store propose aussi des ateliers, de la papeterie, des accessoires et des articles de mode pour tous les \u00e2ges.<\/p>\n","protected":false},"featured_media":19851,"comment_status":"closed","ping_status":"closed","template":"","meta":{"_exactmetrics_skip_tracking":false,"_exactmetrics_sitenote_active":false,"_exactmetrics_sitenote_note":"","_exactmetrics_sitenote_category":0,"spay_email":"","_company_tagline":"Boutique d'accessoires et bijoux europ\u00e9ens","_job_location":"5 rue Fran\u00e7ois Dauphin 69002 Lyon","_company_website":"","_company_twitter":"","_filled":0,"_featured":0,"jetpack_publicize_message":"","jetpack_is_tweetstorm":false,"jetpack_publicize_feature_enabled":true},"job_listing_region":[105],"job-categories":[41,39,66],"job-types":[],"job_listing_tag":[101,93],"jetpack_publicize_connections":[],"yoast_head":"<!-- This site is optimized with the Yoast SEO plugin v14.4.1 - https:\/\/yoast.com\/wordpress\/plugins\/seo\/ -->\n<title>LE LAB - Style &amp; Lifestyle shop - The Greener Map<\/title>\n<meta name=\"description\" content=\"Vous trouverez forc\u00e9ment votre bonheyur au LAB : cosm\u00e9tiques, pap\u00e8terie, d\u00e9coration, accesoires... De jolis cadeaux pour tous !\" \/>\n<meta name=\"robots\" content=\"index, follow\" \/>\n<meta name=\"googlebot\" content=\"index, follow, max-snippet:-1, max-image-preview:large, max-video-preview:-1\" \/>\n<meta name=\"bingbot\" content=\"index, follow, max-snippet:-1, max-image-preview:large, max-video-preview:-1\" \/>\n<link rel=\"canonical\" href=\"https:\/\/map.thegreenergood.fr\/index.php\/acteurs\/le-lab\/\" \/>\n<meta property=\"og:locale\" content=\"fr_FR\" \/>\n<meta property=\"og:type\" content=\"article\" \/>\n<meta property=\"og:title\" content=\"LE LAB - Style &amp; Lifestyle shop - The Greener Map\" \/>\n<meta property=\"og:description\" content=\"Vous trouverez forc\u00e9ment votre bonheyur au LAB : cosm\u00e9tiques, pap\u00e8terie, d\u00e9coration, accesoires... De jolis cadeaux pour tous !\" \/>\n<meta property=\"og:url\" content=\"https:\/\/map.thegreenergood.fr\/index.php\/acteurs\/le-lab\/\" \/>\n<meta property=\"og:site_name\" content=\"The Greener Map\" \/>\n<meta property=\"article:publisher\" content=\"https:\/\/www.facebook.com\/thegreenergoodFR\/\" \/>\n<meta property=\"article:modified_time\" content=\"2020-06-08T13:22:00+00:00\" \/>\n<meta property=\"og:image\" content=\"https:\/\/map.thegreenergood.fr\/wp-content\/uploads\/2018\/09\/Le-LAB-1.jpg\" \/>\n\t<meta property=\"og:image:width\" content=\"348\" \/>\n\t<meta property=\"og:image:height\" content=\"348\" \/>\n<meta name=\"twitter:card\" content=\"summary_large_image\" \/>\n<meta name=\"twitter:creator\" content=\"@TheGreenerGoodF\" \/>\n<meta name=\"twitter:site\" content=\"@TheGreenerGoodF\" \/>\n<script type=\"application\/ld+json\" class=\"yoast-schema-graph\">{\"@context\":\"https:\/\/schema.org\",\"@graph\":[{\"@type\":\"Organization\",\"@id\":\"https:\/\/map.thegreenergood.fr\/#organization\",\"name\":\"The Greener Good\",\"url\":\"https:\/\/map.thegreenergood.fr\/\",\"sameAs\":[\"https:\/\/www.facebook.com\/thegreenergoodFR\/\",\"https:\/\/www.instagram.com\/the_greener_good\/\",\"https:\/\/www.youtube.com\/channel\/UCHW2zAiIK5dMOJKqBSv3G4A\",\"https:\/\/twitter.com\/TheGreenerGoodF\"],\"logo\":{\"@type\":\"ImageObject\",\"@id\":\"https:\/\/map.thegreenergood.fr\/#logo\",\"inLanguage\":\"fr-FR\",\"url\":\"\",\"caption\":\"The Greener Good\"},\"image\":{\"@id\":\"https:\/\/map.thegreenergood.fr\/#logo\"}},{\"@type\":\"WebSite\",\"@id\":\"https:\/\/map.thegreenergood.fr\/#website\",\"url\":\"https:\/\/map.thegreenergood.fr\/\",\"name\":\"Guide Greener\",\"description\":\"Adresses \\u00e9coresponsables du Grand Lyon\",\"publisher\":{\"@id\":\"https:\/\/map.thegreenergood.fr\/#organization\"},\"potentialAction\":[{\"@type\":\"SearchAction\",\"target\":\"https:\/\/map.thegreenergood.fr\/?s={search_term_string}\",\"query-input\":\"required name=search_term_string\"}],\"inLanguage\":\"fr-FR\"},{\"@type\":\"ImageObject\",\"@id\":\"https:\/\/map.thegreenergood.fr\/index.php\/acteurs\/le-lab\/#primaryimage\",\"inLanguage\":\"fr-FR\",\"url\":\"https:\/\/map.thegreenergood.fr\/wp-content\/uploads\/2018\/09\/Le-LAB-1.jpg\",\"width\":348,\"height\":348,\"caption\":\"Le Lab\"},{\"@type\":\"WebPage\",\"@id\":\"https:\/\/map.thegreenergood.fr\/index.php\/acteurs\/le-lab\/#webpage\",\"url\":\"https:\/\/map.thegreenergood.fr\/index.php\/acteurs\/le-lab\/\",\"name\":\"LE LAB - Style & Lifestyle shop - The Greener Map\",\"isPartOf\":{\"@id\":\"https:\/\/map.thegreenergood.fr\/#website\"},\"primaryImageOfPage\":{\"@id\":\"https:\/\/map.thegreenergood.fr\/index.php\/acteurs\/le-lab\/#primaryimage\"},\"datePublished\":\"2018-09-20T10:32:06+00:00\",\"dateModified\":\"2020-06-08T13:22:00+00:00\",\"description\":\"Vous trouverez forc\\u00e9ment votre bonheyur au LAB : cosm\\u00e9tiques, pap\\u00e8terie, d\\u00e9coration, accesoires... De jolis cadeaux pour tous !\",\"inLanguage\":\"fr-FR\",\"potentialAction\":[{\"@type\":\"ReadAction\",\"target\":[\"https:\/\/map.thegreenergood.fr\/index.php\/acteurs\/le-lab\/\"]}]}]}<\/script>\n<!-- \/ Yoast SEO plugin. -->","jetpack_sharing_enabled":true,"_links":{"self":[{"href":"https:\/\/map.thegreenergood.fr\/index.php\/wp-json\/wp\/v2\/job-listings\/19848"}],"collection":[{"href":"https:\/\/map.thegreenergood.fr\/index.php\/wp-json\/wp\/v2\/job-listings"}],"about":[{"href":"https:\/\/map.thegreenergood.fr\/index.php\/wp-json\/wp\/v2\/types\/job_listing"}],"replies":[{"embeddable":true,"href":"https:\/\/map.thegreenergood.fr\/index.php\/wp-json\/wp\/v2\/comments?post=19848"}],"wp:featuredmedia":[{"embeddable":true,"href":"https:\/\/map.thegreenergood.fr\/index.php\/wp-json\/wp\/v2\/media\/19851"}],"wp:attachment":[{"href":"https:\/\/map.thegreenergood.fr\/index.php\/wp-json\/wp\/v2\/media?parent=19848"}],"wp:term":[{"taxonomy":"job_listing_region","embeddable":true,"href":"https:\/\/map.thegreenergood.fr\/index.php\/wp-json\/wp\/v2\/job_listing_region?post=19848"},{"taxonomy":"job_listing_category","embeddable":true,"href":"https:\/\/map.thegreenergood.fr\/index.php\/wp-json\/wp\/v2\/job-categories?post=19848"},{"taxonomy":"job_listing_type","embeddable":true,"href":"https:\/\/map.thegreenergood.fr\/index.php\/wp-json\/wp\/v2\/job-types?post=19848"},{"taxonomy":"job_listing_tag","embeddable":true,"href":"https:\/\/map.thegreenergood.fr\/index.php\/wp-json\/wp\/v2\/job_listing_tag?post=19848"}],"curies":[{"name":"wp","href":"https:\/\/api.w.org\/{rel}","templated":true}]}}

<p>Située sur la presqu’île, Charlotte vous attend à « LE LAB ».  Elle expose ses bijoux confectionnés par ses soins, ainsi que de nombreux articles artisanaux dénichés aux quatre coins de l’Europe. Ceux-ci provenant d’artisans et n’ayant pas fait un long trajet en avion avant d’arriver chez vous. Ce concept-store propose aussi des ateliers, de la papeterie, des accessoires et des articles de mode pour tous les âges.</p>

Boutique d'accessoires et bijoux européens

5 rue François Dauphin 69002 Lyon

<!-- This site is optimized with the Yoast SEO plugin v14.4.1 - https://yoast.com/wordpress/plugins/seo/ -->
<title>LE LAB - Style &amp; Lifestyle shop - The Greener Map</title>
<meta name="description" content="Vous trouverez forcément votre bonheyur au LAB : cosmétiques, papèterie, décoration, accesoires... De jolis cadeaux pour tous !" />
<meta name="robots" content="index, follow" />
<meta name="googlebot" content="index, follow, max-snippet:-1, max-image-preview:large, max-video-preview:-1" />
<meta name="bingbot" content="index, follow, max-snippet:-1, max-image-preview:large, max-video-preview:-1" />
<link rel="canonical" href="https://map.thegreenergood.fr/index.php/acteurs/le-lab/" />
<meta property="og:locale" content="fr_FR" />
<meta property="og:type" content="article" />
<meta property="og:title" content="LE LAB - Style &amp; Lifestyle shop - The Greener Map" />
<meta property="og:description" content="Vous trouverez forcément votre bonheyur au LAB : cosmétiques, papèterie, décoration, accesoires... De jolis cadeaux pour tous !" />
<meta property="og:url" content="https://map.thegreenergood.fr/index.php/acteurs/le-lab/" />
<meta property="og:site_name" content="The Greener Map" />
<meta property="article:publisher" content="https://www.facebook.com/thegreenergoodFR/" />
<meta property="article:modified_time" content="2020-06-08T13:22:00+00:00" />
<meta property="og:image" content="https://map.thegreenergood.fr/wp-content/uploads/2018/09/Le-LAB-1.jpg" />
	<meta property="og:image:width" content="348" />
	<meta property="og:image:height" content="348" />
<meta name="twitter:card" content="summary_large_image" />
<meta name="twitter:creator" content="@TheGreenerGoodF" />
<meta name="twitter:site" content="@TheGreenerGoodF" />
<script type="application/ld+json" class="yoast-schema-graph">{"@context":"https://schema.org","@graph":[{"@type":"Organization","@id":"https://map.thegreenergood.fr/#organization","name":"The Greener Good","url":"https://map.thegreenergood.fr/","sameAs":["https://www.facebook.com/thegreenergoodFR/","https://www.instagram.com/the_greener_good/","https://www.youtube.com/channel/UCHW2zAiIK5dMOJKqBSv3G4A","https://twitter.com/TheGreenerGoodF"],"logo":{"@type":"ImageObject","@id":"https://map.thegreenergood.fr/#logo","inLanguage":"fr-FR","url":"","caption":"The Greener Good"},"image":{"@id":"https://map.thegreenergood.fr/#logo"}},{"@type":"WebSite","@id":"https://map.thegreenergood.fr/#website","url":"https://map.thegreenergood.fr/","name":"Guide Greener","description":"Adresses \u00e9coresponsables du Grand Lyon","publisher":{"@id":"https://map.thegreenergood.fr/#organization"},"potentialAction":[{"@type":"SearchAction","target":"https://map.thegreenergood.fr/?s={search_term_string}","query-input":"required name=search_term_string"}],"inLanguage":"fr-FR"},{"@type":"ImageObject","@id":"https://map.thegreenergood.fr/index.php/acteurs/le-lab/#primaryimage","inLanguage":"fr-FR","url":"https://map.thegreenergood.fr/wp-content/uploads/2018/09/Le-LAB-1.jpg","width":348,"height":348,"caption":"Le Lab"},{"@type":"WebPage","@id":"https://map.thegreenergood.fr/index.php/acteurs/le-lab/#webpage","url":"https://map.thegreenergood.fr/index.php/acteurs/le-lab/","name":"LE LAB - Style & Lifestyle shop - The Greener Map","isPartOf":{"@id":"https://map.thegreenergood.fr/#website"},"primaryImageOfPage":{"@id":"https://map.thegreenergood.fr/index.php/acteurs/le-lab/#primaryimage"},"datePublished":"2018-09-20T10:32:06+00:00","dateModified":"2020-06-08T13:22:00+00:00","description":"Vous trouverez forc\u00e9ment votre bonheyur au LAB : cosm\u00e9tiques, pap\u00e8terie, d\u00e9coration, accesoires... De jolis cadeaux pour tous !","inLanguage":"fr-FR","potentialAction":[{"@type":"ReadAction","target":["https://map.thegreenergood.fr/index.php/acteurs/le-lab/"]}]}]}</script>
<!-- / Yoast SEO plugin. -->
