{"id":19874,"date":"2018-09-20T13:58:11","date_gmt":"2018-09-20T11:58:11","guid":{"rendered":"http:\/\/map.thegreenergood.fr\/?post_type=job_listing&#038;p=19874"},"modified":"2023-11-02T14:56:00","modified_gmt":"2023-11-02T13:56:00","slug":"epik-epok","status":"publish","type":"job_listing","link":"https:\/\/map.thegreenergood.fr\/index.php\/acteurs\/epik-epok\/","title":{"rendered":"Epik Epok"},"content":{"rendered":"<p>Epik Epok n\u2019est pas une friperie comme vous l\u2019imaginez, c\u2019est une vrai boutique. Que ce soit les v\u00eatements, la d\u00e9co, les accessoires tout est comme neuf, de qualit\u00e9 et de marque. Vous aurez donc un look vintage sans avoir l\u2019air vieillot. Look que vous pourrez compl\u00e9ter avec bijoux, lunettes de soleil, mais aussi gants pour l\u2019hiver. Alors oui, c\u2019est du seconde main, mais ce sera dur de trouver de meilleure qualit\u00e9 pour le prix, puisque les articles chin\u00e9s avec soin peuvent se r\u00e9v\u00e9ler tr\u00e8s rare.<\/p>\n","protected":false},"featured_media":19876,"comment_status":"closed","ping_status":"closed","template":"","meta":{"_exactmetrics_skip_tracking":false,"_exactmetrics_sitenote_active":false,"_exactmetrics_sitenote_note":"","_exactmetrics_sitenote_category":0,"spay_email":"","_company_tagline":"Boutique vintage de v\u00eatements et accessoires","_job_location":"66 Rue de Bonnel, 69003 Lyon","_company_website":"http:\/\/www.facebook.com\/epik.epok.vintage","_company_twitter":"","_filled":0,"_featured":0,"jetpack_publicize_message":"","jetpack_is_tweetstorm":false,"jetpack_publicize_feature_enabled":true},"job_listing_region":[115,127,96,106],"job-categories":[170,30,63],"job-types":[],"job_listing_tag":[119],"jetpack_publicize_connections":[],"yoast_head":"<!-- This site is optimized with the Yoast SEO plugin v14.4.1 - https:\/\/yoast.com\/wordpress\/plugins\/seo\/ -->\n<title>Epik Epok - Boutique vintage - The Greener Map<\/title>\n<meta name=\"description\" content=\"Epik Epok est une boutique vintage de sacs \u00e0 main, v\u00eatements, bijoux \u00e0 Lyon et en ligne. Articles s\u00e9lectionn\u00e9s avec soin.\" \/>\n<meta name=\"robots\" content=\"index, follow\" \/>\n<meta name=\"googlebot\" content=\"index, follow, max-snippet:-1, max-image-preview:large, max-video-preview:-1\" \/>\n<meta name=\"bingbot\" content=\"index, follow, max-snippet:-1, max-image-preview:large, max-video-preview:-1\" \/>\n<link rel=\"canonical\" href=\"https:\/\/map.thegreenergood.fr\/index.php\/acteurs\/epik-epok\/\" \/>\n<meta property=\"og:locale\" content=\"fr_FR\" \/>\n<meta property=\"og:type\" content=\"article\" \/>\n<meta property=\"og:title\" content=\"Epik Epok - Boutique vintage - The Greener Map\" \/>\n<meta property=\"og:description\" content=\"Epik Epok est une boutique vintage de sacs \u00e0 main, v\u00eatements, bijoux \u00e0 Lyon et en ligne. Articles s\u00e9lectionn\u00e9s avec soin.\" \/>\n<meta property=\"og:url\" content=\"https:\/\/map.thegreenergood.fr\/index.php\/acteurs\/epik-epok\/\" \/>\n<meta property=\"og:site_name\" content=\"The Greener Map\" \/>\n<meta property=\"article:publisher\" content=\"https:\/\/www.facebook.com\/thegreenergoodFR\/\" \/>\n<meta property=\"article:modified_time\" content=\"2023-11-02T13:56:00+00:00\" \/>\n<meta property=\"og:image\" content=\"https:\/\/map.thegreenergood.fr\/wp-content\/uploads\/2018\/09\/Epik-Epok..jpg\" \/>\n\t<meta property=\"og:image:width\" content=\"640\" \/>\n\t<meta property=\"og:image:height\" content=\"340\" \/>\n<meta name=\"twitter:card\" content=\"summary_large_image\" \/>\n<meta name=\"twitter:creator\" content=\"@TheGreenerGoodF\" \/>\n<meta name=\"twitter:site\" content=\"@TheGreenerGoodF\" \/>\n<script type=\"application\/ld+json\" class=\"yoast-schema-graph\">{\"@context\":\"https:\/\/schema.org\",\"@graph\":[{\"@type\":\"Organization\",\"@id\":\"https:\/\/map.thegreenergood.fr\/#organization\",\"name\":\"The Greener Good\",\"url\":\"https:\/\/map.thegreenergood.fr\/\",\"sameAs\":[\"https:\/\/www.facebook.com\/thegreenergoodFR\/\",\"https:\/\/www.instagram.com\/the_greener_good\/\",\"https:\/\/www.youtube.com\/channel\/UCHW2zAiIK5dMOJKqBSv3G4A\",\"https:\/\/twitter.com\/TheGreenerGoodF\"],\"logo\":{\"@type\":\"ImageObject\",\"@id\":\"https:\/\/map.thegreenergood.fr\/#logo\",\"inLanguage\":\"fr-FR\",\"url\":\"\",\"caption\":\"The Greener Good\"},\"image\":{\"@id\":\"https:\/\/map.thegreenergood.fr\/#logo\"}},{\"@type\":\"WebSite\",\"@id\":\"https:\/\/map.thegreenergood.fr\/#website\",\"url\":\"https:\/\/map.thegreenergood.fr\/\",\"name\":\"Guide Greener\",\"description\":\"Adresses \\u00e9coresponsables du Grand Lyon\",\"publisher\":{\"@id\":\"https:\/\/map.thegreenergood.fr\/#organization\"},\"potentialAction\":[{\"@type\":\"SearchAction\",\"target\":\"https:\/\/map.thegreenergood.fr\/?s={search_term_string}\",\"query-input\":\"required name=search_term_string\"}],\"inLanguage\":\"fr-FR\"},{\"@type\":\"ImageObject\",\"@id\":\"https:\/\/map.thegreenergood.fr\/index.php\/acteurs\/epik-epok\/#primaryimage\",\"inLanguage\":\"fr-FR\",\"url\":\"https:\/\/map.thegreenergood.fr\/wp-content\/uploads\/2018\/09\/Epik-Epok..jpg\",\"width\":640,\"height\":340,\"caption\":\"Epik epok\"},{\"@type\":\"WebPage\",\"@id\":\"https:\/\/map.thegreenergood.fr\/index.php\/acteurs\/epik-epok\/#webpage\",\"url\":\"https:\/\/map.thegreenergood.fr\/index.php\/acteurs\/epik-epok\/\",\"name\":\"Epik Epok - Boutique vintage - The Greener Map\",\"isPartOf\":{\"@id\":\"https:\/\/map.thegreenergood.fr\/#website\"},\"primaryImageOfPage\":{\"@id\":\"https:\/\/map.thegreenergood.fr\/index.php\/acteurs\/epik-epok\/#primaryimage\"},\"datePublished\":\"2018-09-20T11:58:11+00:00\",\"dateModified\":\"2023-11-02T13:56:00+00:00\",\"description\":\"Epik Epok est une boutique vintage de sacs \\u00e0 main, v\\u00eatements, bijoux \\u00e0 Lyon et en ligne. Articles s\\u00e9lectionn\\u00e9s avec soin.\",\"inLanguage\":\"fr-FR\",\"potentialAction\":[{\"@type\":\"ReadAction\",\"target\":[\"https:\/\/map.thegreenergood.fr\/index.php\/acteurs\/epik-epok\/\"]}]}]}<\/script>\n<!-- \/ Yoast SEO plugin. -->","jetpack_sharing_enabled":true,"_links":{"self":[{"href":"https:\/\/map.thegreenergood.fr\/index.php\/wp-json\/wp\/v2\/job-listings\/19874"}],"collection":[{"href":"https:\/\/map.thegreenergood.fr\/index.php\/wp-json\/wp\/v2\/job-listings"}],"about":[{"href":"https:\/\/map.thegreenergood.fr\/index.php\/wp-json\/wp\/v2\/types\/job_listing"}],"replies":[{"embeddable":true,"href":"https:\/\/map.thegreenergood.fr\/index.php\/wp-json\/wp\/v2\/comments?post=19874"}],"wp:featuredmedia":[{"embeddable":true,"href":"https:\/\/map.thegreenergood.fr\/index.php\/wp-json\/wp\/v2\/media\/19876"}],"wp:attachment":[{"href":"https:\/\/map.thegreenergood.fr\/index.php\/wp-json\/wp\/v2\/media?parent=19874"}],"wp:term":[{"taxonomy":"job_listing_region","embeddable":true,"href":"https:\/\/map.thegreenergood.fr\/index.php\/wp-json\/wp\/v2\/job_listing_region?post=19874"},{"taxonomy":"job_listing_category","embeddable":true,"href":"https:\/\/map.thegreenergood.fr\/index.php\/wp-json\/wp\/v2\/job-categories?post=19874"},{"taxonomy":"job_listing_type","embeddable":true,"href":"https:\/\/map.thegreenergood.fr\/index.php\/wp-json\/wp\/v2\/job-types?post=19874"},{"taxonomy":"job_listing_tag","embeddable":true,"href":"https:\/\/map.thegreenergood.fr\/index.php\/wp-json\/wp\/v2\/job_listing_tag?post=19874"}],"curies":[{"name":"wp","href":"https:\/\/api.w.org\/{rel}","templated":true}]}}

<p>Epik Epok n’est pas une friperie comme vous l’imaginez, c’est une vrai boutique. Que ce soit les vêtements, la déco, les accessoires tout est comme neuf, de qualité et de marque. Vous aurez donc un look vintage sans avoir l’air vieillot. Look que vous pourrez compléter avec bijoux, lunettes de soleil, mais aussi gants pour l’hiver. Alors oui, c’est du seconde main, mais ce sera dur de trouver de meilleure qualité pour le prix, puisque les articles chinés avec soin peuvent se révéler très rare.</p>

Boutique vintage de vêtements et accessoires

<!-- This site is optimized with the Yoast SEO plugin v14.4.1 - https://yoast.com/wordpress/plugins/seo/ -->
<title>Epik Epok - Boutique vintage - The Greener Map</title>
<meta name="description" content="Epik Epok est une boutique vintage de sacs à main, vêtements, bijoux à Lyon et en ligne. Articles sélectionnés avec soin." />
<meta name="robots" content="index, follow" />
<meta name="googlebot" content="index, follow, max-snippet:-1, max-image-preview:large, max-video-preview:-1" />
<meta name="bingbot" content="index, follow, max-snippet:-1, max-image-preview:large, max-video-preview:-1" />
<link rel="canonical" href="https://map.thegreenergood.fr/index.php/acteurs/epik-epok/" />
<meta property="og:locale" content="fr_FR" />
<meta property="og:type" content="article" />
<meta property="og:title" content="Epik Epok - Boutique vintage - The Greener Map" />
<meta property="og:description" content="Epik Epok est une boutique vintage de sacs à main, vêtements, bijoux à Lyon et en ligne. Articles sélectionnés avec soin." />
<meta property="og:url" content="https://map.thegreenergood.fr/index.php/acteurs/epik-epok/" />
<meta property="og:site_name" content="The Greener Map" />
<meta property="article:publisher" content="https://www.facebook.com/thegreenergoodFR/" />
<meta property="article:modified_time" content="2023-11-02T13:56:00+00:00" />
<meta property="og:image" content="https://map.thegreenergood.fr/wp-content/uploads/2018/09/Epik-Epok..jpg" />
	<meta property="og:image:width" content="640" />
	<meta property="og:image:height" content="340" />
<meta name="twitter:card" content="summary_large_image" />
<meta name="twitter:creator" content="@TheGreenerGoodF" />
<meta name="twitter:site" content="@TheGreenerGoodF" />
<script type="application/ld+json" class="yoast-schema-graph">{"@context":"https://schema.org","@graph":[{"@type":"Organization","@id":"https://map.thegreenergood.fr/#organization","name":"The Greener Good","url":"https://map.thegreenergood.fr/","sameAs":["https://www.facebook.com/thegreenergoodFR/","https://www.instagram.com/the_greener_good/","https://www.youtube.com/channel/UCHW2zAiIK5dMOJKqBSv3G4A","https://twitter.com/TheGreenerGoodF"],"logo":{"@type":"ImageObject","@id":"https://map.thegreenergood.fr/#logo","inLanguage":"fr-FR","url":"","caption":"The Greener Good"},"image":{"@id":"https://map.thegreenergood.fr/#logo"}},{"@type":"WebSite","@id":"https://map.thegreenergood.fr/#website","url":"https://map.thegreenergood.fr/","name":"Guide Greener","description":"Adresses \u00e9coresponsables du Grand Lyon","publisher":{"@id":"https://map.thegreenergood.fr/#organization"},"potentialAction":[{"@type":"SearchAction","target":"https://map.thegreenergood.fr/?s={search_term_string}","query-input":"required name=search_term_string"}],"inLanguage":"fr-FR"},{"@type":"ImageObject","@id":"https://map.thegreenergood.fr/index.php/acteurs/epik-epok/#primaryimage","inLanguage":"fr-FR","url":"https://map.thegreenergood.fr/wp-content/uploads/2018/09/Epik-Epok..jpg","width":640,"height":340,"caption":"Epik epok"},{"@type":"WebPage","@id":"https://map.thegreenergood.fr/index.php/acteurs/epik-epok/#webpage","url":"https://map.thegreenergood.fr/index.php/acteurs/epik-epok/","name":"Epik Epok - Boutique vintage - The Greener Map","isPartOf":{"@id":"https://map.thegreenergood.fr/#website"},"primaryImageOfPage":{"@id":"https://map.thegreenergood.fr/index.php/acteurs/epik-epok/#primaryimage"},"datePublished":"2018-09-20T11:58:11+00:00","dateModified":"2023-11-02T13:56:00+00:00","description":"Epik Epok est une boutique vintage de sacs \u00e0 main, v\u00eatements, bijoux \u00e0 Lyon et en ligne. Articles s\u00e9lectionn\u00e9s avec soin.","inLanguage":"fr-FR","potentialAction":[{"@type":"ReadAction","target":["https://map.thegreenergood.fr/index.php/acteurs/epik-epok/"]}]}]}</script>
<!-- / Yoast SEO plugin. -->
