{"id":21766,"date":"2020-03-27T14:55:44","date_gmt":"2020-03-27T13:55:44","guid":{"rendered":"https:\/\/map.thegreenergood.fr\/index.php\/acteurs\/26-rue-lanterne-basa\/"},"modified":"2024-03-15T18:44:00","modified_gmt":"2024-03-15T17:44:00","slug":"basa","status":"publish","type":"job_listing","link":"https:\/\/map.thegreenergood.fr\/index.php\/acteurs\/basa\/","title":{"rendered":"BASA"},"content":{"rendered":"<p>Agence d\u2019architecture fran\u00e7aise bas\u00e9e \u00e0 Lyon, nous pratiquons les activit\u00e9s de conception et de suivi d\u2019ex\u00e9cution de projets de construction et de r\u00e9novation. Ainsi que celle de support technique de projets associatifs ou humanitaires d\u2019aide au d\u00e9veloppement en France et \u00e0 l\u2019\u00e9tranger.<br \/>\nLes principes de frugalit\u00e9, sobri\u00e9t\u00e9 et fonctionnalisme guident notre travail. Nous privil\u00e9gions la mise en \u0153uvre de mat\u00e9riaux naturels et biosourc\u00e9s, de syst\u00e8mes low-tech; ainsi qu\u2019une r\u00e9flexion sur les cycles de vie (recyclage, r\u00e9emploi de tout mat\u00e9riau). Nous menons pour chaque projet une d\u00e9marche globale de minimisation de l\u2019impact de sa construction et de son exploitation sur le long terme.<br \/>\nLa SAS BASA s\u2019inscrit dans une d\u00e9marche d\u2019\u00e9conomie sociale et solidaire. 25 % de nos b\u00e9n\u00e9fices sont conserv\u00e9s dans la soci\u00e9t\u00e9 (et non redistribu\u00e9s aux associ\u00e9s). Avec pour objectif de nous permettre de consacrer du temps \u00e0 d\u2019autres activit\u00e9s : de la recherche exp\u00e9rimentale (mat\u00e9riaux, techniques constructives) ; des projets b\u00e9n\u00e9voles de d\u00e9mocratisation de l\u2019architecture aupr\u00e8s du grand public ; la possibilit\u00e9 de proposer un service plus abordable \u00e0 de petites associations (recherchant un soutien technique pour leurs projets de construction et de r\u00e9novation d&rsquo;int\u00e9r\u00eat g\u00e9n\u00e9ral).<\/p>\n","protected":false},"featured_media":0,"comment_status":"open","ping_status":"closed","template":"","meta":{"_exactmetrics_skip_tracking":false,"_exactmetrics_sitenote_active":false,"_exactmetrics_sitenote_note":"","_exactmetrics_sitenote_category":0,"spay_email":"","_company_tagline":"Agence d'architecture coop\u00e9rative","_job_location":"26 rue lanterne 69001 Lyon","_company_website":"https:\/\/www.basa-architecture.fr\/","_company_twitter":"","_filled":0,"_featured":0,"jetpack_publicize_message":"","jetpack_is_tweetstorm":false,"jetpack_publicize_feature_enabled":true},"job_listing_region":[127,96,97],"job-categories":[42,48,39,167,61],"job-types":[],"job_listing_tag":[],"jetpack_publicize_connections":[],"yoast_head":"<!-- This site is optimized with the Yoast SEO plugin v14.4.1 - https:\/\/yoast.com\/wordpress\/plugins\/seo\/ -->\n<title>BASA - Agence d&#039;architecture coop\u00e9rative - The Greener Map<\/title>\n<meta name=\"description\" content=\"BASA est une agence d\u2019architecture pratiquant les activit\u00e9s de conception et de suivi d\u2019ex\u00e9cution de projets de construction et de r\u00e9novation, entres autres\" \/>\n<meta name=\"robots\" content=\"index, follow\" \/>\n<meta name=\"googlebot\" content=\"index, follow, max-snippet:-1, max-image-preview:large, max-video-preview:-1\" \/>\n<meta name=\"bingbot\" content=\"index, follow, max-snippet:-1, max-image-preview:large, max-video-preview:-1\" \/>\n<link rel=\"canonical\" href=\"https:\/\/map.thegreenergood.fr\/index.php\/acteurs\/basa\/\" \/>\n<meta property=\"og:locale\" content=\"fr_FR\" \/>\n<meta property=\"og:type\" content=\"article\" \/>\n<meta property=\"og:title\" content=\"BASA - Agence d&#039;architecture coop\u00e9rative - The Greener Map\" \/>\n<meta property=\"og:description\" content=\"BASA est une agence d\u2019architecture pratiquant les activit\u00e9s de conception et de suivi d\u2019ex\u00e9cution de projets de construction et de r\u00e9novation, entres autres\" \/>\n<meta property=\"og:url\" content=\"https:\/\/map.thegreenergood.fr\/index.php\/acteurs\/basa\/\" \/>\n<meta property=\"og:site_name\" content=\"The Greener Map\" \/>\n<meta property=\"article:publisher\" content=\"https:\/\/www.facebook.com\/thegreenergoodFR\/\" \/>\n<meta property=\"article:modified_time\" content=\"2024-03-15T17:44:00+00:00\" \/>\n<meta property=\"og:image\" content=\"https:\/\/map.thegreenergood.fr\/wp-content\/uploads\/2020\/03\/81693057_123952515766436_1689004135489208320_o.jpg\" \/>\n\t<meta property=\"og:image:width\" content=\"1440\" \/>\n\t<meta property=\"og:image:height\" content=\"1440\" \/>\n<meta name=\"twitter:card\" content=\"summary_large_image\" \/>\n<meta name=\"twitter:image\" content=\"https:\/\/map.thegreenergood.fr\/wp-content\/uploads\/2020\/03\/81693057_123952515766436_1689004135489208320_o.jpg\" \/>\n<meta name=\"twitter:creator\" content=\"@TheGreenerGoodF\" \/>\n<meta name=\"twitter:site\" content=\"@TheGreenerGoodF\" \/>\n<script type=\"application\/ld+json\" class=\"yoast-schema-graph\">{\"@context\":\"https:\/\/schema.org\",\"@graph\":[{\"@type\":\"Organization\",\"@id\":\"https:\/\/map.thegreenergood.fr\/#organization\",\"name\":\"The Greener Good\",\"url\":\"https:\/\/map.thegreenergood.fr\/\",\"sameAs\":[\"https:\/\/www.facebook.com\/thegreenergoodFR\/\",\"https:\/\/www.instagram.com\/the_greener_good\/\",\"https:\/\/www.youtube.com\/channel\/UCHW2zAiIK5dMOJKqBSv3G4A\",\"https:\/\/twitter.com\/TheGreenerGoodF\"],\"logo\":{\"@type\":\"ImageObject\",\"@id\":\"https:\/\/map.thegreenergood.fr\/#logo\",\"inLanguage\":\"fr-FR\",\"url\":\"\",\"caption\":\"The Greener Good\"},\"image\":{\"@id\":\"https:\/\/map.thegreenergood.fr\/#logo\"}},{\"@type\":\"WebSite\",\"@id\":\"https:\/\/map.thegreenergood.fr\/#website\",\"url\":\"https:\/\/map.thegreenergood.fr\/\",\"name\":\"Guide Greener\",\"description\":\"Adresses \\u00e9coresponsables du Grand Lyon\",\"publisher\":{\"@id\":\"https:\/\/map.thegreenergood.fr\/#organization\"},\"potentialAction\":[{\"@type\":\"SearchAction\",\"target\":\"https:\/\/map.thegreenergood.fr\/?s={search_term_string}\",\"query-input\":\"required name=search_term_string\"}],\"inLanguage\":\"fr-FR\"},{\"@type\":\"WebPage\",\"@id\":\"https:\/\/map.thegreenergood.fr\/index.php\/acteurs\/basa\/#webpage\",\"url\":\"https:\/\/map.thegreenergood.fr\/index.php\/acteurs\/basa\/\",\"name\":\"BASA - Agence d'architecture coop\\u00e9rative - The Greener Map\",\"isPartOf\":{\"@id\":\"https:\/\/map.thegreenergood.fr\/#website\"},\"datePublished\":\"2020-03-27T13:55:44+00:00\",\"dateModified\":\"2024-03-15T17:44:00+00:00\",\"description\":\"BASA est une agence d\\u2019architecture pratiquant les activit\\u00e9s de conception et de suivi d\\u2019ex\\u00e9cution de projets de construction et de r\\u00e9novation, entres autres\",\"inLanguage\":\"fr-FR\",\"potentialAction\":[{\"@type\":\"ReadAction\",\"target\":[\"https:\/\/map.thegreenergood.fr\/index.php\/acteurs\/basa\/\"]}]}]}<\/script>\n<!-- \/ Yoast SEO plugin. -->","jetpack_sharing_enabled":true,"_links":{"self":[{"href":"https:\/\/map.thegreenergood.fr\/index.php\/wp-json\/wp\/v2\/job-listings\/21766"}],"collection":[{"href":"https:\/\/map.thegreenergood.fr\/index.php\/wp-json\/wp\/v2\/job-listings"}],"about":[{"href":"https:\/\/map.thegreenergood.fr\/index.php\/wp-json\/wp\/v2\/types\/job_listing"}],"replies":[{"embeddable":true,"href":"https:\/\/map.thegreenergood.fr\/index.php\/wp-json\/wp\/v2\/comments?post=21766"}],"wp:attachment":[{"href":"https:\/\/map.thegreenergood.fr\/index.php\/wp-json\/wp\/v2\/media?parent=21766"}],"wp:term":[{"taxonomy":"job_listing_region","embeddable":true,"href":"https:\/\/map.thegreenergood.fr\/index.php\/wp-json\/wp\/v2\/job_listing_region?post=21766"},{"taxonomy":"job_listing_category","embeddable":true,"href":"https:\/\/map.thegreenergood.fr\/index.php\/wp-json\/wp\/v2\/job-categories?post=21766"},{"taxonomy":"job_listing_type","embeddable":true,"href":"https:\/\/map.thegreenergood.fr\/index.php\/wp-json\/wp\/v2\/job-types?post=21766"},{"taxonomy":"job_listing_tag","embeddable":true,"href":"https:\/\/map.thegreenergood.fr\/index.php\/wp-json\/wp\/v2\/job_listing_tag?post=21766"}],"curies":[{"name":"wp","href":"https:\/\/api.w.org\/{rel}","templated":true}]}}

<p>Agence d’architecture française basée à Lyon, nous pratiquons les activités de conception et de suivi d’exécution de projets de construction et de rénovation. Ainsi que celle de support technique de projets associatifs ou humanitaires d’aide au développement en France et à l’étranger.<br />
Les principes de frugalité, sobriété et fonctionnalisme guident notre travail. Nous privilégions la mise en œuvre de matériaux naturels et biosourcés, de systèmes low-tech; ainsi qu’une réflexion sur les cycles de vie (recyclage, réemploi de tout matériau). Nous menons pour chaque projet une démarche globale de minimisation de l’impact de sa construction et de son exploitation sur le long terme.<br />
La SAS BASA s’inscrit dans une démarche d’économie sociale et solidaire. 25 % de nos bénéfices sont conservés dans la société (et non redistribués aux associés). Avec pour objectif de nous permettre de consacrer du temps à d’autres activités : de la recherche expérimentale (matériaux, techniques constructives) ; des projets bénévoles de démocratisation de l’architecture auprès du grand public ; la possibilité de proposer un service plus abordable à de petites associations (recherchant un soutien technique pour leurs projets de construction et de rénovation d&rsquo;intérêt général).</p>

Agence d'architecture coopérative

<!-- This site is optimized with the Yoast SEO plugin v14.4.1 - https://yoast.com/wordpress/plugins/seo/ -->
<title>BASA - Agence d&#039;architecture coopérative - The Greener Map</title>
<meta name="description" content="BASA est une agence d’architecture pratiquant les activités de conception et de suivi d’exécution de projets de construction et de rénovation, entres autres" />
<meta name="robots" content="index, follow" />
<meta name="googlebot" content="index, follow, max-snippet:-1, max-image-preview:large, max-video-preview:-1" />
<meta name="bingbot" content="index, follow, max-snippet:-1, max-image-preview:large, max-video-preview:-1" />
<link rel="canonical" href="https://map.thegreenergood.fr/index.php/acteurs/basa/" />
<meta property="og:locale" content="fr_FR" />
<meta property="og:type" content="article" />
<meta property="og:title" content="BASA - Agence d&#039;architecture coopérative - The Greener Map" />
<meta property="og:description" content="BASA est une agence d’architecture pratiquant les activités de conception et de suivi d’exécution de projets de construction et de rénovation, entres autres" />
<meta property="og:url" content="https://map.thegreenergood.fr/index.php/acteurs/basa/" />
<meta property="og:site_name" content="The Greener Map" />
<meta property="article:publisher" content="https://www.facebook.com/thegreenergoodFR/" />
<meta property="article:modified_time" content="2024-03-15T17:44:00+00:00" />
<meta property="og:image" content="https://map.thegreenergood.fr/wp-content/uploads/2020/03/81693057_123952515766436_1689004135489208320_o.jpg" />
	<meta property="og:image:width" content="1440" />
	<meta property="og:image:height" content="1440" />
<meta name="twitter:card" content="summary_large_image" />
<meta name="twitter:image" content="https://map.thegreenergood.fr/wp-content/uploads/2020/03/81693057_123952515766436_1689004135489208320_o.jpg" />
<meta name="twitter:creator" content="@TheGreenerGoodF" />
<meta name="twitter:site" content="@TheGreenerGoodF" />
<script type="application/ld+json" class="yoast-schema-graph">{"@context":"https://schema.org","@graph":[{"@type":"Organization","@id":"https://map.thegreenergood.fr/#organization","name":"The Greener Good","url":"https://map.thegreenergood.fr/","sameAs":["https://www.facebook.com/thegreenergoodFR/","https://www.instagram.com/the_greener_good/","https://www.youtube.com/channel/UCHW2zAiIK5dMOJKqBSv3G4A","https://twitter.com/TheGreenerGoodF"],"logo":{"@type":"ImageObject","@id":"https://map.thegreenergood.fr/#logo","inLanguage":"fr-FR","url":"","caption":"The Greener Good"},"image":{"@id":"https://map.thegreenergood.fr/#logo"}},{"@type":"WebSite","@id":"https://map.thegreenergood.fr/#website","url":"https://map.thegreenergood.fr/","name":"Guide Greener","description":"Adresses \u00e9coresponsables du Grand Lyon","publisher":{"@id":"https://map.thegreenergood.fr/#organization"},"potentialAction":[{"@type":"SearchAction","target":"https://map.thegreenergood.fr/?s={search_term_string}","query-input":"required name=search_term_string"}],"inLanguage":"fr-FR"},{"@type":"WebPage","@id":"https://map.thegreenergood.fr/index.php/acteurs/basa/#webpage","url":"https://map.thegreenergood.fr/index.php/acteurs/basa/","name":"BASA - Agence d'architecture coop\u00e9rative - The Greener Map","isPartOf":{"@id":"https://map.thegreenergood.fr/#website"},"datePublished":"2020-03-27T13:55:44+00:00","dateModified":"2024-03-15T17:44:00+00:00","description":"BASA est une agence d\u2019architecture pratiquant les activit\u00e9s de conception et de suivi d\u2019ex\u00e9cution de projets de construction et de r\u00e9novation, entres autres","inLanguage":"fr-FR","potentialAction":[{"@type":"ReadAction","target":["https://map.thegreenergood.fr/index.php/acteurs/basa/"]}]}]}</script>
<!-- / Yoast SEO plugin. -->
