{"id":21805,"date":"2020-04-23T15:13:49","date_gmt":"2020-04-23T13:13:49","guid":{"rendered":"https:\/\/map.thegreenergood.fr\/index.php\/acteurs\/potager-city\/"},"modified":"2024-02-07T17:44:40","modified_gmt":"2024-02-07T16:44:40","slug":"potager-city","status":"publish","type":"job_listing","link":"https:\/\/map.thegreenergood.fr\/index.php\/acteurs\/potager-city\/","title":{"rendered":"Potager City"},"content":{"rendered":"<p>\ud83e\udd55\ud83c\udf53 Potager City pr\u00e9pare et livre des box de fruits &amp; l\u00e9gumes extra-frais, de saison et issus en priorit\u00e9 de l&rsquo;agriculture locale. En circuit court et en direct des producteurs, les fruits et l\u00e9gumes sont issus de productions raisonn\u00e9es ou biologiques.<\/p>\n<p>1. D\u00e9couvrez les formules en abonnement ou les s\u00e9lections \u00e0 la carte,<\/p>\n<p>2. Choisissez le commer\u00e7ant point relais le plus proche de chez vous chez qui vous souhaitez \u00eatre livr\u00e9(e)<\/p>\n<p>3. Recevez et cuisinez les meilleurs produits de saison gr\u00e2ce aux recettes et conseils de l&rsquo;\u00e9quipe Potager City !<\/p>\n","protected":false},"featured_media":0,"comment_status":"open","ping_status":"closed","template":"","meta":{"_exactmetrics_skip_tracking":false,"_exactmetrics_sitenote_active":false,"_exactmetrics_sitenote_note":"","_exactmetrics_sitenote_category":0,"spay_email":"","_company_tagline":"Box de fruits & l\u00e9gumes extra-frais, de saison et issus en priorit\u00e9 de l'agriculture locale","_job_location":"","_company_website":"https:\/\/www.potagercity.fr\/","_company_twitter":"","_filled":0,"_featured":0,"jetpack_publicize_message":"","jetpack_is_tweetstorm":false,"jetpack_publicize_feature_enabled":true},"job_listing_region":[115,127],"job-categories":[46,159],"job-types":[],"job_listing_tag":[91],"jetpack_publicize_connections":[],"yoast_head":"<!-- This site is optimized with the Yoast SEO plugin v14.4.1 - https:\/\/yoast.com\/wordpress\/plugins\/seo\/ -->\n<title>Potager City - Paniers de l\u00e9gumes et fruits - The Greener Map<\/title>\n<meta name=\"description\" content=\"Potager City pr\u00e9pare et livre des box de fruits &amp; l\u00e9gumes extra-frais, de saison, en circuit court et issus en priorit\u00e9 de l&#039;agriculture locale.\" \/>\n<meta name=\"robots\" content=\"index, follow\" \/>\n<meta name=\"googlebot\" content=\"index, follow, max-snippet:-1, max-image-preview:large, max-video-preview:-1\" \/>\n<meta name=\"bingbot\" content=\"index, follow, max-snippet:-1, max-image-preview:large, max-video-preview:-1\" \/>\n<link rel=\"canonical\" href=\"https:\/\/map.thegreenergood.fr\/index.php\/acteurs\/potager-city\/\" \/>\n<meta property=\"og:locale\" content=\"fr_FR\" \/>\n<meta property=\"og:type\" content=\"article\" \/>\n<meta property=\"og:title\" content=\"Potager City - Paniers de l\u00e9gumes et fruits - The Greener Map\" \/>\n<meta property=\"og:description\" content=\"Potager City pr\u00e9pare et livre des box de fruits &amp; l\u00e9gumes extra-frais, de saison, en circuit court et issus en priorit\u00e9 de l&#039;agriculture locale.\" \/>\n<meta property=\"og:url\" content=\"https:\/\/map.thegreenergood.fr\/index.php\/acteurs\/potager-city\/\" \/>\n<meta property=\"og:site_name\" content=\"The Greener Map\" \/>\n<meta property=\"article:publisher\" content=\"https:\/\/www.facebook.com\/thegreenergoodFR\/\" \/>\n<meta property=\"article:modified_time\" content=\"2024-02-07T16:44:40+00:00\" \/>\n<meta property=\"og:image\" content=\"https:\/\/map.thegreenergood.fr\/wp-content\/uploads\/2020\/04\/Potager-city-1.jpg\" \/>\n\t<meta property=\"og:image:width\" content=\"1600\" \/>\n\t<meta property=\"og:image:height\" content=\"1600\" \/>\n<meta name=\"twitter:card\" content=\"summary_large_image\" \/>\n<meta name=\"twitter:image\" content=\"https:\/\/map.thegreenergood.fr\/wp-content\/uploads\/2020\/04\/Potager-city-1.jpg\" \/>\n<meta name=\"twitter:creator\" content=\"@TheGreenerGoodF\" \/>\n<meta name=\"twitter:site\" content=\"@TheGreenerGoodF\" \/>\n<script type=\"application\/ld+json\" class=\"yoast-schema-graph\">{\"@context\":\"https:\/\/schema.org\",\"@graph\":[{\"@type\":\"Organization\",\"@id\":\"https:\/\/map.thegreenergood.fr\/#organization\",\"name\":\"The Greener Good\",\"url\":\"https:\/\/map.thegreenergood.fr\/\",\"sameAs\":[\"https:\/\/www.facebook.com\/thegreenergoodFR\/\",\"https:\/\/www.instagram.com\/the_greener_good\/\",\"https:\/\/www.youtube.com\/channel\/UCHW2zAiIK5dMOJKqBSv3G4A\",\"https:\/\/twitter.com\/TheGreenerGoodF\"],\"logo\":{\"@type\":\"ImageObject\",\"@id\":\"https:\/\/map.thegreenergood.fr\/#logo\",\"inLanguage\":\"fr-FR\",\"url\":\"\",\"caption\":\"The Greener Good\"},\"image\":{\"@id\":\"https:\/\/map.thegreenergood.fr\/#logo\"}},{\"@type\":\"WebSite\",\"@id\":\"https:\/\/map.thegreenergood.fr\/#website\",\"url\":\"https:\/\/map.thegreenergood.fr\/\",\"name\":\"Guide Greener\",\"description\":\"Adresses \\u00e9coresponsables du Grand Lyon\",\"publisher\":{\"@id\":\"https:\/\/map.thegreenergood.fr\/#organization\"},\"potentialAction\":[{\"@type\":\"SearchAction\",\"target\":\"https:\/\/map.thegreenergood.fr\/?s={search_term_string}\",\"query-input\":\"required name=search_term_string\"}],\"inLanguage\":\"fr-FR\"},{\"@type\":\"WebPage\",\"@id\":\"https:\/\/map.thegreenergood.fr\/index.php\/acteurs\/potager-city\/#webpage\",\"url\":\"https:\/\/map.thegreenergood.fr\/index.php\/acteurs\/potager-city\/\",\"name\":\"Potager City - Paniers de l\\u00e9gumes et fruits - The Greener Map\",\"isPartOf\":{\"@id\":\"https:\/\/map.thegreenergood.fr\/#website\"},\"datePublished\":\"2020-04-23T13:13:49+00:00\",\"dateModified\":\"2024-02-07T16:44:40+00:00\",\"description\":\"Potager City pr\\u00e9pare et livre des box de fruits & l\\u00e9gumes extra-frais, de saison, en circuit court et issus en priorit\\u00e9 de l'agriculture locale.\",\"inLanguage\":\"fr-FR\",\"potentialAction\":[{\"@type\":\"ReadAction\",\"target\":[\"https:\/\/map.thegreenergood.fr\/index.php\/acteurs\/potager-city\/\"]}]}]}<\/script>\n<!-- \/ Yoast SEO plugin. -->","jetpack_sharing_enabled":true,"_links":{"self":[{"href":"https:\/\/map.thegreenergood.fr\/index.php\/wp-json\/wp\/v2\/job-listings\/21805"}],"collection":[{"href":"https:\/\/map.thegreenergood.fr\/index.php\/wp-json\/wp\/v2\/job-listings"}],"about":[{"href":"https:\/\/map.thegreenergood.fr\/index.php\/wp-json\/wp\/v2\/types\/job_listing"}],"replies":[{"embeddable":true,"href":"https:\/\/map.thegreenergood.fr\/index.php\/wp-json\/wp\/v2\/comments?post=21805"}],"wp:attachment":[{"href":"https:\/\/map.thegreenergood.fr\/index.php\/wp-json\/wp\/v2\/media?parent=21805"}],"wp:term":[{"taxonomy":"job_listing_region","embeddable":true,"href":"https:\/\/map.thegreenergood.fr\/index.php\/wp-json\/wp\/v2\/job_listing_region?post=21805"},{"taxonomy":"job_listing_category","embeddable":true,"href":"https:\/\/map.thegreenergood.fr\/index.php\/wp-json\/wp\/v2\/job-categories?post=21805"},{"taxonomy":"job_listing_type","embeddable":true,"href":"https:\/\/map.thegreenergood.fr\/index.php\/wp-json\/wp\/v2\/job-types?post=21805"},{"taxonomy":"job_listing_tag","embeddable":true,"href":"https:\/\/map.thegreenergood.fr\/index.php\/wp-json\/wp\/v2\/job_listing_tag?post=21805"}],"curies":[{"name":"wp","href":"https:\/\/api.w.org\/{rel}","templated":true}]}}

<p>🥕🍓 Potager City prépare et livre des box de fruits &amp; légumes extra-frais, de saison et issus en priorité de l&rsquo;agriculture locale. En circuit court et en direct des producteurs, les fruits et légumes sont issus de productions raisonnées ou biologiques.</p>
<p>1. Découvrez les formules en abonnement ou les sélections à la carte,</p>
<p>2. Choisissez le commerçant point relais le plus proche de chez vous chez qui vous souhaitez être livré(e)</p>
<p>3. Recevez et cuisinez les meilleurs produits de saison grâce aux recettes et conseils de l&rsquo;équipe Potager City !</p>

Box de fruits & légumes extra-frais, de saison et issus en priorité de l'agriculture locale

<!-- This site is optimized with the Yoast SEO plugin v14.4.1 - https://yoast.com/wordpress/plugins/seo/ -->
<title>Potager City - Paniers de légumes et fruits - The Greener Map</title>
<meta name="description" content="Potager City prépare et livre des box de fruits &amp; légumes extra-frais, de saison, en circuit court et issus en priorité de l&#039;agriculture locale." />
<meta name="robots" content="index, follow" />
<meta name="googlebot" content="index, follow, max-snippet:-1, max-image-preview:large, max-video-preview:-1" />
<meta name="bingbot" content="index, follow, max-snippet:-1, max-image-preview:large, max-video-preview:-1" />
<link rel="canonical" href="https://map.thegreenergood.fr/index.php/acteurs/potager-city/" />
<meta property="og:locale" content="fr_FR" />
<meta property="og:type" content="article" />
<meta property="og:title" content="Potager City - Paniers de légumes et fruits - The Greener Map" />
<meta property="og:description" content="Potager City prépare et livre des box de fruits &amp; légumes extra-frais, de saison, en circuit court et issus en priorité de l&#039;agriculture locale." />
<meta property="og:url" content="https://map.thegreenergood.fr/index.php/acteurs/potager-city/" />
<meta property="og:site_name" content="The Greener Map" />
<meta property="article:publisher" content="https://www.facebook.com/thegreenergoodFR/" />
<meta property="article:modified_time" content="2024-02-07T16:44:40+00:00" />
<meta property="og:image" content="https://map.thegreenergood.fr/wp-content/uploads/2020/04/Potager-city-1.jpg" />
	<meta property="og:image:width" content="1600" />
	<meta property="og:image:height" content="1600" />
<meta name="twitter:card" content="summary_large_image" />
<meta name="twitter:image" content="https://map.thegreenergood.fr/wp-content/uploads/2020/04/Potager-city-1.jpg" />
<meta name="twitter:creator" content="@TheGreenerGoodF" />
<meta name="twitter:site" content="@TheGreenerGoodF" />
<script type="application/ld+json" class="yoast-schema-graph">{"@context":"https://schema.org","@graph":[{"@type":"Organization","@id":"https://map.thegreenergood.fr/#organization","name":"The Greener Good","url":"https://map.thegreenergood.fr/","sameAs":["https://www.facebook.com/thegreenergoodFR/","https://www.instagram.com/the_greener_good/","https://www.youtube.com/channel/UCHW2zAiIK5dMOJKqBSv3G4A","https://twitter.com/TheGreenerGoodF"],"logo":{"@type":"ImageObject","@id":"https://map.thegreenergood.fr/#logo","inLanguage":"fr-FR","url":"","caption":"The Greener Good"},"image":{"@id":"https://map.thegreenergood.fr/#logo"}},{"@type":"WebSite","@id":"https://map.thegreenergood.fr/#website","url":"https://map.thegreenergood.fr/","name":"Guide Greener","description":"Adresses \u00e9coresponsables du Grand Lyon","publisher":{"@id":"https://map.thegreenergood.fr/#organization"},"potentialAction":[{"@type":"SearchAction","target":"https://map.thegreenergood.fr/?s={search_term_string}","query-input":"required name=search_term_string"}],"inLanguage":"fr-FR"},{"@type":"WebPage","@id":"https://map.thegreenergood.fr/index.php/acteurs/potager-city/#webpage","url":"https://map.thegreenergood.fr/index.php/acteurs/potager-city/","name":"Potager City - Paniers de l\u00e9gumes et fruits - The Greener Map","isPartOf":{"@id":"https://map.thegreenergood.fr/#website"},"datePublished":"2020-04-23T13:13:49+00:00","dateModified":"2024-02-07T16:44:40+00:00","description":"Potager City pr\u00e9pare et livre des box de fruits & l\u00e9gumes extra-frais, de saison, en circuit court et issus en priorit\u00e9 de l'agriculture locale.","inLanguage":"fr-FR","potentialAction":[{"@type":"ReadAction","target":["https://map.thegreenergood.fr/index.php/acteurs/potager-city/"]}]}]}</script>
<!-- / Yoast SEO plugin. -->
