{"id":21809,"date":"2020-04-28T22:59:32","date_gmt":"2020-04-28T20:59:32","guid":{"rendered":"https:\/\/map.thegreenergood.fr\/index.php\/acteurs\/la-pousse-verte\/"},"modified":"2026-02-13T04:21:10","modified_gmt":"2026-02-13T03:21:10","slug":"la-pousse-verte","status":"publish","type":"job_listing","link":"https:\/\/map.thegreenergood.fr\/index.php\/acteurs\/la-pousse-verte\/","title":{"rendered":"La Pousse Verte"},"content":{"rendered":"<p>La Pousse Verte est une jeune entreprise lyonnaise engag\u00e9e pour une approche du v\u00e9g\u00e9tal plus respectueuse de l&rsquo;environnement.<\/p>\n<p>Nous proposons des coffrets th\u00e9matiques de graines et produits artisanaux, des plantes locales et non trait\u00e9es, une box saisonni\u00e8re de fleurs comestibles, et des ateliers de jardinage.<\/p>\n<p>Les plantes que nous commercialisons sont cultiv\u00e9es dans les environs de Lyon et sans traitement chimique.<\/p>\n<p>Les emballages et plus g\u00e9n\u00e9ralement le mode de fonctionnement de l\u2019entreprise sont pens\u00e9s dans une d\u00e9marche \u00e9co-responsable.<\/p>\n<p>*La Pousse Verte est labellis\u00e9e Lyon Ville \u00c9quitable et Durable<\/p>\n","protected":false},"featured_media":0,"comment_status":"open","ping_status":"closed","template":"","meta":{"_exactmetrics_skip_tracking":false,"_exactmetrics_sitenote_active":false,"_exactmetrics_sitenote_note":"","_exactmetrics_sitenote_category":0,"spay_email":"","_company_tagline":"Box de plantes locales et respectueuses de la nature","_job_location":"10 rue du P\u00e9rou, 69100 Villeurbanne","_company_website":"https:\/\/www.lapousseverte.fr","_company_twitter":"","_filled":0,"_featured":0,"jetpack_publicize_message":"","jetpack_is_tweetstorm":false,"jetpack_publicize_feature_enabled":true},"job_listing_region":[127,113],"job-categories":[61,43],"job-types":[],"job_listing_tag":[93,91],"jetpack_publicize_connections":[],"yoast_head":"<!-- This site is optimized with the Yoast SEO plugin v14.4.1 - https:\/\/yoast.com\/wordpress\/plugins\/seo\/ -->\n<title>La Pousse Verte - Box de plantes locales - The Greener Map<\/title>\n<meta name=\"description\" content=\"La Pousse Verte propose des box de plantes locales, cultiv\u00e9es \u00e0 partir de graines de fleurs sauvages dans un centre agro-\u00e9cologique.\" \/>\n<meta name=\"robots\" content=\"index, follow\" \/>\n<meta name=\"googlebot\" content=\"index, follow, max-snippet:-1, max-image-preview:large, max-video-preview:-1\" \/>\n<meta name=\"bingbot\" content=\"index, follow, max-snippet:-1, max-image-preview:large, max-video-preview:-1\" \/>\n<link rel=\"canonical\" href=\"https:\/\/map.thegreenergood.fr\/index.php\/acteurs\/la-pousse-verte\/\" \/>\n<meta property=\"og:locale\" content=\"fr_FR\" \/>\n<meta property=\"og:type\" content=\"article\" \/>\n<meta property=\"og:title\" content=\"La Pousse Verte - Box de plantes locales - The Greener Map\" \/>\n<meta property=\"og:description\" content=\"La Pousse Verte propose des box de plantes locales, cultiv\u00e9es \u00e0 partir de graines de fleurs sauvages dans un centre agro-\u00e9cologique.\" \/>\n<meta property=\"og:url\" content=\"https:\/\/map.thegreenergood.fr\/index.php\/acteurs\/la-pousse-verte\/\" \/>\n<meta property=\"og:site_name\" content=\"The Greener Map\" \/>\n<meta property=\"article:publisher\" content=\"https:\/\/www.facebook.com\/thegreenergoodFR\/\" \/>\n<meta property=\"article:modified_time\" content=\"2026-02-13T03:21:10+00:00\" \/>\n<meta property=\"og:image\" content=\"https:\/\/map.thegreenergood.fr\/wp-content\/uploads\/job-manager-uploads\/main_image\/2020\/04\/1-pissenlit-scaled.jpg\" \/>\n\t<meta property=\"og:image:width\" content=\"2560\" \/>\n\t<meta property=\"og:image:height\" content=\"1920\" \/>\n<meta name=\"twitter:card\" content=\"summary_large_image\" \/>\n<meta name=\"twitter:image\" content=\"https:\/\/map.thegreenergood.fr\/wp-content\/uploads\/job-manager-uploads\/main_image\/2020\/04\/1-pissenlit-scaled.jpg\" \/>\n<meta name=\"twitter:creator\" content=\"@TheGreenerGoodF\" \/>\n<meta name=\"twitter:site\" content=\"@TheGreenerGoodF\" \/>\n<script type=\"application\/ld+json\" class=\"yoast-schema-graph\">{\"@context\":\"https:\/\/schema.org\",\"@graph\":[{\"@type\":\"Organization\",\"@id\":\"https:\/\/map.thegreenergood.fr\/#organization\",\"name\":\"The Greener Good\",\"url\":\"https:\/\/map.thegreenergood.fr\/\",\"sameAs\":[\"https:\/\/www.facebook.com\/thegreenergoodFR\/\",\"https:\/\/www.instagram.com\/the_greener_good\/\",\"https:\/\/www.youtube.com\/channel\/UCHW2zAiIK5dMOJKqBSv3G4A\",\"https:\/\/twitter.com\/TheGreenerGoodF\"],\"logo\":{\"@type\":\"ImageObject\",\"@id\":\"https:\/\/map.thegreenergood.fr\/#logo\",\"inLanguage\":\"fr-FR\",\"url\":\"\",\"caption\":\"The Greener Good\"},\"image\":{\"@id\":\"https:\/\/map.thegreenergood.fr\/#logo\"}},{\"@type\":\"WebSite\",\"@id\":\"https:\/\/map.thegreenergood.fr\/#website\",\"url\":\"https:\/\/map.thegreenergood.fr\/\",\"name\":\"Guide Greener\",\"description\":\"Adresses \\u00e9coresponsables du Grand Lyon\",\"publisher\":{\"@id\":\"https:\/\/map.thegreenergood.fr\/#organization\"},\"potentialAction\":[{\"@type\":\"SearchAction\",\"target\":\"https:\/\/map.thegreenergood.fr\/?s={search_term_string}\",\"query-input\":\"required name=search_term_string\"}],\"inLanguage\":\"fr-FR\"},{\"@type\":\"WebPage\",\"@id\":\"https:\/\/map.thegreenergood.fr\/index.php\/acteurs\/la-pousse-verte\/#webpage\",\"url\":\"https:\/\/map.thegreenergood.fr\/index.php\/acteurs\/la-pousse-verte\/\",\"name\":\"La Pousse Verte - Box de plantes locales - The Greener Map\",\"isPartOf\":{\"@id\":\"https:\/\/map.thegreenergood.fr\/#website\"},\"datePublished\":\"2020-04-28T20:59:32+00:00\",\"dateModified\":\"2026-02-13T03:21:10+00:00\",\"description\":\"La Pousse Verte propose des box de plantes locales, cultiv\\u00e9es \\u00e0 partir de graines de fleurs sauvages dans un centre agro-\\u00e9cologique.\",\"inLanguage\":\"fr-FR\",\"potentialAction\":[{\"@type\":\"ReadAction\",\"target\":[\"https:\/\/map.thegreenergood.fr\/index.php\/acteurs\/la-pousse-verte\/\"]}]}]}<\/script>\n<!-- \/ Yoast SEO plugin. -->","jetpack_sharing_enabled":true,"_links":{"self":[{"href":"https:\/\/map.thegreenergood.fr\/index.php\/wp-json\/wp\/v2\/job-listings\/21809"}],"collection":[{"href":"https:\/\/map.thegreenergood.fr\/index.php\/wp-json\/wp\/v2\/job-listings"}],"about":[{"href":"https:\/\/map.thegreenergood.fr\/index.php\/wp-json\/wp\/v2\/types\/job_listing"}],"replies":[{"embeddable":true,"href":"https:\/\/map.thegreenergood.fr\/index.php\/wp-json\/wp\/v2\/comments?post=21809"}],"wp:attachment":[{"href":"https:\/\/map.thegreenergood.fr\/index.php\/wp-json\/wp\/v2\/media?parent=21809"}],"wp:term":[{"taxonomy":"job_listing_region","embeddable":true,"href":"https:\/\/map.thegreenergood.fr\/index.php\/wp-json\/wp\/v2\/job_listing_region?post=21809"},{"taxonomy":"job_listing_category","embeddable":true,"href":"https:\/\/map.thegreenergood.fr\/index.php\/wp-json\/wp\/v2\/job-categories?post=21809"},{"taxonomy":"job_listing_type","embeddable":true,"href":"https:\/\/map.thegreenergood.fr\/index.php\/wp-json\/wp\/v2\/job-types?post=21809"},{"taxonomy":"job_listing_tag","embeddable":true,"href":"https:\/\/map.thegreenergood.fr\/index.php\/wp-json\/wp\/v2\/job_listing_tag?post=21809"}],"curies":[{"name":"wp","href":"https:\/\/api.w.org\/{rel}","templated":true}]}}

<p>La Pousse Verte est une jeune entreprise lyonnaise engagée pour une approche du végétal plus respectueuse de l&rsquo;environnement.</p>
<p>Nous proposons des coffrets thématiques de graines et produits artisanaux, des plantes locales et non traitées, une box saisonnière de fleurs comestibles, et des ateliers de jardinage.</p>
<p>Les plantes que nous commercialisons sont cultivées dans les environs de Lyon et sans traitement chimique.</p>
<p>Les emballages et plus généralement le mode de fonctionnement de l’entreprise sont pensés dans une démarche éco-responsable.</p>
<p>*La Pousse Verte est labellisée Lyon Ville Équitable et Durable</p>

10 rue du Pérou, 69100 Villeurbanne

<!-- This site is optimized with the Yoast SEO plugin v14.4.1 - https://yoast.com/wordpress/plugins/seo/ -->
<title>La Pousse Verte - Box de plantes locales - The Greener Map</title>
<meta name="description" content="La Pousse Verte propose des box de plantes locales, cultivées à partir de graines de fleurs sauvages dans un centre agro-écologique." />
<meta name="robots" content="index, follow" />
<meta name="googlebot" content="index, follow, max-snippet:-1, max-image-preview:large, max-video-preview:-1" />
<meta name="bingbot" content="index, follow, max-snippet:-1, max-image-preview:large, max-video-preview:-1" />
<link rel="canonical" href="https://map.thegreenergood.fr/index.php/acteurs/la-pousse-verte/" />
<meta property="og:locale" content="fr_FR" />
<meta property="og:type" content="article" />
<meta property="og:title" content="La Pousse Verte - Box de plantes locales - The Greener Map" />
<meta property="og:description" content="La Pousse Verte propose des box de plantes locales, cultivées à partir de graines de fleurs sauvages dans un centre agro-écologique." />
<meta property="og:url" content="https://map.thegreenergood.fr/index.php/acteurs/la-pousse-verte/" />
<meta property="og:site_name" content="The Greener Map" />
<meta property="article:publisher" content="https://www.facebook.com/thegreenergoodFR/" />
<meta property="article:modified_time" content="2026-02-13T03:21:10+00:00" />
<meta property="og:image" content="https://map.thegreenergood.fr/wp-content/uploads/job-manager-uploads/main_image/2020/04/1-pissenlit-scaled.jpg" />
	<meta property="og:image:width" content="2560" />
	<meta property="og:image:height" content="1920" />
<meta name="twitter:card" content="summary_large_image" />
<meta name="twitter:image" content="https://map.thegreenergood.fr/wp-content/uploads/job-manager-uploads/main_image/2020/04/1-pissenlit-scaled.jpg" />
<meta name="twitter:creator" content="@TheGreenerGoodF" />
<meta name="twitter:site" content="@TheGreenerGoodF" />
<script type="application/ld+json" class="yoast-schema-graph">{"@context":"https://schema.org","@graph":[{"@type":"Organization","@id":"https://map.thegreenergood.fr/#organization","name":"The Greener Good","url":"https://map.thegreenergood.fr/","sameAs":["https://www.facebook.com/thegreenergoodFR/","https://www.instagram.com/the_greener_good/","https://www.youtube.com/channel/UCHW2zAiIK5dMOJKqBSv3G4A","https://twitter.com/TheGreenerGoodF"],"logo":{"@type":"ImageObject","@id":"https://map.thegreenergood.fr/#logo","inLanguage":"fr-FR","url":"","caption":"The Greener Good"},"image":{"@id":"https://map.thegreenergood.fr/#logo"}},{"@type":"WebSite","@id":"https://map.thegreenergood.fr/#website","url":"https://map.thegreenergood.fr/","name":"Guide Greener","description":"Adresses \u00e9coresponsables du Grand Lyon","publisher":{"@id":"https://map.thegreenergood.fr/#organization"},"potentialAction":[{"@type":"SearchAction","target":"https://map.thegreenergood.fr/?s={search_term_string}","query-input":"required name=search_term_string"}],"inLanguage":"fr-FR"},{"@type":"WebPage","@id":"https://map.thegreenergood.fr/index.php/acteurs/la-pousse-verte/#webpage","url":"https://map.thegreenergood.fr/index.php/acteurs/la-pousse-verte/","name":"La Pousse Verte - Box de plantes locales - The Greener Map","isPartOf":{"@id":"https://map.thegreenergood.fr/#website"},"datePublished":"2020-04-28T20:59:32+00:00","dateModified":"2026-02-13T03:21:10+00:00","description":"La Pousse Verte propose des box de plantes locales, cultiv\u00e9es \u00e0 partir de graines de fleurs sauvages dans un centre agro-\u00e9cologique.","inLanguage":"fr-FR","potentialAction":[{"@type":"ReadAction","target":["https://map.thegreenergood.fr/index.php/acteurs/la-pousse-verte/"]}]}]}</script>
<!-- / Yoast SEO plugin. -->
