{"id":21823,"date":"2020-04-30T15:04:44","date_gmt":"2020-04-30T13:04:44","guid":{"rendered":"https:\/\/map.thegreenergood.fr\/index.php\/acteurs\/27-rue-des-remparts-dainay-cosme-literie\/"},"modified":"2023-11-02T14:26:41","modified_gmt":"2023-11-02T13:26:41","slug":"cosme-literie","status":"publish","type":"job_listing","link":"https:\/\/map.thegreenergood.fr\/index.php\/acteurs\/cosme-literie\/","title":{"rendered":"Cosme Literie"},"content":{"rendered":"<p>Nous dormons plus d\u2019un tiers de notre vie, sans pour autant nous sentir repos\u00e9s. Cosme repense l\u2019univers de la literie en accompagnant personnellement ses clients \u00e0 trouver leur environnement de sommeil sain par le biais d\u2019<strong>une literie personnalisable, 100 % naturelle et fabriqu\u00e9e en France. <\/strong><\/p>\n<p>Pas de foule autour de vous, vous n\u2019\u00eates pas dans un magasin de literie traditionnel, mais bien au c\u0153ur de <strong>l\u2019Atelier Cosme de Lyon<\/strong>. Lors de rendez-vous individuels, nous vous accueillons pour vous pr\u00e9senter le latex naturel et toutes les mati\u00e8res que nous utilisons, et tester l&rsquo;ensemble des combinaisons possibles. Accompagn\u00e9 par un expert des matelas naturels, vous serez dans un cadre id\u00e9al pour tester votre futur matelas et faire les bons choix qui s&rsquo;imposent. Dans cet atelier, vous trouverez \u00e9galement <strong>une literie 100 % naturelle pour les plus petits. <\/strong>D\u00e9couvrez \u00e9galement nos oreillers en latex ou duvet de canard, nos couettes, nos draps housse, taie d\u2019oreillers et housses de couette en lin de Normandie. Et \u00e9galement des accessoires pour les plus petits !<\/p>\n<p>Il est \u00e9galement possible de composer son matelas en ligne, sur<a href=\"https:\/\/www.cosme-literie.com\/\"><strong> www.cosme-literie.com.<\/strong><\/a><\/p>\n","protected":false},"featured_media":0,"comment_status":"open","ping_status":"closed","template":"","meta":{"_exactmetrics_skip_tracking":false,"_exactmetrics_sitenote_active":false,"_exactmetrics_sitenote_note":"","_exactmetrics_sitenote_category":0,"spay_email":"","_company_tagline":"","_job_location":"27 Rue des Remparts d'Ainay 69002 Lyon","_company_website":"http:\/\/www.cosme-literie.com","_company_twitter":"","_filled":0,"_featured":0,"jetpack_publicize_message":"","jetpack_is_tweetstorm":false,"jetpack_publicize_feature_enabled":true},"job_listing_region":[127,96,105],"job-categories":[42,39,61],"job-types":[],"job_listing_tag":[87,93,90],"jetpack_publicize_connections":[],"yoast_head":"<!-- This site is optimized with the Yoast SEO plugin v14.4.1 - https:\/\/yoast.com\/wordpress\/plugins\/seo\/ -->\n<title>Cosme - Literie et environnement de sommeil - The Greener Map<\/title>\n<meta name=\"description\" content=\"Cosme repense l\u2019univers de la literie par le biais d\u2019une literie personnalisable, 100 % naturelle et fabriqu\u00e9e en France : matelas, oreillers...\" \/>\n<meta name=\"robots\" content=\"index, follow\" \/>\n<meta name=\"googlebot\" content=\"index, follow, max-snippet:-1, max-image-preview:large, max-video-preview:-1\" \/>\n<meta name=\"bingbot\" content=\"index, follow, max-snippet:-1, max-image-preview:large, max-video-preview:-1\" \/>\n<link rel=\"canonical\" href=\"https:\/\/map.thegreenergood.fr\/index.php\/acteurs\/cosme-literie\/\" \/>\n<meta property=\"og:locale\" content=\"fr_FR\" \/>\n<meta property=\"og:type\" content=\"article\" \/>\n<meta property=\"og:title\" content=\"Cosme - Literie et environnement de sommeil - The Greener Map\" \/>\n<meta property=\"og:description\" content=\"Cosme repense l\u2019univers de la literie par le biais d\u2019une literie personnalisable, 100 % naturelle et fabriqu\u00e9e en France : matelas, oreillers...\" \/>\n<meta property=\"og:url\" content=\"https:\/\/map.thegreenergood.fr\/index.php\/acteurs\/cosme-literie\/\" \/>\n<meta property=\"og:site_name\" content=\"The Greener Map\" \/>\n<meta property=\"article:publisher\" content=\"https:\/\/www.facebook.com\/thegreenergoodFR\/\" \/>\n<meta property=\"article:modified_time\" content=\"2023-11-02T13:26:41+00:00\" \/>\n<meta property=\"og:image\" content=\"https:\/\/map.thegreenergood.fr\/wp-content\/uploads\/job-manager-uploads\/main_image\/2020\/04\/web_001.jpg\" \/>\n\t<meta property=\"og:image:width\" content=\"1920\" \/>\n\t<meta property=\"og:image:height\" content=\"1281\" \/>\n<meta name=\"twitter:card\" content=\"summary_large_image\" \/>\n<meta name=\"twitter:image\" content=\"https:\/\/map.thegreenergood.fr\/wp-content\/uploads\/job-manager-uploads\/main_image\/2020\/04\/web_001.jpg\" \/>\n<meta name=\"twitter:creator\" content=\"@TheGreenerGoodF\" \/>\n<meta name=\"twitter:site\" content=\"@TheGreenerGoodF\" \/>\n<script type=\"application\/ld+json\" class=\"yoast-schema-graph\">{\"@context\":\"https:\/\/schema.org\",\"@graph\":[{\"@type\":\"Organization\",\"@id\":\"https:\/\/map.thegreenergood.fr\/#organization\",\"name\":\"The Greener Good\",\"url\":\"https:\/\/map.thegreenergood.fr\/\",\"sameAs\":[\"https:\/\/www.facebook.com\/thegreenergoodFR\/\",\"https:\/\/www.instagram.com\/the_greener_good\/\",\"https:\/\/www.youtube.com\/channel\/UCHW2zAiIK5dMOJKqBSv3G4A\",\"https:\/\/twitter.com\/TheGreenerGoodF\"],\"logo\":{\"@type\":\"ImageObject\",\"@id\":\"https:\/\/map.thegreenergood.fr\/#logo\",\"inLanguage\":\"fr-FR\",\"url\":\"\",\"caption\":\"The Greener Good\"},\"image\":{\"@id\":\"https:\/\/map.thegreenergood.fr\/#logo\"}},{\"@type\":\"WebSite\",\"@id\":\"https:\/\/map.thegreenergood.fr\/#website\",\"url\":\"https:\/\/map.thegreenergood.fr\/\",\"name\":\"Guide Greener\",\"description\":\"Adresses \\u00e9coresponsables du Grand Lyon\",\"publisher\":{\"@id\":\"https:\/\/map.thegreenergood.fr\/#organization\"},\"potentialAction\":[{\"@type\":\"SearchAction\",\"target\":\"https:\/\/map.thegreenergood.fr\/?s={search_term_string}\",\"query-input\":\"required name=search_term_string\"}],\"inLanguage\":\"fr-FR\"},{\"@type\":\"WebPage\",\"@id\":\"https:\/\/map.thegreenergood.fr\/index.php\/acteurs\/cosme-literie\/#webpage\",\"url\":\"https:\/\/map.thegreenergood.fr\/index.php\/acteurs\/cosme-literie\/\",\"name\":\"Cosme - Literie et environnement de sommeil - The Greener Map\",\"isPartOf\":{\"@id\":\"https:\/\/map.thegreenergood.fr\/#website\"},\"datePublished\":\"2020-04-30T13:04:44+00:00\",\"dateModified\":\"2023-11-02T13:26:41+00:00\",\"description\":\"Cosme repense l\\u2019univers de la literie par le biais d\\u2019une literie personnalisable, 100 % naturelle et fabriqu\\u00e9e en France : matelas, oreillers...\",\"inLanguage\":\"fr-FR\",\"potentialAction\":[{\"@type\":\"ReadAction\",\"target\":[\"https:\/\/map.thegreenergood.fr\/index.php\/acteurs\/cosme-literie\/\"]}]}]}<\/script>\n<!-- \/ Yoast SEO plugin. -->","jetpack_sharing_enabled":true,"_links":{"self":[{"href":"https:\/\/map.thegreenergood.fr\/index.php\/wp-json\/wp\/v2\/job-listings\/21823"}],"collection":[{"href":"https:\/\/map.thegreenergood.fr\/index.php\/wp-json\/wp\/v2\/job-listings"}],"about":[{"href":"https:\/\/map.thegreenergood.fr\/index.php\/wp-json\/wp\/v2\/types\/job_listing"}],"replies":[{"embeddable":true,"href":"https:\/\/map.thegreenergood.fr\/index.php\/wp-json\/wp\/v2\/comments?post=21823"}],"wp:attachment":[{"href":"https:\/\/map.thegreenergood.fr\/index.php\/wp-json\/wp\/v2\/media?parent=21823"}],"wp:term":[{"taxonomy":"job_listing_region","embeddable":true,"href":"https:\/\/map.thegreenergood.fr\/index.php\/wp-json\/wp\/v2\/job_listing_region?post=21823"},{"taxonomy":"job_listing_category","embeddable":true,"href":"https:\/\/map.thegreenergood.fr\/index.php\/wp-json\/wp\/v2\/job-categories?post=21823"},{"taxonomy":"job_listing_type","embeddable":true,"href":"https:\/\/map.thegreenergood.fr\/index.php\/wp-json\/wp\/v2\/job-types?post=21823"},{"taxonomy":"job_listing_tag","embeddable":true,"href":"https:\/\/map.thegreenergood.fr\/index.php\/wp-json\/wp\/v2\/job_listing_tag?post=21823"}],"curies":[{"name":"wp","href":"https:\/\/api.w.org\/{rel}","templated":true}]}}

<p>Nous dormons plus d’un tiers de notre vie, sans pour autant nous sentir reposés. Cosme repense l’univers de la literie en accompagnant personnellement ses clients à trouver leur environnement de sommeil sain par le biais d’<strong>une literie personnalisable, 100 % naturelle et fabriquée en France. </strong></p>
<p>Pas de foule autour de vous, vous n’êtes pas dans un magasin de literie traditionnel, mais bien au cœur de <strong>l’Atelier Cosme de Lyon</strong>. Lors de rendez-vous individuels, nous vous accueillons pour vous présenter le latex naturel et toutes les matières que nous utilisons, et tester l&rsquo;ensemble des combinaisons possibles. Accompagné par un expert des matelas naturels, vous serez dans un cadre idéal pour tester votre futur matelas et faire les bons choix qui s&rsquo;imposent. Dans cet atelier, vous trouverez également <strong>une literie 100 % naturelle pour les plus petits. </strong>Découvrez également nos oreillers en latex ou duvet de canard, nos couettes, nos draps housse, taie d’oreillers et housses de couette en lin de Normandie. Et également des accessoires pour les plus petits !</p>
<p>Il est également possible de composer son matelas en ligne, sur<a href="https://www.cosme-literie.com/"><strong> www.cosme-literie.com.</strong></a></p>

<!-- This site is optimized with the Yoast SEO plugin v14.4.1 - https://yoast.com/wordpress/plugins/seo/ -->
<title>Cosme - Literie et environnement de sommeil - The Greener Map</title>
<meta name="description" content="Cosme repense l’univers de la literie par le biais d’une literie personnalisable, 100 % naturelle et fabriquée en France : matelas, oreillers..." />
<meta name="robots" content="index, follow" />
<meta name="googlebot" content="index, follow, max-snippet:-1, max-image-preview:large, max-video-preview:-1" />
<meta name="bingbot" content="index, follow, max-snippet:-1, max-image-preview:large, max-video-preview:-1" />
<link rel="canonical" href="https://map.thegreenergood.fr/index.php/acteurs/cosme-literie/" />
<meta property="og:locale" content="fr_FR" />
<meta property="og:type" content="article" />
<meta property="og:title" content="Cosme - Literie et environnement de sommeil - The Greener Map" />
<meta property="og:description" content="Cosme repense l’univers de la literie par le biais d’une literie personnalisable, 100 % naturelle et fabriquée en France : matelas, oreillers..." />
<meta property="og:url" content="https://map.thegreenergood.fr/index.php/acteurs/cosme-literie/" />
<meta property="og:site_name" content="The Greener Map" />
<meta property="article:publisher" content="https://www.facebook.com/thegreenergoodFR/" />
<meta property="article:modified_time" content="2023-11-02T13:26:41+00:00" />
<meta property="og:image" content="https://map.thegreenergood.fr/wp-content/uploads/job-manager-uploads/main_image/2020/04/web_001.jpg" />
	<meta property="og:image:width" content="1920" />
	<meta property="og:image:height" content="1281" />
<meta name="twitter:card" content="summary_large_image" />
<meta name="twitter:image" content="https://map.thegreenergood.fr/wp-content/uploads/job-manager-uploads/main_image/2020/04/web_001.jpg" />
<meta name="twitter:creator" content="@TheGreenerGoodF" />
<meta name="twitter:site" content="@TheGreenerGoodF" />
<script type="application/ld+json" class="yoast-schema-graph">{"@context":"https://schema.org","@graph":[{"@type":"Organization","@id":"https://map.thegreenergood.fr/#organization","name":"The Greener Good","url":"https://map.thegreenergood.fr/","sameAs":["https://www.facebook.com/thegreenergoodFR/","https://www.instagram.com/the_greener_good/","https://www.youtube.com/channel/UCHW2zAiIK5dMOJKqBSv3G4A","https://twitter.com/TheGreenerGoodF"],"logo":{"@type":"ImageObject","@id":"https://map.thegreenergood.fr/#logo","inLanguage":"fr-FR","url":"","caption":"The Greener Good"},"image":{"@id":"https://map.thegreenergood.fr/#logo"}},{"@type":"WebSite","@id":"https://map.thegreenergood.fr/#website","url":"https://map.thegreenergood.fr/","name":"Guide Greener","description":"Adresses \u00e9coresponsables du Grand Lyon","publisher":{"@id":"https://map.thegreenergood.fr/#organization"},"potentialAction":[{"@type":"SearchAction","target":"https://map.thegreenergood.fr/?s={search_term_string}","query-input":"required name=search_term_string"}],"inLanguage":"fr-FR"},{"@type":"WebPage","@id":"https://map.thegreenergood.fr/index.php/acteurs/cosme-literie/#webpage","url":"https://map.thegreenergood.fr/index.php/acteurs/cosme-literie/","name":"Cosme - Literie et environnement de sommeil - The Greener Map","isPartOf":{"@id":"https://map.thegreenergood.fr/#website"},"datePublished":"2020-04-30T13:04:44+00:00","dateModified":"2023-11-02T13:26:41+00:00","description":"Cosme repense l\u2019univers de la literie par le biais d\u2019une literie personnalisable, 100 % naturelle et fabriqu\u00e9e en France : matelas, oreillers...","inLanguage":"fr-FR","potentialAction":[{"@type":"ReadAction","target":["https://map.thegreenergood.fr/index.php/acteurs/cosme-literie/"]}]}]}</script>
<!-- / Yoast SEO plugin. -->
