{"id":22546,"date":"2020-12-12T17:23:23","date_gmt":"2020-12-12T16:23:23","guid":{"rendered":"https:\/\/map.thegreenergood.fr\/index.php\/acteurs\/35-avenue-de-menival-69005-lyon-artisans-du-monde-lyon-ouest\/"},"modified":"2023-11-04T09:41:49","modified_gmt":"2023-11-04T08:41:49","slug":"artisans-du-monde","status":"publish","type":"job_listing","link":"https:\/\/map.thegreenergood.fr\/index.php\/acteurs\/artisans-du-monde\/","title":{"rendered":"Artisans du monde Lyon Ouest"},"content":{"rendered":"<p>Artisans du monde est une association nationale cr\u00e9\u00e9e en 1974. Elle promeut un commerce \u00e9quitable permettant aux artisans et paysans partenaires, de vivre d\u00e9cemment de leur travail dans le respect des droits humains fondamentaux.<\/p>\n<p>Notre boutique vous propose un grand choix d&rsquo;articles d&rsquo;artisanat fabriqu\u00e9s dans le respect de l&rsquo;environnement et des produits d&rsquo;\u00e9picerie bio.<\/p>\n<p>Notre \u00e9quipe de b\u00e9n\u00e9voles intervient pour des animations, informations, ateliers, sur le commerce \u00e9quitable. Ses principes et fili\u00e8res dans les \u00e9tablissements scolaires, les MJC et centres sociaux.<\/p>\n","protected":false},"featured_media":0,"comment_status":"open","ping_status":"closed","template":"","meta":{"_exactmetrics_skip_tracking":false,"_exactmetrics_sitenote_active":false,"_exactmetrics_sitenote_note":"","_exactmetrics_sitenote_category":0,"spay_email":"","_company_tagline":"Promouvoir le commerce \u00e9quitable par la vente et l'information","_job_location":"35 avenue de M\u00e9nival 69005 Lyon","_company_website":"http:\/\/lyon-ouest.artisansdumonde.org\/","_company_twitter":"","_filled":0,"_featured":0,"jetpack_publicize_message":"","jetpack_is_tweetstorm":false,"jetpack_publicize_feature_enabled":true},"job_listing_region":[127,96,108],"job-categories":[46,116,39,61,122,124,63],"job-types":[],"job_listing_tag":[87,100],"jetpack_publicize_connections":[],"yoast_head":"<!-- This site is optimized with the Yoast SEO plugin v14.4.1 - https:\/\/yoast.com\/wordpress\/plugins\/seo\/ -->\n<title>Artisans du monde Lyon Ouest - Artisanat \u00e9quitable - The Greener Map<\/title>\n<meta name=\"description\" content=\"Artisans du monde Lyon Ouest est une boutique de l&#039;association, de m\u00eame nom, mettant en avant tous types de produits artisanaux issus du commerce \u00e9quitable.\" \/>\n<meta name=\"robots\" content=\"index, follow\" \/>\n<meta name=\"googlebot\" content=\"index, follow, max-snippet:-1, max-image-preview:large, max-video-preview:-1\" \/>\n<meta name=\"bingbot\" content=\"index, follow, max-snippet:-1, max-image-preview:large, max-video-preview:-1\" \/>\n<link rel=\"canonical\" href=\"https:\/\/map.thegreenergood.fr\/index.php\/acteurs\/artisans-du-monde\/\" \/>\n<meta property=\"og:locale\" content=\"fr_FR\" \/>\n<meta property=\"og:type\" content=\"article\" \/>\n<meta property=\"og:title\" content=\"Artisans du monde Lyon Ouest - Artisanat \u00e9quitable - The Greener Map\" \/>\n<meta property=\"og:description\" content=\"Artisans du monde Lyon Ouest est une boutique de l&#039;association, de m\u00eame nom, mettant en avant tous types de produits artisanaux issus du commerce \u00e9quitable.\" \/>\n<meta property=\"og:url\" content=\"https:\/\/map.thegreenergood.fr\/index.php\/acteurs\/artisans-du-monde\/\" \/>\n<meta property=\"og:site_name\" content=\"The Greener Map\" \/>\n<meta property=\"article:publisher\" content=\"https:\/\/www.facebook.com\/thegreenergoodFR\/\" \/>\n<meta property=\"article:modified_time\" content=\"2023-11-04T08:41:49+00:00\" \/>\n<meta property=\"og:image\" content=\"https:\/\/map.thegreenergood.fr\/wp-content\/uploads\/2020\/12\/149924168_3719952008087592_5562982861244274225_n.jpg\" \/>\n<meta name=\"twitter:card\" content=\"summary_large_image\" \/>\n<meta name=\"twitter:image\" content=\"https:\/\/map.thegreenergood.fr\/wp-content\/uploads\/2020\/12\/149924168_3719952008087592_5562982861244274225_n.jpg\" \/>\n<meta name=\"twitter:creator\" content=\"@TheGreenerGoodF\" \/>\n<meta name=\"twitter:site\" content=\"@TheGreenerGoodF\" \/>\n<script type=\"application\/ld+json\" class=\"yoast-schema-graph\">{\"@context\":\"https:\/\/schema.org\",\"@graph\":[{\"@type\":\"Organization\",\"@id\":\"https:\/\/map.thegreenergood.fr\/#organization\",\"name\":\"The Greener Good\",\"url\":\"https:\/\/map.thegreenergood.fr\/\",\"sameAs\":[\"https:\/\/www.facebook.com\/thegreenergoodFR\/\",\"https:\/\/www.instagram.com\/the_greener_good\/\",\"https:\/\/www.youtube.com\/channel\/UCHW2zAiIK5dMOJKqBSv3G4A\",\"https:\/\/twitter.com\/TheGreenerGoodF\"],\"logo\":{\"@type\":\"ImageObject\",\"@id\":\"https:\/\/map.thegreenergood.fr\/#logo\",\"inLanguage\":\"fr-FR\",\"url\":\"\",\"caption\":\"The Greener Good\"},\"image\":{\"@id\":\"https:\/\/map.thegreenergood.fr\/#logo\"}},{\"@type\":\"WebSite\",\"@id\":\"https:\/\/map.thegreenergood.fr\/#website\",\"url\":\"https:\/\/map.thegreenergood.fr\/\",\"name\":\"Guide Greener\",\"description\":\"Adresses \\u00e9coresponsables du Grand Lyon\",\"publisher\":{\"@id\":\"https:\/\/map.thegreenergood.fr\/#organization\"},\"potentialAction\":[{\"@type\":\"SearchAction\",\"target\":\"https:\/\/map.thegreenergood.fr\/?s={search_term_string}\",\"query-input\":\"required name=search_term_string\"}],\"inLanguage\":\"fr-FR\"},{\"@type\":\"WebPage\",\"@id\":\"https:\/\/map.thegreenergood.fr\/index.php\/acteurs\/artisans-du-monde\/#webpage\",\"url\":\"https:\/\/map.thegreenergood.fr\/index.php\/acteurs\/artisans-du-monde\/\",\"name\":\"Artisans du monde Lyon Ouest - Artisanat \\u00e9quitable - The Greener Map\",\"isPartOf\":{\"@id\":\"https:\/\/map.thegreenergood.fr\/#website\"},\"datePublished\":\"2020-12-12T16:23:23+00:00\",\"dateModified\":\"2023-11-04T08:41:49+00:00\",\"description\":\"Artisans du monde Lyon Ouest est une boutique de l'association, de m\\u00eame nom, mettant en avant tous types de produits artisanaux issus du commerce \\u00e9quitable.\",\"inLanguage\":\"fr-FR\",\"potentialAction\":[{\"@type\":\"ReadAction\",\"target\":[\"https:\/\/map.thegreenergood.fr\/index.php\/acteurs\/artisans-du-monde\/\"]}]}]}<\/script>\n<!-- \/ Yoast SEO plugin. -->","jetpack_sharing_enabled":true,"_links":{"self":[{"href":"https:\/\/map.thegreenergood.fr\/index.php\/wp-json\/wp\/v2\/job-listings\/22546"}],"collection":[{"href":"https:\/\/map.thegreenergood.fr\/index.php\/wp-json\/wp\/v2\/job-listings"}],"about":[{"href":"https:\/\/map.thegreenergood.fr\/index.php\/wp-json\/wp\/v2\/types\/job_listing"}],"replies":[{"embeddable":true,"href":"https:\/\/map.thegreenergood.fr\/index.php\/wp-json\/wp\/v2\/comments?post=22546"}],"wp:attachment":[{"href":"https:\/\/map.thegreenergood.fr\/index.php\/wp-json\/wp\/v2\/media?parent=22546"}],"wp:term":[{"taxonomy":"job_listing_region","embeddable":true,"href":"https:\/\/map.thegreenergood.fr\/index.php\/wp-json\/wp\/v2\/job_listing_region?post=22546"},{"taxonomy":"job_listing_category","embeddable":true,"href":"https:\/\/map.thegreenergood.fr\/index.php\/wp-json\/wp\/v2\/job-categories?post=22546"},{"taxonomy":"job_listing_type","embeddable":true,"href":"https:\/\/map.thegreenergood.fr\/index.php\/wp-json\/wp\/v2\/job-types?post=22546"},{"taxonomy":"job_listing_tag","embeddable":true,"href":"https:\/\/map.thegreenergood.fr\/index.php\/wp-json\/wp\/v2\/job_listing_tag?post=22546"}],"curies":[{"name":"wp","href":"https:\/\/api.w.org\/{rel}","templated":true}]}}

<p>Artisans du monde est une association nationale créée en 1974. Elle promeut un commerce équitable permettant aux artisans et paysans partenaires, de vivre décemment de leur travail dans le respect des droits humains fondamentaux.</p>
<p>Notre boutique vous propose un grand choix d&rsquo;articles d&rsquo;artisanat fabriqués dans le respect de l&rsquo;environnement et des produits d&rsquo;épicerie bio.</p>
<p>Notre équipe de bénévoles intervient pour des animations, informations, ateliers, sur le commerce équitable. Ses principes et filières dans les établissements scolaires, les MJC et centres sociaux.</p>

Promouvoir le commerce équitable par la vente et l'information

35 avenue de Ménival 69005 Lyon

<!-- This site is optimized with the Yoast SEO plugin v14.4.1 - https://yoast.com/wordpress/plugins/seo/ -->
<title>Artisans du monde Lyon Ouest - Artisanat équitable - The Greener Map</title>
<meta name="description" content="Artisans du monde Lyon Ouest est une boutique de l&#039;association, de même nom, mettant en avant tous types de produits artisanaux issus du commerce équitable." />
<meta name="robots" content="index, follow" />
<meta name="googlebot" content="index, follow, max-snippet:-1, max-image-preview:large, max-video-preview:-1" />
<meta name="bingbot" content="index, follow, max-snippet:-1, max-image-preview:large, max-video-preview:-1" />
<link rel="canonical" href="https://map.thegreenergood.fr/index.php/acteurs/artisans-du-monde/" />
<meta property="og:locale" content="fr_FR" />
<meta property="og:type" content="article" />
<meta property="og:title" content="Artisans du monde Lyon Ouest - Artisanat équitable - The Greener Map" />
<meta property="og:description" content="Artisans du monde Lyon Ouest est une boutique de l&#039;association, de même nom, mettant en avant tous types de produits artisanaux issus du commerce équitable." />
<meta property="og:url" content="https://map.thegreenergood.fr/index.php/acteurs/artisans-du-monde/" />
<meta property="og:site_name" content="The Greener Map" />
<meta property="article:publisher" content="https://www.facebook.com/thegreenergoodFR/" />
<meta property="article:modified_time" content="2023-11-04T08:41:49+00:00" />
<meta property="og:image" content="https://map.thegreenergood.fr/wp-content/uploads/2020/12/149924168_3719952008087592_5562982861244274225_n.jpg" />
<meta name="twitter:card" content="summary_large_image" />
<meta name="twitter:image" content="https://map.thegreenergood.fr/wp-content/uploads/2020/12/149924168_3719952008087592_5562982861244274225_n.jpg" />
<meta name="twitter:creator" content="@TheGreenerGoodF" />
<meta name="twitter:site" content="@TheGreenerGoodF" />
<script type="application/ld+json" class="yoast-schema-graph">{"@context":"https://schema.org","@graph":[{"@type":"Organization","@id":"https://map.thegreenergood.fr/#organization","name":"The Greener Good","url":"https://map.thegreenergood.fr/","sameAs":["https://www.facebook.com/thegreenergoodFR/","https://www.instagram.com/the_greener_good/","https://www.youtube.com/channel/UCHW2zAiIK5dMOJKqBSv3G4A","https://twitter.com/TheGreenerGoodF"],"logo":{"@type":"ImageObject","@id":"https://map.thegreenergood.fr/#logo","inLanguage":"fr-FR","url":"","caption":"The Greener Good"},"image":{"@id":"https://map.thegreenergood.fr/#logo"}},{"@type":"WebSite","@id":"https://map.thegreenergood.fr/#website","url":"https://map.thegreenergood.fr/","name":"Guide Greener","description":"Adresses \u00e9coresponsables du Grand Lyon","publisher":{"@id":"https://map.thegreenergood.fr/#organization"},"potentialAction":[{"@type":"SearchAction","target":"https://map.thegreenergood.fr/?s={search_term_string}","query-input":"required name=search_term_string"}],"inLanguage":"fr-FR"},{"@type":"WebPage","@id":"https://map.thegreenergood.fr/index.php/acteurs/artisans-du-monde/#webpage","url":"https://map.thegreenergood.fr/index.php/acteurs/artisans-du-monde/","name":"Artisans du monde Lyon Ouest - Artisanat \u00e9quitable - The Greener Map","isPartOf":{"@id":"https://map.thegreenergood.fr/#website"},"datePublished":"2020-12-12T16:23:23+00:00","dateModified":"2023-11-04T08:41:49+00:00","description":"Artisans du monde Lyon Ouest est une boutique de l'association, de m\u00eame nom, mettant en avant tous types de produits artisanaux issus du commerce \u00e9quitable.","inLanguage":"fr-FR","potentialAction":[{"@type":"ReadAction","target":["https://map.thegreenergood.fr/index.php/acteurs/artisans-du-monde/"]}]}]}</script>
<!-- / Yoast SEO plugin. -->
