{"id":22606,"date":"2021-01-09T13:11:24","date_gmt":"2021-01-09T12:11:24","guid":{"rendered":"https:\/\/map.thegreenergood.fr\/index.php\/acteurs\/21-rue-imbert-colomes-69001-lyon-toutes-les-couleurs\/"},"modified":"2024-02-08T17:52:58","modified_gmt":"2024-02-08T16:52:58","slug":"toutes-les-couleurs","status":"publish","type":"job_listing","link":"https:\/\/map.thegreenergood.fr\/index.php\/acteurs\/toutes-les-couleurs\/","title":{"rendered":"Toutes Les Couleurs"},"content":{"rendered":"<p>Nous avons voulu imaginer un endroit chaleureux : une place o\u00f9 il fait bon \u00eatre, partager et rire. O\u00f9 est propos\u00e9e de la nourriture saine, biologique, v\u00e9g\u00e9talienne et faite avec amour. Nous avons voulu que vous vous sentiez chez vous. Nous avons donc ouvert un lieu \u00e0 cette image.<\/p>\n<p>L&rsquo;alimentation tout d&rsquo;abord : une nourriture saine, biologique, \u00e0 maxima saisonni\u00e8re et locale.<\/p>\n<p>Les porteurs du projet : une \u00e9quipe de 5 citoyen.ne.s qui cherchaient une mani\u00e8re de manifester les valeurs d&rsquo;accueil, de plaisir, d&rsquo;\u00e9changes, d&rsquo;entraide et de solidarit\u00e9.<\/p>\n<p>Saupoudrez d&rsquo;envie ce projet de compost, z\u00e9ro d\u00e9chet, \u00e9changes associatifs, \u00e9nergies vertes. Puis faire d\u00e9couvrir les possibilit\u00e9s immenses de la nourriture v\u00e9g\u00e9tale. Jouer avec les formes, les classiques de la cuisine fran\u00e7aise et du monde, r\u00e9inventer, respecter les \u00eatres vivants, &#8230; un vrai r\u00e9gal \ud83d\ude42<\/p>\n<p>Et une \u00e9quipe de choc, color\u00e9e et engag\u00e9e, pour cr\u00e9er ce concert gustatif de peps \u00e0 mettre dans vos assiettes !<\/p>\n<p>Vous, nous, tous ensemble : le c\u0153ur de ce projet. De vous voir franchir ce lieu de vie, y amener votre \u00e9nergie et de cr\u00e9er ensemble un monde qui nous met en joie.<\/p>\n","protected":false},"featured_media":0,"comment_status":"open","ping_status":"closed","template":"","meta":{"_exactmetrics_skip_tracking":false,"_exactmetrics_sitenote_active":false,"_exactmetrics_sitenote_note":"","_exactmetrics_sitenote_category":0,"spay_email":"","_company_tagline":"Cuisine v\u00e9g\u00e9talienne bio au fil des saisons","_job_location":"26 rue Imbert Colom\u00e8s 69001 LYON","_company_website":"https:\/\/www.touteslescouleurs.fr\/","_company_twitter":"","_filled":0,"_featured":0,"jetpack_publicize_message":"","jetpack_is_tweetstorm":false,"jetpack_publicize_feature_enabled":true},"job_listing_region":[127,96,97],"job-categories":[46,60,32],"job-types":[],"job_listing_tag":[104,103,87,94,90,89,92],"jetpack_publicize_connections":[],"yoast_head":"<!-- This site is optimized with the Yoast SEO plugin v14.4.1 - https:\/\/yoast.com\/wordpress\/plugins\/seo\/ -->\n<title>Toutes les couleurs - Restaurant traiteur bio et vegan - The Greener Map<\/title>\n<meta name=\"description\" content=\"Toutes les couleurs est un restaurant-traiteur engag\u00e9 qui vous propose une cuisine bio et v\u00e9g\u00e9talienne qui met du peps \u00e0 vos assiettes !\" \/>\n<meta name=\"robots\" content=\"index, follow\" \/>\n<meta name=\"googlebot\" content=\"index, follow, max-snippet:-1, max-image-preview:large, max-video-preview:-1\" \/>\n<meta name=\"bingbot\" content=\"index, follow, max-snippet:-1, max-image-preview:large, max-video-preview:-1\" \/>\n<link rel=\"canonical\" href=\"https:\/\/map.thegreenergood.fr\/index.php\/acteurs\/toutes-les-couleurs\/\" \/>\n<meta property=\"og:locale\" content=\"fr_FR\" \/>\n<meta property=\"og:type\" content=\"article\" \/>\n<meta property=\"og:title\" content=\"Toutes les couleurs - Restaurant traiteur bio et vegan - The Greener Map\" \/>\n<meta property=\"og:description\" content=\"Toutes les couleurs est un restaurant-traiteur engag\u00e9 qui vous propose une cuisine bio et v\u00e9g\u00e9talienne qui met du peps \u00e0 vos assiettes !\" \/>\n<meta property=\"og:url\" content=\"https:\/\/map.thegreenergood.fr\/index.php\/acteurs\/toutes-les-couleurs\/\" \/>\n<meta property=\"og:site_name\" content=\"The Greener Map\" \/>\n<meta property=\"article:publisher\" content=\"https:\/\/www.facebook.com\/thegreenergoodFR\/\" \/>\n<meta property=\"article:modified_time\" content=\"2024-02-08T16:52:58+00:00\" \/>\n<meta property=\"og:image\" content=\"https:\/\/map.thegreenergood.fr\/wp-content\/uploads\/job-manager-uploads\/main_image\/2021\/01\/Curry-de-lgumes.jpeg\" \/>\n<meta name=\"twitter:card\" content=\"summary_large_image\" \/>\n<meta name=\"twitter:image\" content=\"https:\/\/map.thegreenergood.fr\/wp-content\/uploads\/job-manager-uploads\/main_image\/2021\/01\/Curry-de-lgumes.jpeg\" \/>\n<meta name=\"twitter:creator\" content=\"@TheGreenerGoodF\" \/>\n<meta name=\"twitter:site\" content=\"@TheGreenerGoodF\" \/>\n<script type=\"application\/ld+json\" class=\"yoast-schema-graph\">{\"@context\":\"https:\/\/schema.org\",\"@graph\":[{\"@type\":\"Organization\",\"@id\":\"https:\/\/map.thegreenergood.fr\/#organization\",\"name\":\"The Greener Good\",\"url\":\"https:\/\/map.thegreenergood.fr\/\",\"sameAs\":[\"https:\/\/www.facebook.com\/thegreenergoodFR\/\",\"https:\/\/www.instagram.com\/the_greener_good\/\",\"https:\/\/www.youtube.com\/channel\/UCHW2zAiIK5dMOJKqBSv3G4A\",\"https:\/\/twitter.com\/TheGreenerGoodF\"],\"logo\":{\"@type\":\"ImageObject\",\"@id\":\"https:\/\/map.thegreenergood.fr\/#logo\",\"inLanguage\":\"fr-FR\",\"url\":\"\",\"caption\":\"The Greener Good\"},\"image\":{\"@id\":\"https:\/\/map.thegreenergood.fr\/#logo\"}},{\"@type\":\"WebSite\",\"@id\":\"https:\/\/map.thegreenergood.fr\/#website\",\"url\":\"https:\/\/map.thegreenergood.fr\/\",\"name\":\"Guide Greener\",\"description\":\"Adresses \\u00e9coresponsables du Grand Lyon\",\"publisher\":{\"@id\":\"https:\/\/map.thegreenergood.fr\/#organization\"},\"potentialAction\":[{\"@type\":\"SearchAction\",\"target\":\"https:\/\/map.thegreenergood.fr\/?s={search_term_string}\",\"query-input\":\"required name=search_term_string\"}],\"inLanguage\":\"fr-FR\"},{\"@type\":\"WebPage\",\"@id\":\"https:\/\/map.thegreenergood.fr\/index.php\/acteurs\/toutes-les-couleurs\/#webpage\",\"url\":\"https:\/\/map.thegreenergood.fr\/index.php\/acteurs\/toutes-les-couleurs\/\",\"name\":\"Toutes les couleurs - Restaurant traiteur bio et vegan - The Greener Map\",\"isPartOf\":{\"@id\":\"https:\/\/map.thegreenergood.fr\/#website\"},\"datePublished\":\"2021-01-09T12:11:24+00:00\",\"dateModified\":\"2024-02-08T16:52:58+00:00\",\"description\":\"Toutes les couleurs est un restaurant-traiteur engag\\u00e9 qui vous propose une cuisine bio et v\\u00e9g\\u00e9talienne qui met du peps \\u00e0 vos assiettes !\",\"inLanguage\":\"fr-FR\",\"potentialAction\":[{\"@type\":\"ReadAction\",\"target\":[\"https:\/\/map.thegreenergood.fr\/index.php\/acteurs\/toutes-les-couleurs\/\"]}]}]}<\/script>\n<!-- \/ Yoast SEO plugin. -->","jetpack_sharing_enabled":true,"_links":{"self":[{"href":"https:\/\/map.thegreenergood.fr\/index.php\/wp-json\/wp\/v2\/job-listings\/22606"}],"collection":[{"href":"https:\/\/map.thegreenergood.fr\/index.php\/wp-json\/wp\/v2\/job-listings"}],"about":[{"href":"https:\/\/map.thegreenergood.fr\/index.php\/wp-json\/wp\/v2\/types\/job_listing"}],"replies":[{"embeddable":true,"href":"https:\/\/map.thegreenergood.fr\/index.php\/wp-json\/wp\/v2\/comments?post=22606"}],"wp:attachment":[{"href":"https:\/\/map.thegreenergood.fr\/index.php\/wp-json\/wp\/v2\/media?parent=22606"}],"wp:term":[{"taxonomy":"job_listing_region","embeddable":true,"href":"https:\/\/map.thegreenergood.fr\/index.php\/wp-json\/wp\/v2\/job_listing_region?post=22606"},{"taxonomy":"job_listing_category","embeddable":true,"href":"https:\/\/map.thegreenergood.fr\/index.php\/wp-json\/wp\/v2\/job-categories?post=22606"},{"taxonomy":"job_listing_type","embeddable":true,"href":"https:\/\/map.thegreenergood.fr\/index.php\/wp-json\/wp\/v2\/job-types?post=22606"},{"taxonomy":"job_listing_tag","embeddable":true,"href":"https:\/\/map.thegreenergood.fr\/index.php\/wp-json\/wp\/v2\/job_listing_tag?post=22606"}],"curies":[{"name":"wp","href":"https:\/\/api.w.org\/{rel}","templated":true}]}}

<p>Nous avons voulu imaginer un endroit chaleureux : une place où il fait bon être, partager et rire. Où est proposée de la nourriture saine, biologique, végétalienne et faite avec amour. Nous avons voulu que vous vous sentiez chez vous. Nous avons donc ouvert un lieu à cette image.</p>
<p>L&rsquo;alimentation tout d&rsquo;abord : une nourriture saine, biologique, à maxima saisonnière et locale.</p>
<p>Les porteurs du projet : une équipe de 5 citoyen.ne.s qui cherchaient une manière de manifester les valeurs d&rsquo;accueil, de plaisir, d&rsquo;échanges, d&rsquo;entraide et de solidarité.</p>
<p>Saupoudrez d&rsquo;envie ce projet de compost, zéro déchet, échanges associatifs, énergies vertes. Puis faire découvrir les possibilités immenses de la nourriture végétale. Jouer avec les formes, les classiques de la cuisine française et du monde, réinventer, respecter les êtres vivants, &#8230; un vrai régal 🙂</p>
<p>Et une équipe de choc, colorée et engagée, pour créer ce concert gustatif de peps à mettre dans vos assiettes !</p>
<p>Vous, nous, tous ensemble : le cœur de ce projet. De vous voir franchir ce lieu de vie, y amener votre énergie et de créer ensemble un monde qui nous met en joie.</p>

Cuisine végétalienne bio au fil des saisons

26 rue Imbert Colomès 69001 LYON

<!-- This site is optimized with the Yoast SEO plugin v14.4.1 - https://yoast.com/wordpress/plugins/seo/ -->
<title>Toutes les couleurs - Restaurant traiteur bio et vegan - The Greener Map</title>
<meta name="description" content="Toutes les couleurs est un restaurant-traiteur engagé qui vous propose une cuisine bio et végétalienne qui met du peps à vos assiettes !" />
<meta name="robots" content="index, follow" />
<meta name="googlebot" content="index, follow, max-snippet:-1, max-image-preview:large, max-video-preview:-1" />
<meta name="bingbot" content="index, follow, max-snippet:-1, max-image-preview:large, max-video-preview:-1" />
<link rel="canonical" href="https://map.thegreenergood.fr/index.php/acteurs/toutes-les-couleurs/" />
<meta property="og:locale" content="fr_FR" />
<meta property="og:type" content="article" />
<meta property="og:title" content="Toutes les couleurs - Restaurant traiteur bio et vegan - The Greener Map" />
<meta property="og:description" content="Toutes les couleurs est un restaurant-traiteur engagé qui vous propose une cuisine bio et végétalienne qui met du peps à vos assiettes !" />
<meta property="og:url" content="https://map.thegreenergood.fr/index.php/acteurs/toutes-les-couleurs/" />
<meta property="og:site_name" content="The Greener Map" />
<meta property="article:publisher" content="https://www.facebook.com/thegreenergoodFR/" />
<meta property="article:modified_time" content="2024-02-08T16:52:58+00:00" />
<meta property="og:image" content="https://map.thegreenergood.fr/wp-content/uploads/job-manager-uploads/main_image/2021/01/Curry-de-lgumes.jpeg" />
<meta name="twitter:card" content="summary_large_image" />
<meta name="twitter:image" content="https://map.thegreenergood.fr/wp-content/uploads/job-manager-uploads/main_image/2021/01/Curry-de-lgumes.jpeg" />
<meta name="twitter:creator" content="@TheGreenerGoodF" />
<meta name="twitter:site" content="@TheGreenerGoodF" />
<script type="application/ld+json" class="yoast-schema-graph">{"@context":"https://schema.org","@graph":[{"@type":"Organization","@id":"https://map.thegreenergood.fr/#organization","name":"The Greener Good","url":"https://map.thegreenergood.fr/","sameAs":["https://www.facebook.com/thegreenergoodFR/","https://www.instagram.com/the_greener_good/","https://www.youtube.com/channel/UCHW2zAiIK5dMOJKqBSv3G4A","https://twitter.com/TheGreenerGoodF"],"logo":{"@type":"ImageObject","@id":"https://map.thegreenergood.fr/#logo","inLanguage":"fr-FR","url":"","caption":"The Greener Good"},"image":{"@id":"https://map.thegreenergood.fr/#logo"}},{"@type":"WebSite","@id":"https://map.thegreenergood.fr/#website","url":"https://map.thegreenergood.fr/","name":"Guide Greener","description":"Adresses \u00e9coresponsables du Grand Lyon","publisher":{"@id":"https://map.thegreenergood.fr/#organization"},"potentialAction":[{"@type":"SearchAction","target":"https://map.thegreenergood.fr/?s={search_term_string}","query-input":"required name=search_term_string"}],"inLanguage":"fr-FR"},{"@type":"WebPage","@id":"https://map.thegreenergood.fr/index.php/acteurs/toutes-les-couleurs/#webpage","url":"https://map.thegreenergood.fr/index.php/acteurs/toutes-les-couleurs/","name":"Toutes les couleurs - Restaurant traiteur bio et vegan - The Greener Map","isPartOf":{"@id":"https://map.thegreenergood.fr/#website"},"datePublished":"2021-01-09T12:11:24+00:00","dateModified":"2024-02-08T16:52:58+00:00","description":"Toutes les couleurs est un restaurant-traiteur engag\u00e9 qui vous propose une cuisine bio et v\u00e9g\u00e9talienne qui met du peps \u00e0 vos assiettes !","inLanguage":"fr-FR","potentialAction":[{"@type":"ReadAction","target":["https://map.thegreenergood.fr/index.php/acteurs/toutes-les-couleurs/"]}]}]}</script>
<!-- / Yoast SEO plugin. -->
