{"id":22620,"date":"2021-01-11T15:39:14","date_gmt":"2021-01-11T14:39:14","guid":{"rendered":"https:\/\/map.thegreenergood.fr\/index.php\/acteurs\/107-rue-laennec-69008-lyon-epi-cest-bon\/"},"modified":"2023-07-04T17:12:07","modified_gmt":"2023-07-04T15:12:07","slug":"epi-cest-bon","status":"publish","type":"job_listing","link":"https:\/\/map.thegreenergood.fr\/index.php\/acteurs\/epi-cest-bon\/","title":{"rendered":"Epi c&rsquo;est bon !"},"content":{"rendered":"<p>Epi c\u2019est bon ! est un lieu de cr\u00e9ation de lien social autour de la consommation \u00e9co-responsable, pour et par tous et toutes ! Ce lieu accueille en son sein une \u00e9picerie coop\u00e9rative, une cantine \u00e9co-solidaire, et un lieu d\u2019animation.<\/p>\n<h5><strong><em>Le concept ?<\/em> <\/strong><\/h5>\n<p>Une volont\u00e9 de cr\u00e9er du lien entre les personnes sans stigmatiser. Nous croyons en la g\u00e9n\u00e9rosit\u00e9, en la solidarit\u00e9 qui est pr\u00e9sente en chacun.e d\u2019entre nous et la volont\u00e9 d\u2019\u00eatre ensemble et de partager.<br \/>\nUn lieu pour tous et toutes pour cr\u00e9er du lien, laisser s\u2019exprimer les solidarit\u00e9s, faire le choix de son alimentation, \u00eatre acteur\/trice de la r\u00e9solution de ses probl\u00e8mes, lutter contre le gaspillage alimentaire, r\u00e9duire les d\u00e9chets.<br \/>\nNous avons conscience que chacun.e avec ses moyens, m\u00eame faibles, peut \u00eatre acteur\/trice du changement (r\u00e9sorber une dette, manger plus sainement, donner de son temps, de son argent, aller \u00e0 la rencontre de l\u2019autre,\u2026).<\/p>\n<h5><em><strong>\u00c0 qui s\u2019adresse ce lieu ?<\/strong><\/em><\/h5>\n<p>Tout public. Ce lieu se vaudra d&rsquo;accueillir les personnes habitant ou travaillant \u00e0 proximit\u00e9.<\/p>\n<h5><strong><em>L\u2019\u00e9picerie :<\/em><\/strong><\/h5>\n<p>Pour le public social appel\u00e9 aussi \u00ab coop\u00e9rateur\/trice social \u00bb : <span style=\"color: inherit; font-family: inherit; font-size: inherit;\">Vente de denr\u00e9es alimentaires et produits d\u2019hygi\u00e8ne issues de la \u00ab ramasse \u00bb aupr\u00e8s des grandes surfaces et commerces de proximit\u00e9s (boulangeries, march\u00e9s locaux\u2026).<\/span><\/p>\n<ul>\n<li>Produits provenant d\u2019achats group\u00e9s et vente \u00ab en vrac \u00bb.<\/li>\n<li>Produits issus de l\u2019agriculture biologique et\/ou en circuit court (moins de 150 km de Lyon). Vente de paniers de fruits et l\u00e9gumes de saison sans engagement sur la dur\u00e9e, \u00e0 une tarification dite \u00ab sociale \u00bb.<\/li>\n<\/ul>\n<p>Pour le public dit \u00ab coop\u00e9rateur\/trice\u00a0solidaire\u00a0\u00bb : denr\u00e9es alimentaires exclusivement.<\/p>\n<ul>\n<li>Produits provenant d\u2019achats group\u00e9s et vente \u00ab en vrac \u00bb (des f\u00e9culents et l\u00e9gumineuses). &#8211;<\/li>\n<li>Produits issus de l\u2019agriculture biologique et\/ou en circuit court (moins de 150 km de Lyon).<\/li>\n<li>Vente de paniers de fruits et l\u00e9gumes de saison sans engagement sur la dur\u00e9e, \u00e0 une tarification dite \u00ab solidaire \u00bb.<\/li>\n<\/ul>\n<h5><em><strong>La cantine :<\/strong><\/em><\/h5>\n<p>Dans le prolongement de la dynamique globale du projet, notamment sa volont\u00e9 de cr\u00e9er du lien, la cantine \u00e9co solidaire a vocation \u00e0 lutter contre le gaspillage alimentaire et aussi r\u00e9duire les d\u00e9chets g\u00e9n\u00e9r\u00e9s par le lieu (tendre vers le z\u00e9ro d\u00e9chet).<br \/>\nUne cuisine participative o\u00f9 tout le monde est cuisinier et cuisini\u00e8re dans la globalit\u00e9 des taches\u00a0:<br \/>\nApprovisionnement des denr\u00e9es, confection des menus, d\u00e9coupe et pr\u00e9paration des plats, mise en salle, accueil, services, rangement, tri et nettoyage.<\/p>\n<h5><strong>Epi c\u2019est bon ! c\u2019est aussi :<\/strong><\/h5>\n<p>&#8211; Du bon pour la sant\u00e9 et l\u2019environnement<br \/>\n&#8211; Du local pour soutenir les producteurs<br \/>\n&#8211; Du vrac pour participer \u00e0 la r\u00e9duction des d\u00e9chets<br \/>\n&#8211; Des jeux et de la lecture pour favoriser l\u2019\u00e9change, la convivialit\u00e9 et l\u2019interg\u00e9n\u00e9rationnel<br \/>\n&#8211; Des repas cuisin\u00e9s et partag\u00e9s pour cr\u00e9er du lien<\/p>\n","protected":false},"featured_media":0,"comment_status":"open","ping_status":"closed","template":"","meta":{"_exactmetrics_skip_tracking":false,"_exactmetrics_sitenote_active":false,"_exactmetrics_sitenote_note":"","_exactmetrics_sitenote_category":0,"spay_email":"","_company_tagline":"Epicerie et cantine solidaire et sociale","_job_location":"107 Rue Laennec 69008 LYON","_company_website":"https:\/\/epicestbon.fr\/","_company_twitter":"","_filled":0,"_featured":0,"jetpack_publicize_message":"","jetpack_is_tweetstorm":false,"jetpack_publicize_feature_enabled":true},"job_listing_region":[127,96,111],"job-categories":[46,86,122,60],"job-types":[],"job_listing_tag":[87,91,92],"jetpack_publicize_connections":[],"yoast_head":"<!-- This site is optimized with the Yoast SEO plugin v14.4.1 - https:\/\/yoast.com\/wordpress\/plugins\/seo\/ -->\n<title>Epi c&#039;est bon ! - Epicerie et cantine solidaire et sociale - The Greener Map<\/title>\n<meta name=\"description\" content=\"Epi c\u2019est bon ! est un lieu de cr\u00e9ation de lien social autour de la consommation \u00e9co-responsable, pour et par tous et toutes !\" \/>\n<meta name=\"robots\" content=\"index, follow\" \/>\n<meta name=\"googlebot\" content=\"index, follow, max-snippet:-1, max-image-preview:large, max-video-preview:-1\" \/>\n<meta name=\"bingbot\" content=\"index, follow, max-snippet:-1, max-image-preview:large, max-video-preview:-1\" \/>\n<link rel=\"canonical\" href=\"https:\/\/map.thegreenergood.fr\/index.php\/acteurs\/epi-cest-bon\/\" \/>\n<meta property=\"og:locale\" content=\"fr_FR\" \/>\n<meta property=\"og:type\" content=\"article\" \/>\n<meta property=\"og:title\" content=\"Epi c&#039;est bon ! - Epicerie et cantine solidaire et sociale - The Greener Map\" \/>\n<meta property=\"og:description\" content=\"Epi c\u2019est bon ! est un lieu de cr\u00e9ation de lien social autour de la consommation \u00e9co-responsable, pour et par tous et toutes !\" \/>\n<meta property=\"og:url\" content=\"https:\/\/map.thegreenergood.fr\/index.php\/acteurs\/epi-cest-bon\/\" \/>\n<meta property=\"og:site_name\" content=\"The Greener Map\" \/>\n<meta property=\"article:publisher\" content=\"https:\/\/www.facebook.com\/thegreenergoodFR\/\" \/>\n<meta property=\"article:modified_time\" content=\"2023-07-04T15:12:07+00:00\" \/>\n<meta property=\"og:image\" content=\"https:\/\/map.thegreenergood.fr\/wp-content\/uploads\/job-manager-uploads\/main_image\/2021\/01\/D966FAD7-5459-4776-B7A4-1B0F87364CA6.jpg\" \/>\n<meta name=\"twitter:card\" content=\"summary_large_image\" \/>\n<meta name=\"twitter:image\" content=\"https:\/\/map.thegreenergood.fr\/wp-content\/uploads\/job-manager-uploads\/main_image\/2021\/01\/D966FAD7-5459-4776-B7A4-1B0F87364CA6.jpg\" \/>\n<meta name=\"twitter:creator\" content=\"@TheGreenerGoodF\" \/>\n<meta name=\"twitter:site\" content=\"@TheGreenerGoodF\" \/>\n<script type=\"application\/ld+json\" class=\"yoast-schema-graph\">{\"@context\":\"https:\/\/schema.org\",\"@graph\":[{\"@type\":\"Organization\",\"@id\":\"https:\/\/map.thegreenergood.fr\/#organization\",\"name\":\"The Greener Good\",\"url\":\"https:\/\/map.thegreenergood.fr\/\",\"sameAs\":[\"https:\/\/www.facebook.com\/thegreenergoodFR\/\",\"https:\/\/www.instagram.com\/the_greener_good\/\",\"https:\/\/www.youtube.com\/channel\/UCHW2zAiIK5dMOJKqBSv3G4A\",\"https:\/\/twitter.com\/TheGreenerGoodF\"],\"logo\":{\"@type\":\"ImageObject\",\"@id\":\"https:\/\/map.thegreenergood.fr\/#logo\",\"inLanguage\":\"fr-FR\",\"url\":\"\",\"caption\":\"The Greener Good\"},\"image\":{\"@id\":\"https:\/\/map.thegreenergood.fr\/#logo\"}},{\"@type\":\"WebSite\",\"@id\":\"https:\/\/map.thegreenergood.fr\/#website\",\"url\":\"https:\/\/map.thegreenergood.fr\/\",\"name\":\"Guide Greener\",\"description\":\"Adresses \\u00e9coresponsables du Grand Lyon\",\"publisher\":{\"@id\":\"https:\/\/map.thegreenergood.fr\/#organization\"},\"potentialAction\":[{\"@type\":\"SearchAction\",\"target\":\"https:\/\/map.thegreenergood.fr\/?s={search_term_string}\",\"query-input\":\"required name=search_term_string\"}],\"inLanguage\":\"fr-FR\"},{\"@type\":\"WebPage\",\"@id\":\"https:\/\/map.thegreenergood.fr\/index.php\/acteurs\/epi-cest-bon\/#webpage\",\"url\":\"https:\/\/map.thegreenergood.fr\/index.php\/acteurs\/epi-cest-bon\/\",\"name\":\"Epi c'est bon ! - Epicerie et cantine solidaire et sociale - The Greener Map\",\"isPartOf\":{\"@id\":\"https:\/\/map.thegreenergood.fr\/#website\"},\"datePublished\":\"2021-01-11T14:39:14+00:00\",\"dateModified\":\"2023-07-04T15:12:07+00:00\",\"description\":\"Epi c\\u2019est bon ! est un lieu de cr\\u00e9ation de lien social autour de la consommation \\u00e9co-responsable, pour et par tous et toutes !\",\"inLanguage\":\"fr-FR\",\"potentialAction\":[{\"@type\":\"ReadAction\",\"target\":[\"https:\/\/map.thegreenergood.fr\/index.php\/acteurs\/epi-cest-bon\/\"]}]}]}<\/script>\n<!-- \/ Yoast SEO plugin. -->","jetpack_sharing_enabled":true,"_links":{"self":[{"href":"https:\/\/map.thegreenergood.fr\/index.php\/wp-json\/wp\/v2\/job-listings\/22620"}],"collection":[{"href":"https:\/\/map.thegreenergood.fr\/index.php\/wp-json\/wp\/v2\/job-listings"}],"about":[{"href":"https:\/\/map.thegreenergood.fr\/index.php\/wp-json\/wp\/v2\/types\/job_listing"}],"replies":[{"embeddable":true,"href":"https:\/\/map.thegreenergood.fr\/index.php\/wp-json\/wp\/v2\/comments?post=22620"}],"wp:attachment":[{"href":"https:\/\/map.thegreenergood.fr\/index.php\/wp-json\/wp\/v2\/media?parent=22620"}],"wp:term":[{"taxonomy":"job_listing_region","embeddable":true,"href":"https:\/\/map.thegreenergood.fr\/index.php\/wp-json\/wp\/v2\/job_listing_region?post=22620"},{"taxonomy":"job_listing_category","embeddable":true,"href":"https:\/\/map.thegreenergood.fr\/index.php\/wp-json\/wp\/v2\/job-categories?post=22620"},{"taxonomy":"job_listing_type","embeddable":true,"href":"https:\/\/map.thegreenergood.fr\/index.php\/wp-json\/wp\/v2\/job-types?post=22620"},{"taxonomy":"job_listing_tag","embeddable":true,"href":"https:\/\/map.thegreenergood.fr\/index.php\/wp-json\/wp\/v2\/job_listing_tag?post=22620"}],"curies":[{"name":"wp","href":"https:\/\/api.w.org\/{rel}","templated":true}]}}

<p>Epi c’est bon ! est un lieu de création de lien social autour de la consommation éco-responsable, pour et par tous et toutes ! Ce lieu accueille en son sein une épicerie coopérative, une cantine éco-solidaire, et un lieu d’animation.</p>
<h5><strong><em>Le concept ?</em> </strong></h5>
<p>Une volonté de créer du lien entre les personnes sans stigmatiser. Nous croyons en la générosité, en la solidarité qui est présente en chacun.e d’entre nous et la volonté d’être ensemble et de partager.<br />
Un lieu pour tous et toutes pour créer du lien, laisser s’exprimer les solidarités, faire le choix de son alimentation, être acteur/trice de la résolution de ses problèmes, lutter contre le gaspillage alimentaire, réduire les déchets.<br />
Nous avons conscience que chacun.e avec ses moyens, même faibles, peut être acteur/trice du changement (résorber une dette, manger plus sainement, donner de son temps, de son argent, aller à la rencontre de l’autre,…).</p>
<h5><em><strong>À qui s’adresse ce lieu ?</strong></em></h5>
<p>Tout public. Ce lieu se vaudra d&rsquo;accueillir les personnes habitant ou travaillant à proximité.</p>
<h5><strong><em>L’épicerie :</em></strong></h5>
<p>Pour le public social appelé aussi « coopérateur/trice social » : <span style="color: inherit; font-family: inherit; font-size: inherit;">Vente de denrées alimentaires et produits d’hygiène issues de la « ramasse » auprès des grandes surfaces et commerces de proximités (boulangeries, marchés locaux…).</span></p>
<ul>
<li>Produits provenant d’achats groupés et vente « en vrac ».</li>
<li>Produits issus de l’agriculture biologique et/ou en circuit court (moins de 150 km de Lyon). Vente de paniers de fruits et légumes de saison sans engagement sur la durée, à une tarification dite « sociale ».</li>
</ul>
<p>Pour le public dit « coopérateur/trice solidaire » : denrées alimentaires exclusivement.</p>
<ul>
<li>Produits provenant d’achats groupés et vente « en vrac » (des féculents et légumineuses). &#8211;</li>
<li>Produits issus de l’agriculture biologique et/ou en circuit court (moins de 150 km de Lyon).</li>
<li>Vente de paniers de fruits et légumes de saison sans engagement sur la durée, à une tarification dite « solidaire ».</li>
</ul>
<h5><em><strong>La cantine :</strong></em></h5>
<p>Dans le prolongement de la dynamique globale du projet, notamment sa volonté de créer du lien, la cantine éco solidaire a vocation à lutter contre le gaspillage alimentaire et aussi réduire les déchets générés par le lieu (tendre vers le zéro déchet).<br />
Une cuisine participative où tout le monde est cuisinier et cuisinière dans la globalité des taches :<br />
Approvisionnement des denrées, confection des menus, découpe et préparation des plats, mise en salle, accueil, services, rangement, tri et nettoyage.</p>
<h5><strong>Epi c’est bon ! c’est aussi :</strong></h5>
<p>&#8211; Du bon pour la santé et l’environnement<br />
&#8211; Du local pour soutenir les producteurs<br />
&#8211; Du vrac pour participer à la réduction des déchets<br />
&#8211; Des jeux et de la lecture pour favoriser l’échange, la convivialité et l’intergénérationnel<br />
&#8211; Des repas cuisinés et partagés pour créer du lien</p>

<!-- This site is optimized with the Yoast SEO plugin v14.4.1 - https://yoast.com/wordpress/plugins/seo/ -->
<title>Epi c&#039;est bon ! - Epicerie et cantine solidaire et sociale - The Greener Map</title>
<meta name="description" content="Epi c’est bon ! est un lieu de création de lien social autour de la consommation éco-responsable, pour et par tous et toutes !" />
<meta name="robots" content="index, follow" />
<meta name="googlebot" content="index, follow, max-snippet:-1, max-image-preview:large, max-video-preview:-1" />
<meta name="bingbot" content="index, follow, max-snippet:-1, max-image-preview:large, max-video-preview:-1" />
<link rel="canonical" href="https://map.thegreenergood.fr/index.php/acteurs/epi-cest-bon/" />
<meta property="og:locale" content="fr_FR" />
<meta property="og:type" content="article" />
<meta property="og:title" content="Epi c&#039;est bon ! - Epicerie et cantine solidaire et sociale - The Greener Map" />
<meta property="og:description" content="Epi c’est bon ! est un lieu de création de lien social autour de la consommation éco-responsable, pour et par tous et toutes !" />
<meta property="og:url" content="https://map.thegreenergood.fr/index.php/acteurs/epi-cest-bon/" />
<meta property="og:site_name" content="The Greener Map" />
<meta property="article:publisher" content="https://www.facebook.com/thegreenergoodFR/" />
<meta property="article:modified_time" content="2023-07-04T15:12:07+00:00" />
<meta property="og:image" content="https://map.thegreenergood.fr/wp-content/uploads/job-manager-uploads/main_image/2021/01/D966FAD7-5459-4776-B7A4-1B0F87364CA6.jpg" />
<meta name="twitter:card" content="summary_large_image" />
<meta name="twitter:image" content="https://map.thegreenergood.fr/wp-content/uploads/job-manager-uploads/main_image/2021/01/D966FAD7-5459-4776-B7A4-1B0F87364CA6.jpg" />
<meta name="twitter:creator" content="@TheGreenerGoodF" />
<meta name="twitter:site" content="@TheGreenerGoodF" />
<script type="application/ld+json" class="yoast-schema-graph">{"@context":"https://schema.org","@graph":[{"@type":"Organization","@id":"https://map.thegreenergood.fr/#organization","name":"The Greener Good","url":"https://map.thegreenergood.fr/","sameAs":["https://www.facebook.com/thegreenergoodFR/","https://www.instagram.com/the_greener_good/","https://www.youtube.com/channel/UCHW2zAiIK5dMOJKqBSv3G4A","https://twitter.com/TheGreenerGoodF"],"logo":{"@type":"ImageObject","@id":"https://map.thegreenergood.fr/#logo","inLanguage":"fr-FR","url":"","caption":"The Greener Good"},"image":{"@id":"https://map.thegreenergood.fr/#logo"}},{"@type":"WebSite","@id":"https://map.thegreenergood.fr/#website","url":"https://map.thegreenergood.fr/","name":"Guide Greener","description":"Adresses \u00e9coresponsables du Grand Lyon","publisher":{"@id":"https://map.thegreenergood.fr/#organization"},"potentialAction":[{"@type":"SearchAction","target":"https://map.thegreenergood.fr/?s={search_term_string}","query-input":"required name=search_term_string"}],"inLanguage":"fr-FR"},{"@type":"WebPage","@id":"https://map.thegreenergood.fr/index.php/acteurs/epi-cest-bon/#webpage","url":"https://map.thegreenergood.fr/index.php/acteurs/epi-cest-bon/","name":"Epi c'est bon ! - Epicerie et cantine solidaire et sociale - The Greener Map","isPartOf":{"@id":"https://map.thegreenergood.fr/#website"},"datePublished":"2021-01-11T14:39:14+00:00","dateModified":"2023-07-04T15:12:07+00:00","description":"Epi c\u2019est bon ! est un lieu de cr\u00e9ation de lien social autour de la consommation \u00e9co-responsable, pour et par tous et toutes !","inLanguage":"fr-FR","potentialAction":[{"@type":"ReadAction","target":["https://map.thegreenergood.fr/index.php/acteurs/epi-cest-bon/"]}]}]}</script>
<!-- / Yoast SEO plugin. -->
