{"id":24873,"date":"2024-03-14T22:29:19","date_gmt":"2024-03-14T21:29:19","guid":{"rendered":"https:\/\/map.thegreenergood.fr\/?post_type=job_listing&#038;p=24873"},"modified":"2024-03-14T22:33:34","modified_gmt":"2024-03-14T21:33:34","slug":"emmaus-lyon-crequi","status":"publish","type":"job_listing","link":"https:\/\/map.thegreenergood.fr\/index.php\/acteurs\/emmaus-lyon-crequi\/","title":{"rendered":"Emma\u00fcs Lyon Cr\u00e9qui"},"content":{"rendered":"<p>Connue de tous, l&rsquo;association Emma\u00fcs Lyon vous accueille dans ses 3 boutiques de la r\u00e9gion lyonnaise \u00e0 Cr\u00e9qui, Parilly-V\u00e9nissieux et Gratte Ciel.<\/p>\n<p>Notre Bric-\u00e0-Brac est une v\u00e9ritable caverne d\u2019Ali Baba. Prenez le temps de vous perdre dans les all\u00e9es, ce n\u2019est pas en cherchant que l\u2019on tombe sur la perle rare. Vous ne pourrez pas repartir les mains vides entre les v\u00eatements, accessoires, livres et jouets en abondance.<\/p>\n<p>On vous attend pour venir chiner votre bonheur en faisant des achats \u00e9cologiques et solidaires !<\/p>\n<p>Emma\u00fcs Lyon dispose \u00e9galement depuis 2 ans d&rsquo;un site de e-commerce. Gr\u00e2ce \u00e0 cette activit\u00e9, 60 compagnons, salari\u00e9s en insertion, b\u00e9n\u00e9voles et jeunes en service civiques ; ont \u00e9t\u00e9 form\u00e9s \u00e0 la gestion d\u2019une activit\u00e9 e-commerce de A \u00e0 Z. Du shooting produit au colisage, en passant par la r\u00e9daction web et la gestion de commandes.<\/p>\n<p>https:\/\/www.label-emmaus.co\/fr\/<\/p>\n","protected":false},"featured_media":0,"comment_status":"closed","ping_status":"closed","template":"","meta":{"_exactmetrics_skip_tracking":false,"_exactmetrics_sitenote_active":false,"_exactmetrics_sitenote_note":"","_exactmetrics_sitenote_category":0,"spay_email":"","_company_tagline":"","_job_location":"283 rue de Cr\u00e9qui, 69007 Lyon","_company_website":"http:\/\/emmaus-lyon.org","_company_twitter":"","_filled":0,"_featured":0,"jetpack_publicize_message":"","jetpack_is_tweetstorm":false,"jetpack_publicize_feature_enabled":true},"job_listing_region":[115,127,96,110],"job-categories":[42,116,39,51,61,35,62,124,30,63,50],"job-types":[],"job_listing_tag":[],"jetpack_publicize_connections":[],"yoast_head":"<!-- This site is optimized with the Yoast SEO plugin v14.4.1 - https:\/\/yoast.com\/wordpress\/plugins\/seo\/ -->\n<title>Emma\u00fcs Cr\u00e9qui - Boutique de seconde main - The Greener Map<\/title>\n<meta name=\"description\" content=\"Emma\u00fcs Cr\u00e9qui est une boutique d&#039;objets de seconde main : des v\u00eatements aux accesoires, en passant par les meubles et les objets du quotidien, tout y est !\" \/>\n<meta name=\"robots\" content=\"index, follow\" \/>\n<meta name=\"googlebot\" content=\"index, follow, max-snippet:-1, max-image-preview:large, max-video-preview:-1\" \/>\n<meta name=\"bingbot\" content=\"index, follow, max-snippet:-1, max-image-preview:large, max-video-preview:-1\" \/>\n<link rel=\"canonical\" href=\"https:\/\/map.thegreenergood.fr\/index.php\/acteurs\/emmaus-lyon-crequi\/\" \/>\n<meta property=\"og:locale\" content=\"fr_FR\" \/>\n<meta property=\"og:type\" content=\"article\" \/>\n<meta property=\"og:title\" content=\"Emma\u00fcs Cr\u00e9qui - Boutique de seconde main - The Greener Map\" \/>\n<meta property=\"og:description\" content=\"Emma\u00fcs Cr\u00e9qui est une boutique d&#039;objets de seconde main : des v\u00eatements aux accesoires, en passant par les meubles et les objets du quotidien, tout y est !\" \/>\n<meta property=\"og:url\" content=\"https:\/\/map.thegreenergood.fr\/index.php\/acteurs\/emmaus-lyon-crequi\/\" \/>\n<meta property=\"og:site_name\" content=\"The Greener Map\" \/>\n<meta property=\"article:publisher\" content=\"https:\/\/www.facebook.com\/thegreenergoodFR\/\" \/>\n<meta property=\"article:modified_time\" content=\"2024-03-14T21:33:34+00:00\" \/>\n<meta property=\"og:image\" content=\"https:\/\/map.thegreenergood.fr\/wp-content\/uploads\/2018\/09\/Emmas-jouet.jpg\" \/>\n<meta name=\"twitter:card\" content=\"summary_large_image\" \/>\n<meta name=\"twitter:image\" content=\"https:\/\/map.thegreenergood.fr\/wp-content\/uploads\/2018\/09\/Emmas-jouet.jpg\" \/>\n<meta name=\"twitter:creator\" content=\"@TheGreenerGoodF\" \/>\n<meta name=\"twitter:site\" content=\"@TheGreenerGoodF\" \/>\n<script type=\"application\/ld+json\" class=\"yoast-schema-graph\">{\"@context\":\"https:\/\/schema.org\",\"@graph\":[{\"@type\":\"Organization\",\"@id\":\"https:\/\/map.thegreenergood.fr\/#organization\",\"name\":\"The Greener Good\",\"url\":\"https:\/\/map.thegreenergood.fr\/\",\"sameAs\":[\"https:\/\/www.facebook.com\/thegreenergoodFR\/\",\"https:\/\/www.instagram.com\/the_greener_good\/\",\"https:\/\/www.youtube.com\/channel\/UCHW2zAiIK5dMOJKqBSv3G4A\",\"https:\/\/twitter.com\/TheGreenerGoodF\"],\"logo\":{\"@type\":\"ImageObject\",\"@id\":\"https:\/\/map.thegreenergood.fr\/#logo\",\"inLanguage\":\"fr-FR\",\"url\":\"\",\"caption\":\"The Greener Good\"},\"image\":{\"@id\":\"https:\/\/map.thegreenergood.fr\/#logo\"}},{\"@type\":\"WebSite\",\"@id\":\"https:\/\/map.thegreenergood.fr\/#website\",\"url\":\"https:\/\/map.thegreenergood.fr\/\",\"name\":\"Guide Greener\",\"description\":\"Adresses \\u00e9coresponsables du Grand Lyon\",\"publisher\":{\"@id\":\"https:\/\/map.thegreenergood.fr\/#organization\"},\"potentialAction\":[{\"@type\":\"SearchAction\",\"target\":\"https:\/\/map.thegreenergood.fr\/?s={search_term_string}\",\"query-input\":\"required name=search_term_string\"}],\"inLanguage\":\"fr-FR\"},{\"@type\":\"WebPage\",\"@id\":\"https:\/\/map.thegreenergood.fr\/index.php\/acteurs\/emmaus-lyon-crequi\/#webpage\",\"url\":\"https:\/\/map.thegreenergood.fr\/index.php\/acteurs\/emmaus-lyon-crequi\/\",\"name\":\"Emma\\u00fcs Cr\\u00e9qui - Boutique de seconde main - The Greener Map\",\"isPartOf\":{\"@id\":\"https:\/\/map.thegreenergood.fr\/#website\"},\"datePublished\":\"2024-03-14T21:29:19+00:00\",\"dateModified\":\"2024-03-14T21:33:34+00:00\",\"description\":\"Emma\\u00fcs Cr\\u00e9qui est une boutique d'objets de seconde main : des v\\u00eatements aux accesoires, en passant par les meubles et les objets du quotidien, tout y est !\",\"inLanguage\":\"fr-FR\",\"potentialAction\":[{\"@type\":\"ReadAction\",\"target\":[\"https:\/\/map.thegreenergood.fr\/index.php\/acteurs\/emmaus-lyon-crequi\/\"]}]}]}<\/script>\n<!-- \/ Yoast SEO plugin. -->","jetpack_sharing_enabled":true,"_links":{"self":[{"href":"https:\/\/map.thegreenergood.fr\/index.php\/wp-json\/wp\/v2\/job-listings\/24873"}],"collection":[{"href":"https:\/\/map.thegreenergood.fr\/index.php\/wp-json\/wp\/v2\/job-listings"}],"about":[{"href":"https:\/\/map.thegreenergood.fr\/index.php\/wp-json\/wp\/v2\/types\/job_listing"}],"replies":[{"embeddable":true,"href":"https:\/\/map.thegreenergood.fr\/index.php\/wp-json\/wp\/v2\/comments?post=24873"}],"wp:attachment":[{"href":"https:\/\/map.thegreenergood.fr\/index.php\/wp-json\/wp\/v2\/media?parent=24873"}],"wp:term":[{"taxonomy":"job_listing_region","embeddable":true,"href":"https:\/\/map.thegreenergood.fr\/index.php\/wp-json\/wp\/v2\/job_listing_region?post=24873"},{"taxonomy":"job_listing_category","embeddable":true,"href":"https:\/\/map.thegreenergood.fr\/index.php\/wp-json\/wp\/v2\/job-categories?post=24873"},{"taxonomy":"job_listing_type","embeddable":true,"href":"https:\/\/map.thegreenergood.fr\/index.php\/wp-json\/wp\/v2\/job-types?post=24873"},{"taxonomy":"job_listing_tag","embeddable":true,"href":"https:\/\/map.thegreenergood.fr\/index.php\/wp-json\/wp\/v2\/job_listing_tag?post=24873"}],"curies":[{"name":"wp","href":"https:\/\/api.w.org\/{rel}","templated":true}]}}

Emmaüs Lyon Créqui

<p>Connue de tous, l&rsquo;association Emmaüs Lyon vous accueille dans ses 3 boutiques de la région lyonnaise à Créqui, Parilly-Vénissieux et Gratte Ciel.</p>
<p>Notre Bric-à-Brac est une véritable caverne d’Ali Baba. Prenez le temps de vous perdre dans les allées, ce n’est pas en cherchant que l’on tombe sur la perle rare. Vous ne pourrez pas repartir les mains vides entre les vêtements, accessoires, livres et jouets en abondance.</p>
<p>On vous attend pour venir chiner votre bonheur en faisant des achats écologiques et solidaires !</p>
<p>Emmaüs Lyon dispose également depuis 2 ans d&rsquo;un site de e-commerce. Grâce à cette activité, 60 compagnons, salariés en insertion, bénévoles et jeunes en service civiques ; ont été formés à la gestion d’une activité e-commerce de A à Z. Du shooting produit au colisage, en passant par la rédaction web et la gestion de commandes.</p>
<p>https://www.label-emmaus.co/fr/</p>

283 rue de Créqui, 69007 Lyon

<!-- This site is optimized with the Yoast SEO plugin v14.4.1 - https://yoast.com/wordpress/plugins/seo/ -->
<title>Emmaüs Créqui - Boutique de seconde main - The Greener Map</title>
<meta name="description" content="Emmaüs Créqui est une boutique d&#039;objets de seconde main : des vêtements aux accesoires, en passant par les meubles et les objets du quotidien, tout y est !" />
<meta name="robots" content="index, follow" />
<meta name="googlebot" content="index, follow, max-snippet:-1, max-image-preview:large, max-video-preview:-1" />
<meta name="bingbot" content="index, follow, max-snippet:-1, max-image-preview:large, max-video-preview:-1" />
<link rel="canonical" href="https://map.thegreenergood.fr/index.php/acteurs/emmaus-lyon-crequi/" />
<meta property="og:locale" content="fr_FR" />
<meta property="og:type" content="article" />
<meta property="og:title" content="Emmaüs Créqui - Boutique de seconde main - The Greener Map" />
<meta property="og:description" content="Emmaüs Créqui est une boutique d&#039;objets de seconde main : des vêtements aux accesoires, en passant par les meubles et les objets du quotidien, tout y est !" />
<meta property="og:url" content="https://map.thegreenergood.fr/index.php/acteurs/emmaus-lyon-crequi/" />
<meta property="og:site_name" content="The Greener Map" />
<meta property="article:publisher" content="https://www.facebook.com/thegreenergoodFR/" />
<meta property="article:modified_time" content="2024-03-14T21:33:34+00:00" />
<meta property="og:image" content="https://map.thegreenergood.fr/wp-content/uploads/2018/09/Emmas-jouet.jpg" />
<meta name="twitter:card" content="summary_large_image" />
<meta name="twitter:image" content="https://map.thegreenergood.fr/wp-content/uploads/2018/09/Emmas-jouet.jpg" />
<meta name="twitter:creator" content="@TheGreenerGoodF" />
<meta name="twitter:site" content="@TheGreenerGoodF" />
<script type="application/ld+json" class="yoast-schema-graph">{"@context":"https://schema.org","@graph":[{"@type":"Organization","@id":"https://map.thegreenergood.fr/#organization","name":"The Greener Good","url":"https://map.thegreenergood.fr/","sameAs":["https://www.facebook.com/thegreenergoodFR/","https://www.instagram.com/the_greener_good/","https://www.youtube.com/channel/UCHW2zAiIK5dMOJKqBSv3G4A","https://twitter.com/TheGreenerGoodF"],"logo":{"@type":"ImageObject","@id":"https://map.thegreenergood.fr/#logo","inLanguage":"fr-FR","url":"","caption":"The Greener Good"},"image":{"@id":"https://map.thegreenergood.fr/#logo"}},{"@type":"WebSite","@id":"https://map.thegreenergood.fr/#website","url":"https://map.thegreenergood.fr/","name":"Guide Greener","description":"Adresses \u00e9coresponsables du Grand Lyon","publisher":{"@id":"https://map.thegreenergood.fr/#organization"},"potentialAction":[{"@type":"SearchAction","target":"https://map.thegreenergood.fr/?s={search_term_string}","query-input":"required name=search_term_string"}],"inLanguage":"fr-FR"},{"@type":"WebPage","@id":"https://map.thegreenergood.fr/index.php/acteurs/emmaus-lyon-crequi/#webpage","url":"https://map.thegreenergood.fr/index.php/acteurs/emmaus-lyon-crequi/","name":"Emma\u00fcs Cr\u00e9qui - Boutique de seconde main - The Greener Map","isPartOf":{"@id":"https://map.thegreenergood.fr/#website"},"datePublished":"2024-03-14T21:29:19+00:00","dateModified":"2024-03-14T21:33:34+00:00","description":"Emma\u00fcs Cr\u00e9qui est une boutique d'objets de seconde main : des v\u00eatements aux accesoires, en passant par les meubles et les objets du quotidien, tout y est !","inLanguage":"fr-FR","potentialAction":[{"@type":"ReadAction","target":["https://map.thegreenergood.fr/index.php/acteurs/emmaus-lyon-crequi/"]}]}]}</script>
<!-- / Yoast SEO plugin. -->
