{"id":25087,"date":"2024-08-02T21:22:06","date_gmt":"2024-08-02T19:22:06","guid":{"rendered":"https:\/\/map.thegreenergood.fr\/?post_type=job_listing&#038;p=25087"},"modified":"2024-09-17T22:58:11","modified_gmt":"2024-09-17T20:58:11","slug":"njaxass","status":"publish","type":"job_listing","link":"https:\/\/map.thegreenergood.fr\/index.php\/acteurs\/njaxass\/","title":{"rendered":"NJAXASS"},"content":{"rendered":"<p>NJAXASS se prononce \u00ab\u00a0niarass\u00a0\u00bb et signifie \u00ab\u00a0m\u00e9tissage\u00a0\u00bb en wolof, l&rsquo;une des principales langue du S\u00e9n\u00e9gal.<\/p>\n<p>Inspir\u00e9e par mes ann\u00e9es d\u2019exp\u00e9rience dans la solidarit\u00e9 internationale, NJAXASS est n\u00e9e de mon envie de contribuer \u00e0 mon \u00e9chelle \u00e0 construire un monde joyeux, respectueux des humains et de la nature.<\/p>\n<p>NJAXASS est une marque de v\u00eatements et accessoires color\u00e9s et inspir\u00e9s du voyage, engag\u00e9e pour une mode \u00e9coresponsable. J&rsquo;utilise exclusivement des mati\u00e8res naturelles en privil\u00e9giant la revalorisation pour cr\u00e9er des pi\u00e8ces souvent uniques ou en toute petite s\u00e9rie. En partageant \u00e0 travers mon univers cr\u00e9atif ce que j&rsquo;ai appris lors de mes voyages, je souhaite aussi promouvoir l&rsquo;ouverture \u00e0 la diversit\u00e9 culturelle et la valorisation des savoir-faire artisanaux \u00e0 travers le monde.<\/p>\n<p>Engag\u00e9 depuis le d\u00e9but dans une d\u00e9marche \u00e9cologique et solidaire, le projet \u00e9volue aujourd&rsquo;hui pour donner une dimension plus grande \u00e0 cet engagement en d\u00e9veloppant des collaborations avec le S\u00e9n\u00e9gal, mon pays de c\u0153ur, afin de promouvoir la revalorisation textile \u00e0 travers les fronti\u00e8res et soutenir les artisans locaux.<\/p>\n","protected":false},"featured_media":0,"comment_status":"open","ping_status":"closed","template":"","meta":{"_exactmetrics_skip_tracking":false,"_exactmetrics_sitenote_active":false,"_exactmetrics_sitenote_note":"","_exactmetrics_sitenote_category":0,"spay_email":"","_company_tagline":"Vestiaire \u00e9thique et color\u00e9 inspir\u00e9 du voyage","_job_location":"","_company_website":"https:\/\/linktr.ee\/njaxass","_company_twitter":"","_filled":0,"_featured":0,"jetpack_publicize_message":"","jetpack_is_tweetstorm":false,"jetpack_publicize_feature_enabled":true},"job_listing_region":[115,127,96],"job-categories":[172,116,39,124,30,63,50],"job-types":[],"job_listing_tag":[101,100,176,93,92],"jetpack_publicize_connections":[],"yoast_head":"<!-- This site is optimized with the Yoast SEO plugin v14.4.1 - https:\/\/yoast.com\/wordpress\/plugins\/seo\/ -->\n<title>NJAXASS - Vestiaire \u00e9thique et color\u00e9 - The Greener Map<\/title>\n<meta name=\"description\" content=\"NJAXASS est une marque de v\u00eatements et accessoires color\u00e9s, inspir\u00e9s du voyage et engag\u00e9e, ce sont souvent des pi\u00e8ces uniques ou en toute petite s\u00e9rie.\" \/>\n<meta name=\"robots\" content=\"index, follow\" \/>\n<meta name=\"googlebot\" content=\"index, follow, max-snippet:-1, max-image-preview:large, max-video-preview:-1\" \/>\n<meta name=\"bingbot\" content=\"index, follow, max-snippet:-1, max-image-preview:large, max-video-preview:-1\" \/>\n<link rel=\"canonical\" href=\"https:\/\/map.thegreenergood.fr\/index.php\/acteurs\/njaxass\/\" \/>\n<meta property=\"og:locale\" content=\"fr_FR\" \/>\n<meta property=\"og:type\" content=\"article\" \/>\n<meta property=\"og:title\" content=\"NJAXASS - Vestiaire \u00e9thique et color\u00e9 - The Greener Map\" \/>\n<meta property=\"og:description\" content=\"NJAXASS est une marque de v\u00eatements et accessoires color\u00e9s, inspir\u00e9s du voyage et engag\u00e9e, ce sont souvent des pi\u00e8ces uniques ou en toute petite s\u00e9rie.\" \/>\n<meta property=\"og:url\" content=\"https:\/\/map.thegreenergood.fr\/index.php\/acteurs\/njaxass\/\" \/>\n<meta property=\"og:site_name\" content=\"The Greener Map\" \/>\n<meta property=\"article:publisher\" content=\"https:\/\/www.facebook.com\/thegreenergoodFR\/\" \/>\n<meta property=\"article:modified_time\" content=\"2024-09-17T20:58:11+00:00\" \/>\n<meta property=\"og:image\" content=\"https:\/\/map.thegreenergood.fr\/wp-content\/uploads\/job-manager-uploads\/main_image\/2024\/08\/NJAXASS-collection-1-7.jpg\" \/>\n<meta name=\"twitter:card\" content=\"summary_large_image\" \/>\n<meta name=\"twitter:image\" content=\"https:\/\/map.thegreenergood.fr\/wp-content\/uploads\/job-manager-uploads\/main_image\/2024\/08\/NJAXASS-collection-1-7.jpg\" \/>\n<meta name=\"twitter:creator\" content=\"@TheGreenerGoodF\" \/>\n<meta name=\"twitter:site\" content=\"@TheGreenerGoodF\" \/>\n<script type=\"application\/ld+json\" class=\"yoast-schema-graph\">{\"@context\":\"https:\/\/schema.org\",\"@graph\":[{\"@type\":\"Organization\",\"@id\":\"https:\/\/map.thegreenergood.fr\/#organization\",\"name\":\"The Greener Good\",\"url\":\"https:\/\/map.thegreenergood.fr\/\",\"sameAs\":[\"https:\/\/www.facebook.com\/thegreenergoodFR\/\",\"https:\/\/www.instagram.com\/the_greener_good\/\",\"https:\/\/www.youtube.com\/channel\/UCHW2zAiIK5dMOJKqBSv3G4A\",\"https:\/\/twitter.com\/TheGreenerGoodF\"],\"logo\":{\"@type\":\"ImageObject\",\"@id\":\"https:\/\/map.thegreenergood.fr\/#logo\",\"inLanguage\":\"fr-FR\",\"url\":\"\",\"caption\":\"The Greener Good\"},\"image\":{\"@id\":\"https:\/\/map.thegreenergood.fr\/#logo\"}},{\"@type\":\"WebSite\",\"@id\":\"https:\/\/map.thegreenergood.fr\/#website\",\"url\":\"https:\/\/map.thegreenergood.fr\/\",\"name\":\"Guide Greener\",\"description\":\"Adresses \\u00e9coresponsables du Grand Lyon\",\"publisher\":{\"@id\":\"https:\/\/map.thegreenergood.fr\/#organization\"},\"potentialAction\":[{\"@type\":\"SearchAction\",\"target\":\"https:\/\/map.thegreenergood.fr\/?s={search_term_string}\",\"query-input\":\"required name=search_term_string\"}],\"inLanguage\":\"fr-FR\"},{\"@type\":\"WebPage\",\"@id\":\"https:\/\/map.thegreenergood.fr\/index.php\/acteurs\/njaxass\/#webpage\",\"url\":\"https:\/\/map.thegreenergood.fr\/index.php\/acteurs\/njaxass\/\",\"name\":\"NJAXASS - Vestiaire \\u00e9thique et color\\u00e9 - The Greener Map\",\"isPartOf\":{\"@id\":\"https:\/\/map.thegreenergood.fr\/#website\"},\"datePublished\":\"2024-08-02T19:22:06+00:00\",\"dateModified\":\"2024-09-17T20:58:11+00:00\",\"description\":\"NJAXASS est une marque de v\\u00eatements et accessoires color\\u00e9s, inspir\\u00e9s du voyage et engag\\u00e9e, ce sont souvent des pi\\u00e8ces uniques ou en toute petite s\\u00e9rie.\",\"inLanguage\":\"fr-FR\",\"potentialAction\":[{\"@type\":\"ReadAction\",\"target\":[\"https:\/\/map.thegreenergood.fr\/index.php\/acteurs\/njaxass\/\"]}]}]}<\/script>\n<!-- \/ Yoast SEO plugin. -->","jetpack_sharing_enabled":true,"_links":{"self":[{"href":"https:\/\/map.thegreenergood.fr\/index.php\/wp-json\/wp\/v2\/job-listings\/25087"}],"collection":[{"href":"https:\/\/map.thegreenergood.fr\/index.php\/wp-json\/wp\/v2\/job-listings"}],"about":[{"href":"https:\/\/map.thegreenergood.fr\/index.php\/wp-json\/wp\/v2\/types\/job_listing"}],"replies":[{"embeddable":true,"href":"https:\/\/map.thegreenergood.fr\/index.php\/wp-json\/wp\/v2\/comments?post=25087"}],"wp:attachment":[{"href":"https:\/\/map.thegreenergood.fr\/index.php\/wp-json\/wp\/v2\/media?parent=25087"}],"wp:term":[{"taxonomy":"job_listing_region","embeddable":true,"href":"https:\/\/map.thegreenergood.fr\/index.php\/wp-json\/wp\/v2\/job_listing_region?post=25087"},{"taxonomy":"job_listing_category","embeddable":true,"href":"https:\/\/map.thegreenergood.fr\/index.php\/wp-json\/wp\/v2\/job-categories?post=25087"},{"taxonomy":"job_listing_type","embeddable":true,"href":"https:\/\/map.thegreenergood.fr\/index.php\/wp-json\/wp\/v2\/job-types?post=25087"},{"taxonomy":"job_listing_tag","embeddable":true,"href":"https:\/\/map.thegreenergood.fr\/index.php\/wp-json\/wp\/v2\/job_listing_tag?post=25087"}],"curies":[{"name":"wp","href":"https:\/\/api.w.org\/{rel}","templated":true}]}}

<p>NJAXASS se prononce « niarass » et signifie « métissage » en wolof, l&rsquo;une des principales langue du Sénégal.</p>
<p>Inspirée par mes années d’expérience dans la solidarité internationale, NJAXASS est née de mon envie de contribuer à mon échelle à construire un monde joyeux, respectueux des humains et de la nature.</p>
<p>NJAXASS est une marque de vêtements et accessoires colorés et inspirés du voyage, engagée pour une mode écoresponsable. J&rsquo;utilise exclusivement des matières naturelles en privilégiant la revalorisation pour créer des pièces souvent uniques ou en toute petite série. En partageant à travers mon univers créatif ce que j&rsquo;ai appris lors de mes voyages, je souhaite aussi promouvoir l&rsquo;ouverture à la diversité culturelle et la valorisation des savoir-faire artisanaux à travers le monde.</p>
<p>Engagé depuis le début dans une démarche écologique et solidaire, le projet évolue aujourd&rsquo;hui pour donner une dimension plus grande à cet engagement en développant des collaborations avec le Sénégal, mon pays de cœur, afin de promouvoir la revalorisation textile à travers les frontières et soutenir les artisans locaux.</p>

Vestiaire éthique et coloré inspiré du voyage

<!-- This site is optimized with the Yoast SEO plugin v14.4.1 - https://yoast.com/wordpress/plugins/seo/ -->
<title>NJAXASS - Vestiaire éthique et coloré - The Greener Map</title>
<meta name="description" content="NJAXASS est une marque de vêtements et accessoires colorés, inspirés du voyage et engagée, ce sont souvent des pièces uniques ou en toute petite série." />
<meta name="robots" content="index, follow" />
<meta name="googlebot" content="index, follow, max-snippet:-1, max-image-preview:large, max-video-preview:-1" />
<meta name="bingbot" content="index, follow, max-snippet:-1, max-image-preview:large, max-video-preview:-1" />
<link rel="canonical" href="https://map.thegreenergood.fr/index.php/acteurs/njaxass/" />
<meta property="og:locale" content="fr_FR" />
<meta property="og:type" content="article" />
<meta property="og:title" content="NJAXASS - Vestiaire éthique et coloré - The Greener Map" />
<meta property="og:description" content="NJAXASS est une marque de vêtements et accessoires colorés, inspirés du voyage et engagée, ce sont souvent des pièces uniques ou en toute petite série." />
<meta property="og:url" content="https://map.thegreenergood.fr/index.php/acteurs/njaxass/" />
<meta property="og:site_name" content="The Greener Map" />
<meta property="article:publisher" content="https://www.facebook.com/thegreenergoodFR/" />
<meta property="article:modified_time" content="2024-09-17T20:58:11+00:00" />
<meta property="og:image" content="https://map.thegreenergood.fr/wp-content/uploads/job-manager-uploads/main_image/2024/08/NJAXASS-collection-1-7.jpg" />
<meta name="twitter:card" content="summary_large_image" />
<meta name="twitter:image" content="https://map.thegreenergood.fr/wp-content/uploads/job-manager-uploads/main_image/2024/08/NJAXASS-collection-1-7.jpg" />
<meta name="twitter:creator" content="@TheGreenerGoodF" />
<meta name="twitter:site" content="@TheGreenerGoodF" />
<script type="application/ld+json" class="yoast-schema-graph">{"@context":"https://schema.org","@graph":[{"@type":"Organization","@id":"https://map.thegreenergood.fr/#organization","name":"The Greener Good","url":"https://map.thegreenergood.fr/","sameAs":["https://www.facebook.com/thegreenergoodFR/","https://www.instagram.com/the_greener_good/","https://www.youtube.com/channel/UCHW2zAiIK5dMOJKqBSv3G4A","https://twitter.com/TheGreenerGoodF"],"logo":{"@type":"ImageObject","@id":"https://map.thegreenergood.fr/#logo","inLanguage":"fr-FR","url":"","caption":"The Greener Good"},"image":{"@id":"https://map.thegreenergood.fr/#logo"}},{"@type":"WebSite","@id":"https://map.thegreenergood.fr/#website","url":"https://map.thegreenergood.fr/","name":"Guide Greener","description":"Adresses \u00e9coresponsables du Grand Lyon","publisher":{"@id":"https://map.thegreenergood.fr/#organization"},"potentialAction":[{"@type":"SearchAction","target":"https://map.thegreenergood.fr/?s={search_term_string}","query-input":"required name=search_term_string"}],"inLanguage":"fr-FR"},{"@type":"WebPage","@id":"https://map.thegreenergood.fr/index.php/acteurs/njaxass/#webpage","url":"https://map.thegreenergood.fr/index.php/acteurs/njaxass/","name":"NJAXASS - Vestiaire \u00e9thique et color\u00e9 - The Greener Map","isPartOf":{"@id":"https://map.thegreenergood.fr/#website"},"datePublished":"2024-08-02T19:22:06+00:00","dateModified":"2024-09-17T20:58:11+00:00","description":"NJAXASS est une marque de v\u00eatements et accessoires color\u00e9s, inspir\u00e9s du voyage et engag\u00e9e, ce sont souvent des pi\u00e8ces uniques ou en toute petite s\u00e9rie.","inLanguage":"fr-FR","potentialAction":[{"@type":"ReadAction","target":["https://map.thegreenergood.fr/index.php/acteurs/njaxass/"]}]}]}</script>
<!-- / Yoast SEO plugin. -->
