{"id":25207,"date":"2024-08-30T13:49:35","date_gmt":"2024-08-30T11:49:35","guid":{"rendered":"https:\/\/map.thegreenergood.fr\/?post_type=job_listing&#038;p=25207"},"modified":"2025-07-31T16:49:17","modified_gmt":"2025-07-31T14:49:17","slug":"la-fabuleuse-cantine","status":"publish","type":"job_listing","link":"https:\/\/map.thegreenergood.fr\/index.php\/acteurs\/la-fabuleuse-cantine\/","title":{"rendered":"La Fabuleuse Cantine"},"content":{"rendered":"<p>Bienvenue \u00e0 la Fabuleuse Cantine ! Ici, on renverse la table !<\/p>\n<p>Notre concept ? Rien de plus simple. Chaque jour, une bonne recette : aussi d\u00e9licieuse pour vous que respectueuse de l\u2019environnement gr\u00e2ce \u00e0 l\u2019achat des invendus de nos producteurs, que nous cuisinons le matin m\u00eame pour vous garantir une cuisine haute en couleurs et en saveurs.<\/p>\n<p>Chez nous, pas de cartes avec des dizaines de plats, laissez-vous surprendre par notre menu du jour ou nos savoureux burger SuperWaste !<\/p>\n<p>Nous vous invitons aussi \u00e0 d\u00e9couvrir notre gamme de boissons locales, comprenant des jus de fruits, des limonades, des colas locaux et bien d&rsquo;autres ! En plus de notre offre de restauration, nous sommes un lieu de vie anim\u00e9 par une programmation culturelle et sociale. Chaque soir, l&rsquo;ambiance est au rendez-vous, que ce soit pour un concert br\u00e9silien, une initiation de salsa ou m\u00eame un cin\u00e9-club !<\/p>\n<p>Pour compl\u00e9ter le tout, venez d\u00e9couvrir nos brunchs de saison tous les dimanches de 11h \u00e0 15h !<\/p>\n<p>Pour rester inform\u00e9 sur nos actualit\u00e9s, n\u2019h\u00e9sitez pas \u00e0 nous suivre sur nos r\u00e9seaux sociaux @fabcantine.lyon !<\/p>\n","protected":false},"featured_media":0,"comment_status":"open","ping_status":"closed","template":"","meta":{"_exactmetrics_skip_tracking":false,"_exactmetrics_sitenote_active":false,"_exactmetrics_sitenote_note":"","_exactmetrics_sitenote_category":0,"spay_email":"","_company_tagline":"Renverser La Table !","_job_location":"107 rue de Marseille, 69007 Lyon","_company_website":"https:\/\/lyon7.lafabuleusecantine.fr\/","_company_twitter":"","_filled":0,"_featured":0,"jetpack_publicize_message":"","jetpack_is_tweetstorm":false,"jetpack_publicize_feature_enabled":true},"job_listing_region":[127,96,110],"job-categories":[46,162,60],"job-types":[],"job_listing_tag":[104,87,91,90,89,92],"jetpack_publicize_connections":[],"yoast_head":"<!-- This site is optimized with the Yoast SEO plugin v14.4.1 - https:\/\/yoast.com\/wordpress\/plugins\/seo\/ -->\n<title>La Fabuleuse Cantine - Un jour, une recette - The Greener Map<\/title>\n<meta name=\"description\" content=\"La fabuleuse cantine cuisine le matin m\u00eame les invendus de leurs producteurs, pour garantir une cuisine haute en couleurs et en saveurs.\" \/>\n<meta name=\"robots\" content=\"index, follow\" \/>\n<meta name=\"googlebot\" content=\"index, follow, max-snippet:-1, max-image-preview:large, max-video-preview:-1\" \/>\n<meta name=\"bingbot\" content=\"index, follow, max-snippet:-1, max-image-preview:large, max-video-preview:-1\" \/>\n<link rel=\"canonical\" href=\"https:\/\/map.thegreenergood.fr\/index.php\/acteurs\/la-fabuleuse-cantine\/\" \/>\n<meta property=\"og:locale\" content=\"fr_FR\" \/>\n<meta property=\"og:type\" content=\"article\" \/>\n<meta property=\"og:title\" content=\"La Fabuleuse Cantine - Un jour, une recette - The Greener Map\" \/>\n<meta property=\"og:description\" content=\"La fabuleuse cantine cuisine le matin m\u00eame les invendus de leurs producteurs, pour garantir une cuisine haute en couleurs et en saveurs.\" \/>\n<meta property=\"og:url\" content=\"https:\/\/map.thegreenergood.fr\/index.php\/acteurs\/la-fabuleuse-cantine\/\" \/>\n<meta property=\"og:site_name\" content=\"The Greener Map\" \/>\n<meta property=\"article:publisher\" content=\"https:\/\/www.facebook.com\/thegreenergoodFR\/\" \/>\n<meta property=\"article:modified_time\" content=\"2025-07-31T14:49:17+00:00\" \/>\n<meta property=\"og:image\" content=\"https:\/\/map.thegreenergood.fr\/wp-content\/uploads\/job-manager-uploads\/main_image\/2024\/08\/Capture-decran-2024-07-24-a-14.17.28.png\" \/>\n<meta name=\"twitter:card\" content=\"summary_large_image\" \/>\n<meta name=\"twitter:image\" content=\"https:\/\/map.thegreenergood.fr\/wp-content\/uploads\/job-manager-uploads\/main_image\/2024\/08\/Capture-de\u0301cran-2024-07-24-a\u0300-14.17.28.png\" \/>\n<meta name=\"twitter:creator\" content=\"@TheGreenerGoodF\" \/>\n<meta name=\"twitter:site\" content=\"@TheGreenerGoodF\" \/>\n<script type=\"application\/ld+json\" class=\"yoast-schema-graph\">{\"@context\":\"https:\/\/schema.org\",\"@graph\":[{\"@type\":\"Organization\",\"@id\":\"https:\/\/map.thegreenergood.fr\/#organization\",\"name\":\"The Greener Good\",\"url\":\"https:\/\/map.thegreenergood.fr\/\",\"sameAs\":[\"https:\/\/www.facebook.com\/thegreenergoodFR\/\",\"https:\/\/www.instagram.com\/the_greener_good\/\",\"https:\/\/www.youtube.com\/channel\/UCHW2zAiIK5dMOJKqBSv3G4A\",\"https:\/\/twitter.com\/TheGreenerGoodF\"],\"logo\":{\"@type\":\"ImageObject\",\"@id\":\"https:\/\/map.thegreenergood.fr\/#logo\",\"inLanguage\":\"fr-FR\",\"url\":\"\",\"caption\":\"The Greener Good\"},\"image\":{\"@id\":\"https:\/\/map.thegreenergood.fr\/#logo\"}},{\"@type\":\"WebSite\",\"@id\":\"https:\/\/map.thegreenergood.fr\/#website\",\"url\":\"https:\/\/map.thegreenergood.fr\/\",\"name\":\"Guide Greener\",\"description\":\"Adresses \\u00e9coresponsables du Grand Lyon\",\"publisher\":{\"@id\":\"https:\/\/map.thegreenergood.fr\/#organization\"},\"potentialAction\":[{\"@type\":\"SearchAction\",\"target\":\"https:\/\/map.thegreenergood.fr\/?s={search_term_string}\",\"query-input\":\"required name=search_term_string\"}],\"inLanguage\":\"fr-FR\"},{\"@type\":\"WebPage\",\"@id\":\"https:\/\/map.thegreenergood.fr\/index.php\/acteurs\/la-fabuleuse-cantine\/#webpage\",\"url\":\"https:\/\/map.thegreenergood.fr\/index.php\/acteurs\/la-fabuleuse-cantine\/\",\"name\":\"La Fabuleuse Cantine - Un jour, une recette - The Greener Map\",\"isPartOf\":{\"@id\":\"https:\/\/map.thegreenergood.fr\/#website\"},\"datePublished\":\"2024-08-30T11:49:35+00:00\",\"dateModified\":\"2025-07-31T14:49:17+00:00\",\"description\":\"La fabuleuse cantine cuisine le matin m\\u00eame les invendus de leurs producteurs, pour garantir une cuisine haute en couleurs et en saveurs.\",\"inLanguage\":\"fr-FR\",\"potentialAction\":[{\"@type\":\"ReadAction\",\"target\":[\"https:\/\/map.thegreenergood.fr\/index.php\/acteurs\/la-fabuleuse-cantine\/\"]}]}]}<\/script>\n<!-- \/ Yoast SEO plugin. -->","jetpack_sharing_enabled":true,"_links":{"self":[{"href":"https:\/\/map.thegreenergood.fr\/index.php\/wp-json\/wp\/v2\/job-listings\/25207"}],"collection":[{"href":"https:\/\/map.thegreenergood.fr\/index.php\/wp-json\/wp\/v2\/job-listings"}],"about":[{"href":"https:\/\/map.thegreenergood.fr\/index.php\/wp-json\/wp\/v2\/types\/job_listing"}],"replies":[{"embeddable":true,"href":"https:\/\/map.thegreenergood.fr\/index.php\/wp-json\/wp\/v2\/comments?post=25207"}],"wp:attachment":[{"href":"https:\/\/map.thegreenergood.fr\/index.php\/wp-json\/wp\/v2\/media?parent=25207"}],"wp:term":[{"taxonomy":"job_listing_region","embeddable":true,"href":"https:\/\/map.thegreenergood.fr\/index.php\/wp-json\/wp\/v2\/job_listing_region?post=25207"},{"taxonomy":"job_listing_category","embeddable":true,"href":"https:\/\/map.thegreenergood.fr\/index.php\/wp-json\/wp\/v2\/job-categories?post=25207"},{"taxonomy":"job_listing_type","embeddable":true,"href":"https:\/\/map.thegreenergood.fr\/index.php\/wp-json\/wp\/v2\/job-types?post=25207"},{"taxonomy":"job_listing_tag","embeddable":true,"href":"https:\/\/map.thegreenergood.fr\/index.php\/wp-json\/wp\/v2\/job_listing_tag?post=25207"}],"curies":[{"name":"wp","href":"https:\/\/api.w.org\/{rel}","templated":true}]}}

<p>Bienvenue à la Fabuleuse Cantine ! Ici, on renverse la table !</p>
<p>Notre concept ? Rien de plus simple. Chaque jour, une bonne recette : aussi délicieuse pour vous que respectueuse de l’environnement grâce à l’achat des invendus de nos producteurs, que nous cuisinons le matin même pour vous garantir une cuisine haute en couleurs et en saveurs.</p>
<p>Chez nous, pas de cartes avec des dizaines de plats, laissez-vous surprendre par notre menu du jour ou nos savoureux burger SuperWaste !</p>
<p>Nous vous invitons aussi à découvrir notre gamme de boissons locales, comprenant des jus de fruits, des limonades, des colas locaux et bien d&rsquo;autres ! En plus de notre offre de restauration, nous sommes un lieu de vie animé par une programmation culturelle et sociale. Chaque soir, l&rsquo;ambiance est au rendez-vous, que ce soit pour un concert brésilien, une initiation de salsa ou même un ciné-club !</p>
<p>Pour compléter le tout, venez découvrir nos brunchs de saison tous les dimanches de 11h à 15h !</p>
<p>Pour rester informé sur nos actualités, n’hésitez pas à nous suivre sur nos réseaux sociaux @fabcantine.lyon !</p>

<!-- This site is optimized with the Yoast SEO plugin v14.4.1 - https://yoast.com/wordpress/plugins/seo/ -->
<title>La Fabuleuse Cantine - Un jour, une recette - The Greener Map</title>
<meta name="description" content="La fabuleuse cantine cuisine le matin même les invendus de leurs producteurs, pour garantir une cuisine haute en couleurs et en saveurs." />
<meta name="robots" content="index, follow" />
<meta name="googlebot" content="index, follow, max-snippet:-1, max-image-preview:large, max-video-preview:-1" />
<meta name="bingbot" content="index, follow, max-snippet:-1, max-image-preview:large, max-video-preview:-1" />
<link rel="canonical" href="https://map.thegreenergood.fr/index.php/acteurs/la-fabuleuse-cantine/" />
<meta property="og:locale" content="fr_FR" />
<meta property="og:type" content="article" />
<meta property="og:title" content="La Fabuleuse Cantine - Un jour, une recette - The Greener Map" />
<meta property="og:description" content="La fabuleuse cantine cuisine le matin même les invendus de leurs producteurs, pour garantir une cuisine haute en couleurs et en saveurs." />
<meta property="og:url" content="https://map.thegreenergood.fr/index.php/acteurs/la-fabuleuse-cantine/" />
<meta property="og:site_name" content="The Greener Map" />
<meta property="article:publisher" content="https://www.facebook.com/thegreenergoodFR/" />
<meta property="article:modified_time" content="2025-07-31T14:49:17+00:00" />
<meta property="og:image" content="https://map.thegreenergood.fr/wp-content/uploads/job-manager-uploads/main_image/2024/08/Capture-decran-2024-07-24-a-14.17.28.png" />
<meta name="twitter:card" content="summary_large_image" />
<meta name="twitter:image" content="https://map.thegreenergood.fr/wp-content/uploads/job-manager-uploads/main_image/2024/08/Capture-décran-2024-07-24-à-14.17.28.png" />
<meta name="twitter:creator" content="@TheGreenerGoodF" />
<meta name="twitter:site" content="@TheGreenerGoodF" />
<script type="application/ld+json" class="yoast-schema-graph">{"@context":"https://schema.org","@graph":[{"@type":"Organization","@id":"https://map.thegreenergood.fr/#organization","name":"The Greener Good","url":"https://map.thegreenergood.fr/","sameAs":["https://www.facebook.com/thegreenergoodFR/","https://www.instagram.com/the_greener_good/","https://www.youtube.com/channel/UCHW2zAiIK5dMOJKqBSv3G4A","https://twitter.com/TheGreenerGoodF"],"logo":{"@type":"ImageObject","@id":"https://map.thegreenergood.fr/#logo","inLanguage":"fr-FR","url":"","caption":"The Greener Good"},"image":{"@id":"https://map.thegreenergood.fr/#logo"}},{"@type":"WebSite","@id":"https://map.thegreenergood.fr/#website","url":"https://map.thegreenergood.fr/","name":"Guide Greener","description":"Adresses \u00e9coresponsables du Grand Lyon","publisher":{"@id":"https://map.thegreenergood.fr/#organization"},"potentialAction":[{"@type":"SearchAction","target":"https://map.thegreenergood.fr/?s={search_term_string}","query-input":"required name=search_term_string"}],"inLanguage":"fr-FR"},{"@type":"WebPage","@id":"https://map.thegreenergood.fr/index.php/acteurs/la-fabuleuse-cantine/#webpage","url":"https://map.thegreenergood.fr/index.php/acteurs/la-fabuleuse-cantine/","name":"La Fabuleuse Cantine - Un jour, une recette - The Greener Map","isPartOf":{"@id":"https://map.thegreenergood.fr/#website"},"datePublished":"2024-08-30T11:49:35+00:00","dateModified":"2025-07-31T14:49:17+00:00","description":"La fabuleuse cantine cuisine le matin m\u00eame les invendus de leurs producteurs, pour garantir une cuisine haute en couleurs et en saveurs.","inLanguage":"fr-FR","potentialAction":[{"@type":"ReadAction","target":["https://map.thegreenergood.fr/index.php/acteurs/la-fabuleuse-cantine/"]}]}]}</script>
<!-- / Yoast SEO plugin. -->
