{"id":19660,"date":"2018-07-21T11:44:55","date_gmt":"2018-07-21T09:44:55","guid":{"rendered":"http:\/\/map.thegreenergood.fr\/?page_id=19660"},"modified":"2020-05-11T11:12:41","modified_gmt":"2020-05-11T09:12:41","slug":"publier","status":"publish","type":"page","link":"https:\/\/map.thegreenergood.fr\/index.php\/publier\/","title":{"rendered":"\u00catre r\u00e9f\u00e9renc\u00e9"},"content":{"rendered":"<hr class=\"clear\" \/>\n<h2 style=\"text-align: center;\">Comment publier votre initiative sur la carte interactive ?<\/h2>\n<hr class=\"clear\" \/>\n<p>&nbsp;<\/p>\n<p>&nbsp;<\/p>\n<h3><img loading=\"lazy\" class=\"alignleft wp-image-19947\" style=\"color: inherit; font-family: inherit; font-size: inherit;\" src=\"http:\/\/map.thegreenergood.fr\/wp-content\/uploads\/2018\/09\/Diapositive3-300x169.png\" alt=\"Etre r\u00e9f\u00e9renc\u00e9 - The Greener Map\" width=\"390\" height=\"220\" \/>1. Pourquoi \u00eatre r\u00e9f\u00e9renc\u00e9 ?<\/h3>\n<p>Apr\u00e8s votre r\u00e9f\u00e9rencement, vous appara\u00eetrez sur la <a href=\"https:\/\/map.thegreenergood.fr\/index.php\/carte\/\">carte interactive<\/a> de <a href=\"https:\/\/thegreenergood.fr\">The Greener Good<\/a>. Cela vous apportera de la visibilit\u00e9 aupr\u00e8s des lyonnais, qui seront pour la plupart, d\u00e9j\u00e0 sensibilis\u00e9s aux modes de vie alternatifs.<\/p>\n<hr class=\"clear\" \/>\n<h3>2. Comment \u00eatre r\u00e9f\u00e9renc\u00e9 ?<img loading=\"lazy\" class=\"alignright wp-image-19821\" src=\"http:\/\/map.thegreenergood.fr\/wp-content\/uploads\/2018\/07\/Diapositive1-2-300x166.png\" alt=\"Etre r\u00e9f\u00e9renc\u00e9 - The Greener Map\" width=\"376\" height=\"208\" srcset=\"https:\/\/map.thegreenergood.fr\/wp-content\/uploads\/2018\/07\/Diapositive1-2-300x166.png 300w, https:\/\/map.thegreenergood.fr\/wp-content\/uploads\/2018\/07\/Diapositive1-2-768x426.png 768w, https:\/\/map.thegreenergood.fr\/wp-content\/uploads\/2018\/07\/Diapositive1-2-1024x568.png 1024w, https:\/\/map.thegreenergood.fr\/wp-content\/uploads\/2018\/07\/Diapositive1-2-450x249.png 450w, https:\/\/map.thegreenergood.fr\/wp-content\/uploads\/2018\/07\/Diapositive1-2-600x333.png 600w, https:\/\/map.thegreenergood.fr\/wp-content\/uploads\/2018\/07\/Diapositive1-2.png 1187w\" sizes=\"(max-width: 376px) 100vw, 376px\" \/><\/h3>\n<p>C&rsquo;est facile, il vous suffit de cliquer sur le bouton \u00ab\u00a0Je\u00a0veux \u00eatre r\u00e9f\u00e9renc\u00e9\u00a0\u00bb en bas de cette page, de remplir un petit formulaire sur votre structure, et le tour est jou\u00e9 !<\/p>\n<hr class=\"clear\" \/>\n<p>&nbsp;<\/p>\n<h3><img loading=\"lazy\" class=\"alignleft wp-image-19948\" src=\"http:\/\/map.thegreenergood.fr\/wp-content\/uploads\/2018\/09\/Diapositive2-e1537451193547-300x171.png\" alt=\"Etre r\u00e9f\u00e9renc\u00e9 - The Greener Map\" width=\"388\" height=\"221\" srcset=\"https:\/\/map.thegreenergood.fr\/wp-content\/uploads\/2018\/09\/Diapositive2-e1537451193547-300x171.png 300w, https:\/\/map.thegreenergood.fr\/wp-content\/uploads\/2018\/09\/Diapositive2-e1537451193547-768x438.png 768w, https:\/\/map.thegreenergood.fr\/wp-content\/uploads\/2018\/09\/Diapositive2-e1537451193547-1024x584.png 1024w, https:\/\/map.thegreenergood.fr\/wp-content\/uploads\/2018\/09\/Diapositive2-e1537451193547-450x257.png 450w, https:\/\/map.thegreenergood.fr\/wp-content\/uploads\/2018\/09\/Diapositive2-e1537451193547-600x342.png 600w, https:\/\/map.thegreenergood.fr\/wp-content\/uploads\/2018\/09\/Diapositive2-e1537451193547.png 1200w\" sizes=\"(max-width: 388px) 100vw, 388px\" \/>3. Et apr\u00e8s ?<\/h3>\n<p>The Greener Good s&rsquo;occupe de valider votre r\u00e9f\u00e9rencement et votre structure appara\u00eetra automatiquement sur la carte !<\/p>\n<p>Conservez bien vos identifiants de connexion, afin de pouvoir modifier votre page comme bon vous semble.<\/p>\n<hr class=\"clear\" \/>\n<h3>Conditions :<\/h3>\n<p>Pour \u00eatre accept\u00e9 sur la carte, il y a quelques conditions \u00e0 remplir. Votre structure doit notamment \u00eatre bas\u00e9e dans le <strong>Grand Lyon<\/strong> (ou \u00eatre en ligne sur internet avec des cr\u00e9ateurs lyonnais ou un si\u00e8ge social \u00e0 Lyon) et avoir une <strong>d\u00e9marche \u00e9coresponsable<\/strong>. Pour plus de pr\u00e9cisions, n&rsquo;h\u00e9sitez pas \u00e0 consulter<strong> <a href=\"http:\/\/map.thegreenergood.fr\/index.php\/charte\/\">la charte\u00a0(en cliquant ici)<\/a>.<\/strong><\/p>\n<hr class=\"clear\" \/>\n<p>&nbsp;<\/p>\n<p class=\"description\">Pr\u00eat \u00e0 faire d\u00e9couvrir votre initiative ?<\/p>\n<p><a class=\"btn fullwidth\" href=\"http:\/\/map.thegreenergood.fr\/index.php\/formulaire\/\">Je veux \u00eatre r\u00e9f\u00e9renc\u00e9 !<\/a><\/p>\n<p>&nbsp;<\/p>\n<hr \/>\n<div class=\"twocolumn\">\n<h5>L&rsquo;inscription \u00e0 cette plateforme est-elle gratuite ?<\/h5>\n<p>Oui tout \u00e0 fait ! Notre objectif est de vous aider \u00e0 promouvoir vos initiatives.<\/p>\n<h5>Des questions ?<\/h5>\n<p>Nous serons ravis de pouvoir vous accompagner dans la publication et promotion de vos projets. Si vous avez des questions, contactez-nous sur hello@thegreenergood.fr.<\/p>\n<\/div>\n","protected":false},"excerpt":{"rendered":"<p>Publiez votre projet sur la carte interactive<\/p>\n","protected":false},"author":1,"featured_media":0,"parent":0,"menu_order":0,"comment_status":"closed","ping_status":"closed","template":"","meta":{"_exactmetrics_skip_tracking":false,"_exactmetrics_sitenote_active":false,"_exactmetrics_sitenote_note":"","_exactmetrics_sitenote_category":0,"spay_email":""},"yoast_head":"<!-- This site is optimized with the Yoast SEO plugin v14.4.1 - https:\/\/yoast.com\/wordpress\/plugins\/seo\/ -->\n<title>\u00catre r\u00e9f\u00e9renc\u00e9 - The Greener Map - Carte interactive<\/title>\n<meta name=\"description\" content=\"Vous souhaitez \u00eatre r\u00e9f\u00e9renc\u00e9 sur The Greener Map, carte des adresses \u00e9coresponsables de la M\u00e9tropole de Lyon ? C&#039;est par ici !\" \/>\n<meta name=\"robots\" content=\"index, follow\" \/>\n<meta name=\"googlebot\" content=\"index, follow, max-snippet:-1, max-image-preview:large, max-video-preview:-1\" \/>\n<meta name=\"bingbot\" content=\"index, follow, max-snippet:-1, max-image-preview:large, max-video-preview:-1\" \/>\n<link rel=\"canonical\" href=\"https:\/\/map.thegreenergood.fr\/index.php\/publier\/\" \/>\n<meta property=\"og:locale\" content=\"fr_FR\" \/>\n<meta property=\"og:type\" content=\"article\" \/>\n<meta property=\"og:title\" content=\"\u00catre r\u00e9f\u00e9renc\u00e9 - The Greener Map - Carte interactive\" \/>\n<meta property=\"og:description\" content=\"Vous souhaitez \u00eatre r\u00e9f\u00e9renc\u00e9 sur The Greener Map, carte des adresses \u00e9coresponsables de la M\u00e9tropole de Lyon ? C&#039;est par ici !\" \/>\n<meta property=\"og:url\" content=\"https:\/\/map.thegreenergood.fr\/index.php\/publier\/\" \/>\n<meta property=\"og:site_name\" content=\"The Greener Map\" \/>\n<meta property=\"article:publisher\" content=\"https:\/\/www.facebook.com\/thegreenergoodFR\/\" \/>\n<meta property=\"article:modified_time\" content=\"2020-05-11T09:12:41+00:00\" \/>\n<meta property=\"og:image\" content=\"http:\/\/map.thegreenergood.fr\/wp-content\/uploads\/2018\/09\/Diapositive3-300x169.png\" \/>\n<meta name=\"twitter:card\" content=\"summary_large_image\" \/>\n<meta name=\"twitter:creator\" content=\"@TheGreenerGoodF\" \/>\n<meta name=\"twitter:site\" content=\"@TheGreenerGoodF\" \/>\n<script type=\"application\/ld+json\" class=\"yoast-schema-graph\">{\"@context\":\"https:\/\/schema.org\",\"@graph\":[{\"@type\":\"Organization\",\"@id\":\"https:\/\/map.thegreenergood.fr\/#organization\",\"name\":\"The Greener Good\",\"url\":\"https:\/\/map.thegreenergood.fr\/\",\"sameAs\":[\"https:\/\/www.facebook.com\/thegreenergoodFR\/\",\"https:\/\/www.instagram.com\/the_greener_good\/\",\"https:\/\/www.youtube.com\/channel\/UCHW2zAiIK5dMOJKqBSv3G4A\",\"https:\/\/twitter.com\/TheGreenerGoodF\"],\"logo\":{\"@type\":\"ImageObject\",\"@id\":\"https:\/\/map.thegreenergood.fr\/#logo\",\"inLanguage\":\"fr-FR\",\"url\":\"\",\"caption\":\"The Greener Good\"},\"image\":{\"@id\":\"https:\/\/map.thegreenergood.fr\/#logo\"}},{\"@type\":\"WebSite\",\"@id\":\"https:\/\/map.thegreenergood.fr\/#website\",\"url\":\"https:\/\/map.thegreenergood.fr\/\",\"name\":\"Guide Greener\",\"description\":\"Adresses \\u00e9coresponsables du Grand Lyon\",\"publisher\":{\"@id\":\"https:\/\/map.thegreenergood.fr\/#organization\"},\"potentialAction\":[{\"@type\":\"SearchAction\",\"target\":\"https:\/\/map.thegreenergood.fr\/?s={search_term_string}\",\"query-input\":\"required name=search_term_string\"}],\"inLanguage\":\"fr-FR\"},{\"@type\":\"ImageObject\",\"@id\":\"https:\/\/map.thegreenergood.fr\/index.php\/publier\/#primaryimage\",\"inLanguage\":\"fr-FR\",\"url\":\"http:\/\/map.thegreenergood.fr\/wp-content\/uploads\/2018\/09\/Diapositive3-300x169.png\"},{\"@type\":\"WebPage\",\"@id\":\"https:\/\/map.thegreenergood.fr\/index.php\/publier\/#webpage\",\"url\":\"https:\/\/map.thegreenergood.fr\/index.php\/publier\/\",\"name\":\"\\u00catre r\\u00e9f\\u00e9renc\\u00e9 - The Greener Map - Carte interactive\",\"isPartOf\":{\"@id\":\"https:\/\/map.thegreenergood.fr\/#website\"},\"primaryImageOfPage\":{\"@id\":\"https:\/\/map.thegreenergood.fr\/index.php\/publier\/#primaryimage\"},\"datePublished\":\"2018-07-21T09:44:55+00:00\",\"dateModified\":\"2020-05-11T09:12:41+00:00\",\"description\":\"Vous souhaitez \\u00eatre r\\u00e9f\\u00e9renc\\u00e9 sur The Greener Map, carte des adresses \\u00e9coresponsables de la M\\u00e9tropole de Lyon ? C'est par ici !\",\"inLanguage\":\"fr-FR\",\"potentialAction\":[{\"@type\":\"ReadAction\",\"target\":[\"https:\/\/map.thegreenergood.fr\/index.php\/publier\/\"]}]}]}<\/script>\n<!-- \/ Yoast SEO plugin. -->","jetpack_sharing_enabled":true,"jetpack_shortlink":"https:\/\/wp.me\/Pa6u5w-576","_links":{"self":[{"href":"https:\/\/map.thegreenergood.fr\/index.php\/wp-json\/wp\/v2\/pages\/19660"}],"collection":[{"href":"https:\/\/map.thegreenergood.fr\/index.php\/wp-json\/wp\/v2\/pages"}],"about":[{"href":"https:\/\/map.thegreenergood.fr\/index.php\/wp-json\/wp\/v2\/types\/page"}],"author":[{"embeddable":true,"href":"https:\/\/map.thegreenergood.fr\/index.php\/wp-json\/wp\/v2\/users\/1"}],"replies":[{"embeddable":true,"href":"https:\/\/map.thegreenergood.fr\/index.php\/wp-json\/wp\/v2\/comments?post=19660"}],"version-history":[{"count":14,"href":"https:\/\/map.thegreenergood.fr\/index.php\/wp-json\/wp\/v2\/pages\/19660\/revisions"}],"predecessor-version":[{"id":21908,"href":"https:\/\/map.thegreenergood.fr\/index.php\/wp-json\/wp\/v2\/pages\/19660\/revisions\/21908"}],"wp:attachment":[{"href":"https:\/\/map.thegreenergood.fr\/index.php\/wp-json\/wp\/v2\/media?parent=19660"}],"curies":[{"name":"wp","href":"https:\/\/api.w.org\/{rel}","templated":true}]}}

Être référencé

<hr class="clear" />
<h2 style="text-align: center;">Comment publier votre initiative sur la carte interactive ?</h2>
<hr class="clear" />
<p>&nbsp;</p>
<p>&nbsp;</p>
<h3><img loading="lazy" class="alignleft wp-image-19947" style="color: inherit; font-family: inherit; font-size: inherit;" src="http://map.thegreenergood.fr/wp-content/uploads/2018/09/Diapositive3-300x169.png" alt="Etre référencé - The Greener Map" width="390" height="220" />1. Pourquoi être référencé ?</h3>
<p>Après votre référencement, vous apparaîtrez sur la <a href="https://map.thegreenergood.fr/index.php/carte/">carte interactive</a> de <a href="https://thegreenergood.fr">The Greener Good</a>. Cela vous apportera de la visibilité auprès des lyonnais, qui seront pour la plupart, déjà sensibilisés aux modes de vie alternatifs.</p>
<hr class="clear" />
<h3>2. Comment être référencé ?<img loading="lazy" class="alignright wp-image-19821" src="http://map.thegreenergood.fr/wp-content/uploads/2018/07/Diapositive1-2-300x166.png" alt="Etre référencé - The Greener Map" width="376" height="208" srcset="https://map.thegreenergood.fr/wp-content/uploads/2018/07/Diapositive1-2-300x166.png 300w, https://map.thegreenergood.fr/wp-content/uploads/2018/07/Diapositive1-2-768x426.png 768w, https://map.thegreenergood.fr/wp-content/uploads/2018/07/Diapositive1-2-1024x568.png 1024w, https://map.thegreenergood.fr/wp-content/uploads/2018/07/Diapositive1-2-450x249.png 450w, https://map.thegreenergood.fr/wp-content/uploads/2018/07/Diapositive1-2-600x333.png 600w, https://map.thegreenergood.fr/wp-content/uploads/2018/07/Diapositive1-2.png 1187w" sizes="(max-width: 376px) 100vw, 376px" /></h3>
<p>C&rsquo;est facile, il vous suffit de cliquer sur le bouton « Je veux être référencé » en bas de cette page, de remplir un petit formulaire sur votre structure, et le tour est joué !</p>
<hr class="clear" />
<p>&nbsp;</p>
<h3><img loading="lazy" class="alignleft wp-image-19948" src="http://map.thegreenergood.fr/wp-content/uploads/2018/09/Diapositive2-e1537451193547-300x171.png" alt="Etre référencé - The Greener Map" width="388" height="221" srcset="https://map.thegreenergood.fr/wp-content/uploads/2018/09/Diapositive2-e1537451193547-300x171.png 300w, https://map.thegreenergood.fr/wp-content/uploads/2018/09/Diapositive2-e1537451193547-768x438.png 768w, https://map.thegreenergood.fr/wp-content/uploads/2018/09/Diapositive2-e1537451193547-1024x584.png 1024w, https://map.thegreenergood.fr/wp-content/uploads/2018/09/Diapositive2-e1537451193547-450x257.png 450w, https://map.thegreenergood.fr/wp-content/uploads/2018/09/Diapositive2-e1537451193547-600x342.png 600w, https://map.thegreenergood.fr/wp-content/uploads/2018/09/Diapositive2-e1537451193547.png 1200w" sizes="(max-width: 388px) 100vw, 388px" />3. Et après ?</h3>
<p>The Greener Good s&rsquo;occupe de valider votre référencement et votre structure apparaîtra automatiquement sur la carte !</p>
<p>Conservez bien vos identifiants de connexion, afin de pouvoir modifier votre page comme bon vous semble.</p>
<hr class="clear" />
<h3>Conditions :</h3>
<p>Pour être accepté sur la carte, il y a quelques conditions à remplir. Votre structure doit notamment être basée dans le <strong>Grand Lyon</strong> (ou être en ligne sur internet avec des créateurs lyonnais ou un siège social à Lyon) et avoir une <strong>démarche écoresponsable</strong>. Pour plus de précisions, n&rsquo;hésitez pas à consulter<strong> <a href="http://map.thegreenergood.fr/index.php/charte/">la charte (en cliquant ici)</a>.</strong></p>
<hr class="clear" />
<p>&nbsp;</p>
<p class="description">Prêt à faire découvrir votre initiative ?</p>
<p><a class="btn fullwidth" href="http://map.thegreenergood.fr/index.php/formulaire/">Je veux être référencé !</a></p>
<p>&nbsp;</p>
<hr />
<div class="twocolumn">
<h5>L&rsquo;inscription à cette plateforme est-elle gratuite ?</h5>
<p>Oui tout à fait ! Notre objectif est de vous aider à promouvoir vos initiatives.</p>
<h5>Des questions ?</h5>
<p>Nous serons ravis de pouvoir vous accompagner dans la publication et promotion de vos projets. Si vous avez des questions, contactez-nous sur hello@thegreenergood.fr.</p>
</div>

<!-- This site is optimized with the Yoast SEO plugin v14.4.1 - https://yoast.com/wordpress/plugins/seo/ -->
<title>Être référencé - The Greener Map - Carte interactive</title>
<meta name="description" content="Vous souhaitez être référencé sur The Greener Map, carte des adresses écoresponsables de la Métropole de Lyon ? C&#039;est par ici !" />
<meta name="robots" content="index, follow" />
<meta name="googlebot" content="index, follow, max-snippet:-1, max-image-preview:large, max-video-preview:-1" />
<meta name="bingbot" content="index, follow, max-snippet:-1, max-image-preview:large, max-video-preview:-1" />
<link rel="canonical" href="https://map.thegreenergood.fr/index.php/publier/" />
<meta property="og:locale" content="fr_FR" />
<meta property="og:type" content="article" />
<meta property="og:title" content="Être référencé - The Greener Map - Carte interactive" />
<meta property="og:description" content="Vous souhaitez être référencé sur The Greener Map, carte des adresses écoresponsables de la Métropole de Lyon ? C&#039;est par ici !" />
<meta property="og:url" content="https://map.thegreenergood.fr/index.php/publier/" />
<meta property="og:site_name" content="The Greener Map" />
<meta property="article:publisher" content="https://www.facebook.com/thegreenergoodFR/" />
<meta property="article:modified_time" content="2020-05-11T09:12:41+00:00" />
<meta property="og:image" content="http://map.thegreenergood.fr/wp-content/uploads/2018/09/Diapositive3-300x169.png" />
<meta name="twitter:card" content="summary_large_image" />
<meta name="twitter:creator" content="@TheGreenerGoodF" />
<meta name="twitter:site" content="@TheGreenerGoodF" />
<script type="application/ld+json" class="yoast-schema-graph">{"@context":"https://schema.org","@graph":[{"@type":"Organization","@id":"https://map.thegreenergood.fr/#organization","name":"The Greener Good","url":"https://map.thegreenergood.fr/","sameAs":["https://www.facebook.com/thegreenergoodFR/","https://www.instagram.com/the_greener_good/","https://www.youtube.com/channel/UCHW2zAiIK5dMOJKqBSv3G4A","https://twitter.com/TheGreenerGoodF"],"logo":{"@type":"ImageObject","@id":"https://map.thegreenergood.fr/#logo","inLanguage":"fr-FR","url":"","caption":"The Greener Good"},"image":{"@id":"https://map.thegreenergood.fr/#logo"}},{"@type":"WebSite","@id":"https://map.thegreenergood.fr/#website","url":"https://map.thegreenergood.fr/","name":"Guide Greener","description":"Adresses \u00e9coresponsables du Grand Lyon","publisher":{"@id":"https://map.thegreenergood.fr/#organization"},"potentialAction":[{"@type":"SearchAction","target":"https://map.thegreenergood.fr/?s={search_term_string}","query-input":"required name=search_term_string"}],"inLanguage":"fr-FR"},{"@type":"ImageObject","@id":"https://map.thegreenergood.fr/index.php/publier/#primaryimage","inLanguage":"fr-FR","url":"http://map.thegreenergood.fr/wp-content/uploads/2018/09/Diapositive3-300x169.png"},{"@type":"WebPage","@id":"https://map.thegreenergood.fr/index.php/publier/#webpage","url":"https://map.thegreenergood.fr/index.php/publier/","name":"\u00catre r\u00e9f\u00e9renc\u00e9 - The Greener Map - Carte interactive","isPartOf":{"@id":"https://map.thegreenergood.fr/#website"},"primaryImageOfPage":{"@id":"https://map.thegreenergood.fr/index.php/publier/#primaryimage"},"datePublished":"2018-07-21T09:44:55+00:00","dateModified":"2020-05-11T09:12:41+00:00","description":"Vous souhaitez \u00eatre r\u00e9f\u00e9renc\u00e9 sur The Greener Map, carte des adresses \u00e9coresponsables de la M\u00e9tropole de Lyon ? C'est par ici !","inLanguage":"fr-FR","potentialAction":[{"@type":"ReadAction","target":["https://map.thegreenergood.fr/index.php/publier/"]}]}]}</script>
<!-- / Yoast SEO plugin. -->
