{"id":20495,"date":"2018-10-17T12:08:05","date_gmt":"2018-10-17T10:08:05","guid":{"rendered":"http:\/\/map.thegreenergood.fr\/?page_id=20495"},"modified":"2020-12-30T10:30:09","modified_gmt":"2020-12-30T09:30:09","slug":"charte","status":"publish","type":"page","link":"https:\/\/map.thegreenergood.fr\/index.php\/charte\/","title":{"rendered":"Charte de la carte interactive"},"content":{"rendered":"<p><i><span style=\"font-weight: 400;\">The Greener Map<\/span><\/i><span style=\"font-weight: 400;\"> souhaite mettre en valeur une <\/span><b>consommation \u00e9coresponsable<\/b><span style=\"font-weight: 400;\"> sous la forme d\u2019une carte interactive.\u00a0<\/span><\/p>\n<p><span style=\"font-weight: 400;\">Une consommation \u00e9coresponsable est une consommation r\u00e9fl\u00e9chie, c\u2019est-\u00e0-dire consciente de son impact sur soi (l\u2019acheteur), nous (les \u00eatres humains), et notre environnement : la nature qui nous entoure.<\/span><\/p>\n<p><span style=\"font-weight: 400;\">Consommer de mani\u00e8re \u00e9coresponsable, c\u2019est :\u00a0<\/span><\/p>\n<ul>\n<li style=\"font-weight: 400;\"><span style=\"font-weight: 400;\">Etre inform\u00e9.e sur les <\/span><b>enjeux et impacts<\/b><span style=\"font-weight: 400;\"> li\u00e9s aux produits achet\u00e9s pour faire ses choix en connaissance de cause.<\/span><\/li>\n<li style=\"font-weight: 400;\"><span style=\"font-weight: 400;\">Acheter des produits <\/span><b>durables<\/b><span style=\"font-weight: 400;\"> et se pr\u00e9occuper<\/span><b> de leur maintenance, de leur entretien, de leur r\u00e9paration, <\/b><span style=\"font-weight: 400;\">afin de pouvoir les garder et les utiliser longtemps.<\/span><\/li>\n<li style=\"font-weight: 400;\"><span style=\"font-weight: 400;\">Acheter <\/span><b>local et de qualit\u00e9<\/b><span style=\"font-weight: 400;\">, pour diminuer l\u2019empreinte carbone du produit et faire vivre les producteurs \u00e0 proximit\u00e9 de chez soi.<\/span><\/li>\n<li style=\"font-weight: 400;\"><span style=\"font-weight: 400;\">S\u2019assurer que les <\/span><b>conditions de production<\/b><span style=\"font-weight: 400;\"> sont respectueuses de l\u2019environnement, des humains, des animaux\u2026 S\u2019assurer que les mati\u00e8res premi\u00e8res sont <\/span><b>renouvelables, recycl\u00e9es, recyclables<\/b><span style=\"font-weight: 400;\"> ou que leur extraction\/production est le plus \u201cpropre\u201d possible.<\/span><\/li>\n<li style=\"font-weight: 400;\"><span style=\"font-weight: 400;\">Essayer de <\/span><b>r\u00e9duire ses d\u00e9chets<\/b><span style=\"font-weight: 400;\"> au maximum (apporter ses contenants, refuser les emballages\u2026), car le meilleur d\u00e9chet est celui que l\u2019on ne produit pas !<\/span><\/li>\n<\/ul>\n<p><span style=\"font-weight: 400;\">La carte aborde plusieurs th\u00e9matiques. Pour chacune d\u2019entre elles, sont indiqu\u00e9s ci-dessous les crit\u00e8res qui permettent d\u2019\u00eatre r\u00e9f\u00e9renc\u00e9 sur la carte et ceux qui attestent d\u2019un d\u00e9but de d\u00e9marche, mais ne sont pas suffisants pour \u00eatre r\u00e9f\u00e9renc\u00e9s.<\/span><\/p>\n<p><span style=\"font-weight: 400;\">La carte met \u00e9galement en avant les structures ayant une d\u00e9marche reconnue par le label <\/span><strong><a href=\"https:\/\/www.lyon.fr\/economie\/economie-sociale-et-solidaire\/le-label-lyon-ville-equitable-et-durable\" target=\"_blank\" rel=\"noopener noreferrer\">Lyon Ville \u00c9quitable et Durable<\/a><\/strong><span style=\"font-weight: 400;\">, et celles utilisant la monnaie compl\u00e9mentaire locale <\/span><strong><a href=\"http:\/\/www.lagonette.org\/\" target=\"_blank\" rel=\"noopener noreferrer\">La Gonette<\/a><\/strong><span style=\"font-weight: 400;\">.<\/span><\/p>\n<h3><b>Alimentation<\/b><\/h3>\n<p><span style=\"font-weight: 400;\">La structure r\u00e9f\u00e9renc\u00e9e remplit au moins <\/span><b>deux<\/b><span style=\"font-weight: 400;\"> de ces crit\u00e8res :<\/span><\/p>\n<ul>\n<li style=\"font-weight: 400;\"><span style=\"font-weight: 400;\">Choix de produits biologiques, labellis\u00e9s Agriculture Biologique (AB), Nature &amp; Progr\u00e8s, Demeter, Ecocert, Bio Coh\u00e9rence&#8230; Et p\u00eache durable MSC pour les produits de la mer.<\/span><\/li>\n<li style=\"font-weight: 400;\"><span style=\"font-weight: 400;\">Approvisionnements d\u2019origine locale, soit 150 km autour de la m\u00e9tropole Lyonnaise et\/ou issus du commerce \u00e9quitable, labellis\u00e9s Fairtrade, Rainforest Alliance et UTZ Certified.<\/span><\/li>\n<li style=\"font-weight: 400;\"><span style=\"font-weight: 400;\">Transformation locale.<\/span><\/li>\n<li style=\"font-weight: 400;\"><span style=\"font-weight: 400;\">D\u00e9marche de r\u00e9duction des d\u00e9chets : vente en vrac ou emballages recycl\u00e9s, recyclables ou compostables.<\/span><\/li>\n<\/ul>\n<p><span style=\"font-weight: 400;\">Si la structure r\u00e9f\u00e9renc\u00e9e remplit un de ces crit\u00e8res, c\u2019est un bonus, mais c\u2019est insuffisant pour appara\u00eetre sur la carte :\u00a0<\/span><\/p>\n<ul>\n<li style=\"font-weight: 400;\"><span style=\"font-weight: 400;\">Cuisine v\u00e9g\u00e9tarienne, v\u00e9g\u00e9tale ou en faveur de la r\u00e9duction des produits d\u2019origine animale.<\/span><\/li>\n<li style=\"font-weight: 400;\"><span style=\"font-weight: 400;\">Cuisine faite maison.<\/span><\/li>\n<li style=\"font-weight: 400;\"><span style=\"font-weight: 400;\">Choix de produits frais et de saison.<\/span><\/li>\n<li style=\"font-weight: 400;\"><span style=\"font-weight: 400;\">Utilisation de circuits courts, c\u2019est-\u00e0-dire en vente directe depuis le producteur ou en passant par un seul interm\u00e9diaire.<\/span><\/li>\n<li style=\"font-weight: 400;\"><span style=\"font-weight: 400;\">R\u00e9duction du gaspillage alimentaire (compostage, cuisine antigaspi&#8230;).<\/span><\/li>\n<\/ul>\n<h3><b>V\u00eatements &amp; accessoires<\/b><\/h3>\n<p><span style=\"font-weight: 400;\">La structure r\u00e9f\u00e9renc\u00e9e remplit au moins un de ces crit\u00e8res :<\/span><\/p>\n<ul>\n<li style=\"font-weight: 400;\"><span style=\"font-weight: 400;\">Offre de v\u00eatements et d\u2019accessoires de seconde main : vente, pr\u00eat, \u00e9change&#8230;<\/span><\/li>\n<li style=\"font-weight: 400;\"><span style=\"font-weight: 400;\">Produits r\u00e9alis\u00e9s \u00e0 partir de mati\u00e8res naturelles (lin, chanvre, tencel, coton bio), de mati\u00e8re premi\u00e8re revaloris\u00e9e (upcycling, surcyclage) ou artificielles recycl\u00e9es &#8211; pouvant \u00eatre labellis\u00e9 : GOTS, Oeko-Tex, bioRe sustainable textiles, Global Recycled Standard\u2026<\/span><\/li>\n<li style=\"font-weight: 400;\"><span style=\"font-weight: 400;\">Utilisation de teintures responsables, v\u00e9g\u00e9tales de pr\u00e9f\u00e9rence et\/ou labellis\u00e9es.<\/span><\/li>\n<li style=\"font-weight: 400;\"><span style=\"font-weight: 400;\">Fabrication fran\u00e7aise* avec le label Origine France Garantie (crit\u00e8re insuffisant).<\/span><\/li>\n<li style=\"font-weight: 400;\"><span style=\"font-weight: 400;\">Produits issus du commerce \u00e9quitable.<\/span><\/li>\n<li style=\"font-weight: 400;\"><span style=\"font-weight: 400;\">Le produit est certifi\u00e9 par un de ces labels : Ecocert, EU Ecolabel, Demeter, Fair Wear&#8230;<\/span><\/li>\n<\/ul>\n<p><span style=\"font-weight: 400;\">Si la structure r\u00e9f\u00e9renc\u00e9e remplit un ou plusieurs de ces crit\u00e8res, c\u2019est un bonus, mais c\u2019est insuffisant pour appara\u00eetre sur la carte :<\/span><\/p>\n<ul>\n<li style=\"font-weight: 400;\"><span style=\"font-weight: 400;\">Limitation des emballages.<\/span><\/li>\n<li style=\"font-weight: 400;\"><span style=\"font-weight: 400;\">Packaging \u00e9cocon\u00e7u.<\/span><\/li>\n<li style=\"font-weight: 400;\"><span style=\"font-weight: 400;\">Choix de mati\u00e8res vegans : alternatives au cuir, \u00e0 la soie, \u00e0 la laine&#8230;<\/span><\/li>\n<li style=\"font-weight: 400;\"><span style=\"font-weight: 400;\">Fabrication artisanale.<\/span><\/li>\n<li style=\"font-weight: 400;\"><span style=\"font-weight: 400;\">Fabrication europ\u00e9enne.<\/span><\/li>\n<\/ul>\n<p>&nbsp;<\/p>\n<p><em><span style=\"font-weight: 400;\">* Le produit \u00ab\u00a0Made in France\u00a0\u00bb doit avoir au moins 2 \u00e9tapes r\u00e9alis\u00e9es en France :\u00a0<\/span><\/em><\/p>\n<ul>\n<li style=\"font-weight: 400;\"><em><span style=\"font-weight: 400;\">Fabrication mati\u00e8re premi\u00e8re : tissu, mercerie (boutons, fils, \u2026).<\/span><\/em><\/li>\n<li style=\"font-weight: 400;\"><em><span style=\"font-weight: 400;\">Coupe du tissu et couture.<\/span><\/em><\/li>\n<li style=\"font-weight: 400;\"><em><span style=\"font-weight: 400;\">Emballage et livraison.<\/span><\/em><\/li>\n<\/ul>\n<p><em><span style=\"font-weight: 400;\">La mention \u201cdesign (= conception) en France\u201d n\u2019entre pas dans ces crit\u00e8res !<\/span><\/em><\/p>\n<p><em><span style=\"font-weight: 400;\">Il peut aussi \u00eatre labellis\u00e9 Origine France Garantie :\u00a0<\/span><\/em><\/p>\n<ul>\n<li><em><span style=\"font-weight: 400;\">Entre 50 et 100 % du prix de revient unitaire est fran\u00e7ais<\/span><\/em><\/li>\n<li style=\"font-weight: 400;\"><em><span style=\"font-weight: 400;\">Le produit doit prendre ses caract\u00e9ristiques essentielles en France<\/span><\/em><\/li>\n<\/ul>\n<p>&nbsp;<\/p>\n<h3><b>Hygi\u00e8ne et bien-\u00eatre<\/b><\/h3>\n<p><span style=\"font-weight: 400;\">La structure r\u00e9f\u00e9renc\u00e9e remplit au moins l\u2019un de ces crit\u00e8res :<\/span><\/p>\n<ul>\n<li style=\"font-weight: 400;\"><span style=\"font-weight: 400;\">Utilisation d\u2019ingr\u00e9dients naturels de qualit\u00e9 (huiles, argiles&#8230;).<\/span><\/li>\n<li style=\"font-weight: 400;\"><span style=\"font-weight: 400;\">Ingr\u00e9dients certifi\u00e9s biologiques.<\/span><\/li>\n<li style=\"font-weight: 400;\"><span style=\"font-weight: 400;\">Produits de composition naturelle certifi\u00e9s : mention Slow Cosm\u00e9tique, labels Cosmos Natural et Organic, Demeter, Nature et Progr\u00e8s, Ecocert, EU Ecolabel, label Nature, etc.<\/span><\/li>\n<\/ul>\n<p><span style=\"font-weight: 400;\">Si la structure r\u00e9f\u00e9renc\u00e9e remplit un de ces crit\u00e8res, c\u2019est un bonus, mais c\u2019est insuffisant pour appara\u00eetre sur la carte :<\/span><\/p>\n<ul>\n<li style=\"font-weight: 400;\"><span style=\"font-weight: 400;\">Fabrication artisanale.<\/span><\/li>\n<li style=\"font-weight: 400;\"><span style=\"font-weight: 400;\">Produit v\u00e9g\u00e9tal, labellis\u00e9 One Voice Labels, Crueltyfreeandvegan, Vegan.<\/span><\/li>\n<li style=\"font-weight: 400;\"><span style=\"font-weight: 400;\">D\u00e9marche de r\u00e9duction des d\u00e9chets : packaging \u00e9cocon\u00e7u, vente en vrac.<\/span><\/li>\n<li style=\"font-weight: 400;\"><span style=\"font-weight: 400;\">Fabrication fran\u00e7aise.<\/span><\/li>\n<\/ul>\n<h3><b>Parents et enfants<\/b><\/h3>\n<p><i><span style=\"font-weight: 400;\">Se r\u00e9f\u00e9rer aux th\u00e9matiques alimentation, v\u00eatements &amp; accessoires et loisirs.\u00a0<\/span><\/i><\/p>\n<h3><b>Vie pratique<\/b><\/h3>\n<p><span style=\"font-weight: 400;\">Services :\u00a0<\/span><\/p>\n<ul>\n<li style=\"font-weight: 400;\"><span style=\"font-weight: 400;\">Mutualisation de biens.<\/span><\/li>\n<li style=\"font-weight: 400;\"><span style=\"font-weight: 400;\">Proposition de location de mat\u00e9riel.<\/span><\/li>\n<li style=\"font-weight: 400;\"><span style=\"font-weight: 400;\">Produit r\u00e9parable par le propri\u00e9taire du bien.<\/span><\/li>\n<li style=\"font-weight: 400;\"><span style=\"font-weight: 400;\">Proposition d\u2019outils libres.<\/span><\/li>\n<li style=\"font-weight: 400;\"><span style=\"font-weight: 400;\">Fourniture en \u00e9lectricit\u00e9 100 % renouvelable.<\/span><\/li>\n<li style=\"font-weight: 400;\"><span style=\"font-weight: 400;\">Serveurs et h\u00e9bergement en Europe ou en France.<\/span><\/li>\n<\/ul>\n<p><span style=\"font-weight: 400;\">Jardinage :\u00a0<\/span><\/p>\n<ul>\n<li style=\"font-weight: 400;\"><span style=\"font-weight: 400;\">Pas d\u2019utilisation d\u2019intrants chimiques et de produit phytosanitaires.<\/span><\/li>\n<li style=\"font-weight: 400;\"><span style=\"font-weight: 400;\">Produits labellis\u00e9s Agriculture Biologique, fleur de France, etc.<\/span><\/li>\n<\/ul>\n<h3><b>Maison<\/b><\/h3>\n<p><span style=\"font-weight: 400;\">D\u00e9coration\/Mobilier :<\/span><\/p>\n<ul>\n<li><span style=\"font-weight: 400;\">Fabrication artisanale.<\/span><\/li>\n<li><span style=\"font-weight: 400;\">Fabrication fran\u00e7aise*.<\/span><\/li>\n<li><span style=\"font-weight: 400;\">Mobilier ou d\u00e9coration recycl\u00e9s.<\/span><\/li>\n<li><span style=\"font-weight: 400;\">Mobilier ou d\u00e9coration en mat\u00e9riaux naturels.<\/span><\/li>\n<li><span style=\"font-weight: 400;\">Labellis\u00e9 : EU Ecolabel, NF Environnement, FSC et PEFC, NaturePlus, WTFO, NF-OEC et PURE<\/span><\/li>\n<\/ul>\n<p><span style=\"font-weight: 400;\">Entretien :<\/span><\/p>\n<ul>\n<li><span style=\"font-weight: 400;\">Ingr\u00e9dients d\u2019origine naturels et\/ou biologiques labellis\u00e9s Nature et Progr\u00e8s, Ecocert, EU Ecolabel, Sustainable Cleaning.<\/span><\/li>\n<\/ul>\n<p><span style=\"font-weight: 400;\">Bricolage :<\/span><\/p>\n<ul>\n<li><span style=\"font-weight: 400;\">R\u00e9utilisation de mat\u00e9riaux.\u00a0<\/span><\/li>\n<li><span style=\"font-weight: 400;\">Utilisation de peintures \u00e9cologiques.<\/span><\/li>\n<li><span style=\"font-weight: 400;\">Location de mat\u00e9riel.<\/span><\/li>\n<li><span style=\"font-weight: 400;\">Labellis\u00e9 : EU Ecolabel, NF Environnement, FSC et PEFC, NaturePlus, BBC BEPOS, BEPOS+, Blue Angel, E+C-<\/span><\/li>\n<li style=\"list-style-type: none;\"><\/li>\n<\/ul>\n<p>&nbsp;<\/p>\n<p><em><span style=\"font-weight: 400;\">* Le produit \u00ab\u00a0Fabriqu\u00e9 en France\u00a0\u00bb doit avoir au moins 2 \u00e9tapes de sa fabrication r\u00e9alis\u00e9es en France :<\/span><\/em><\/p>\n<ul>\n<li style=\"font-weight: 400;\"><em><span style=\"font-weight: 400;\">Extraction ou fabrication de la mati\u00e8re premi\u00e8re.<\/span><\/em><\/li>\n<li style=\"font-weight: 400;\"><em><span style=\"font-weight: 400;\">D\u00e9coupe et montage.<\/span><\/em><\/li>\n<li style=\"font-weight: 400;\"><em><span style=\"font-weight: 400;\">Emballage et livraison.<\/span><\/em><\/li>\n<\/ul>\n<h3><b>Loisirs\u00a0<\/b><\/h3>\n<ul>\n<li style=\"font-weight: 400;\"><span style=\"font-weight: 400;\">H\u00e9bergements\u00a0<\/span>\n<ul>\n<li style=\"font-weight: 400;\"><span style=\"font-weight: 400;\">H\u00e9bergement engag\u00e9 : \u00e9lectricit\u00e9 verte, limitation des d\u00e9chets, produits d\u2019entretien \u00e9cologiques&#8230;<\/span><\/li>\n<\/ul>\n<\/li>\n<li style=\"font-weight: 400;\"><span style=\"font-weight: 400;\">Jeux :\u00a0<\/span>\n<ul>\n<li style=\"font-weight: 400;\"><span style=\"font-weight: 400;\">Location de jouets ou jeux de soci\u00e9t\u00e9.<\/span><\/li>\n<li style=\"font-weight: 400;\"><span style=\"font-weight: 400;\">Jeux fabriqu\u00e9s en France.<\/span><\/li>\n<li style=\"font-weight: 400;\"><span style=\"font-weight: 400;\">Jeux fabriqu\u00e9s \u00e0 partir de mat\u00e9riaux \u00e9cologiques.<\/span><\/li>\n<li style=\"font-weight: 400;\"><span style=\"font-weight: 400;\">Do It Yourself (ou \u201cFais-le toi m\u00eame\u201d).\u00a0<\/span><\/li>\n<li style=\"font-weight: 400;\"><span style=\"font-weight: 400;\">Activit\u00e9s en ext\u00e9rieur (d\u00e9couverte de la nature, etc.)<\/span><\/li>\n<\/ul>\n<\/li>\n<li style=\"font-weight: 400;\"><span style=\"font-weight: 400;\">Lecture<\/span>\n<ul>\n<li style=\"font-weight: 400;\"><span style=\"font-weight: 400;\">S\u00e9lection de livres imprim\u00e9s sur du papier durable.<\/span><\/li>\n<li style=\"font-weight: 400;\"><span style=\"font-weight: 400;\">S\u00e9lection d\u2019ouvrage sur le sujet de l\u2019\u00e9cologie.<\/span><\/li>\n<\/ul>\n<\/li>\n<li style=\"font-weight: 400;\"><span style=\"font-weight: 400;\">Jardinage<\/span>\n<ul>\n<li style=\"font-weight: 400;\"><span style=\"font-weight: 400;\">Utilisation de fertilisants naturels.<\/span><\/li>\n<li style=\"font-weight: 400;\"><span style=\"font-weight: 400;\">Bannissement des produits toxiques.<\/span><\/li>\n<li style=\"font-weight: 400;\"><span style=\"font-weight: 400;\">Culture locale et respectueuse des saisons.<\/span><\/li>\n<\/ul>\n<\/li>\n<\/ul>\n<h3><b>Sensibilisation et formation<\/b><\/h3>\n<p><span style=\"font-weight: 400;\">La sensibilisation et\/ou la formation peut concerner les th\u00e9matiques suivantes :\u00a0<\/span><\/p>\n<ul>\n<li style=\"font-weight: 400;\"><span style=\"font-weight: 400;\">Produits r\u00e9utilisables, non jetables, durables.\u00a0<\/span><\/li>\n<li style=\"font-weight: 400;\"><span style=\"font-weight: 400;\">Tri s\u00e9lectif.<\/span><\/li>\n<li style=\"font-weight: 400;\"><span style=\"font-weight: 400;\">Sensibilisation aux enjeux environnementaux.\u00a0<\/span><\/li>\n<li style=\"font-weight: 400;\"><span style=\"font-weight: 400;\">Voyages solidaires et \u00e9coresponsables.<\/span><\/li>\n<li style=\"font-weight: 400;\"><span style=\"font-weight: 400;\">Favorise la coop\u00e9ration et la cr\u00e9ation de liens.<\/span><\/li>\n<li style=\"font-weight: 400;\"><span style=\"font-weight: 400;\">Encourager et favoriser l\u2019agriculture biologique et locale.<\/span><\/li>\n<li style=\"font-weight: 400;\"><span style=\"font-weight: 400;\">La r\u00e9paration, la r\u00e9novation, le bricolage collectif.<\/span><\/li>\n<li style=\"font-weight: 400;\"><span style=\"font-weight: 400;\">Etc.<\/span><\/li>\n<\/ul>\n<p>&nbsp;<\/p>\n<p><span style=\"font-weight: 400;\">Enfin, <\/span><i><span style=\"font-weight: 400;\">The Greener Map<\/span><\/i><span style=\"font-weight: 400;\"> ne recense, pour le moment, que des structures localis\u00e9es sur le territoire de la M\u00e9tropole de Lyon ou ses environs tr\u00e8s proches.<\/span><\/p>\n<p><span style=\"font-weight: 400;\">Si votre concept ne rentre dans aucun des crit\u00e8res cit\u00e9s ci-dessus, mais que votre d\u00e9marche est tout de m\u00eame \u00e9coresponsable et locale (Lyon et ses environs), n\u2019h\u00e9sitez pas \u00e0 nous contacter par mail pour nous expliquer votre projet.<\/span><\/p>\n","protected":false},"excerpt":{"rendered":"<p>The Greener Map souhaite mettre en valeur une consommation \u00e9coresponsable sous la forme d\u2019une carte interactive.\u00a0 Une consommation \u00e9coresponsable est une consommation r\u00e9fl\u00e9chie, c\u2019est-\u00e0-dire consciente de son impact sur soi (l\u2019acheteur), nous (les \u00eatres humains), et notre environnement : la nature qui nous entoure. Consommer de mani\u00e8re \u00e9coresponsable, c\u2019est :\u00a0 Etre inform\u00e9.e sur les enjeux [&hellip;]<\/p>\n","protected":false},"author":3,"featured_media":0,"parent":0,"menu_order":0,"comment_status":"closed","ping_status":"closed","template":"","meta":{"_exactmetrics_skip_tracking":false,"_exactmetrics_sitenote_active":false,"_exactmetrics_sitenote_note":"","_exactmetrics_sitenote_category":0,"spay_email":""},"yoast_head":"<!-- This site is optimized with the Yoast SEO plugin v14.4.1 - https:\/\/yoast.com\/wordpress\/plugins\/seo\/ -->\n<title>Charte carte interactive The Greener Map - Adresses \u00e9coresponsables<\/title>\n<meta name=\"description\" content=\"La charte de la carte interactive The Greener Map vous explique comment les adresses sont selectionn\u00e9es pour \u00eatre publi\u00e9es sur la carte.\" \/>\n<meta name=\"robots\" content=\"index, follow\" \/>\n<meta name=\"googlebot\" content=\"index, follow, max-snippet:-1, max-image-preview:large, max-video-preview:-1\" \/>\n<meta name=\"bingbot\" content=\"index, follow, max-snippet:-1, max-image-preview:large, max-video-preview:-1\" \/>\n<link rel=\"canonical\" href=\"https:\/\/map.thegreenergood.fr\/index.php\/charte\/\" \/>\n<meta property=\"og:locale\" content=\"fr_FR\" \/>\n<meta property=\"og:type\" content=\"article\" \/>\n<meta property=\"og:title\" content=\"Charte carte interactive The Greener Map - Adresses \u00e9coresponsables\" \/>\n<meta property=\"og:description\" content=\"La charte de la carte interactive The Greener Map vous explique comment les adresses sont selectionn\u00e9es pour \u00eatre publi\u00e9es sur la carte.\" \/>\n<meta property=\"og:url\" content=\"https:\/\/map.thegreenergood.fr\/index.php\/charte\/\" \/>\n<meta property=\"og:site_name\" content=\"The Greener Map\" \/>\n<meta property=\"article:publisher\" content=\"https:\/\/www.facebook.com\/thegreenergoodFR\/\" \/>\n<meta property=\"article:modified_time\" content=\"2020-12-30T09:30:09+00:00\" \/>\n<meta name=\"twitter:card\" content=\"summary_large_image\" \/>\n<meta name=\"twitter:creator\" content=\"@TheGreenerGoodF\" \/>\n<meta name=\"twitter:site\" content=\"@TheGreenerGoodF\" \/>\n<script type=\"application\/ld+json\" class=\"yoast-schema-graph\">{\"@context\":\"https:\/\/schema.org\",\"@graph\":[{\"@type\":\"Organization\",\"@id\":\"https:\/\/map.thegreenergood.fr\/#organization\",\"name\":\"The Greener Good\",\"url\":\"https:\/\/map.thegreenergood.fr\/\",\"sameAs\":[\"https:\/\/www.facebook.com\/thegreenergoodFR\/\",\"https:\/\/www.instagram.com\/the_greener_good\/\",\"https:\/\/www.youtube.com\/channel\/UCHW2zAiIK5dMOJKqBSv3G4A\",\"https:\/\/twitter.com\/TheGreenerGoodF\"],\"logo\":{\"@type\":\"ImageObject\",\"@id\":\"https:\/\/map.thegreenergood.fr\/#logo\",\"inLanguage\":\"fr-FR\",\"url\":\"\",\"caption\":\"The Greener Good\"},\"image\":{\"@id\":\"https:\/\/map.thegreenergood.fr\/#logo\"}},{\"@type\":\"WebSite\",\"@id\":\"https:\/\/map.thegreenergood.fr\/#website\",\"url\":\"https:\/\/map.thegreenergood.fr\/\",\"name\":\"Guide Greener\",\"description\":\"Adresses \\u00e9coresponsables du Grand Lyon\",\"publisher\":{\"@id\":\"https:\/\/map.thegreenergood.fr\/#organization\"},\"potentialAction\":[{\"@type\":\"SearchAction\",\"target\":\"https:\/\/map.thegreenergood.fr\/?s={search_term_string}\",\"query-input\":\"required name=search_term_string\"}],\"inLanguage\":\"fr-FR\"},{\"@type\":\"WebPage\",\"@id\":\"https:\/\/map.thegreenergood.fr\/index.php\/charte\/#webpage\",\"url\":\"https:\/\/map.thegreenergood.fr\/index.php\/charte\/\",\"name\":\"Charte carte interactive The Greener Map - Adresses \\u00e9coresponsables\",\"isPartOf\":{\"@id\":\"https:\/\/map.thegreenergood.fr\/#website\"},\"datePublished\":\"2018-10-17T10:08:05+00:00\",\"dateModified\":\"2020-12-30T09:30:09+00:00\",\"description\":\"La charte de la carte interactive The Greener Map vous explique comment les adresses sont selectionn\\u00e9es pour \\u00eatre publi\\u00e9es sur la carte.\",\"inLanguage\":\"fr-FR\",\"potentialAction\":[{\"@type\":\"ReadAction\",\"target\":[\"https:\/\/map.thegreenergood.fr\/index.php\/charte\/\"]}]}]}<\/script>\n<!-- \/ Yoast SEO plugin. -->","jetpack_sharing_enabled":true,"jetpack_shortlink":"https:\/\/wp.me\/Pa6u5w-5kz","_links":{"self":[{"href":"https:\/\/map.thegreenergood.fr\/index.php\/wp-json\/wp\/v2\/pages\/20495"}],"collection":[{"href":"https:\/\/map.thegreenergood.fr\/index.php\/wp-json\/wp\/v2\/pages"}],"about":[{"href":"https:\/\/map.thegreenergood.fr\/index.php\/wp-json\/wp\/v2\/types\/page"}],"author":[{"embeddable":true,"href":"https:\/\/map.thegreenergood.fr\/index.php\/wp-json\/wp\/v2\/users\/3"}],"replies":[{"embeddable":true,"href":"https:\/\/map.thegreenergood.fr\/index.php\/wp-json\/wp\/v2\/comments?post=20495"}],"version-history":[{"count":11,"href":"https:\/\/map.thegreenergood.fr\/index.php\/wp-json\/wp\/v2\/pages\/20495\/revisions"}],"predecessor-version":[{"id":22578,"href":"https:\/\/map.thegreenergood.fr\/index.php\/wp-json\/wp\/v2\/pages\/20495\/revisions\/22578"}],"wp:attachment":[{"href":"https:\/\/map.thegreenergood.fr\/index.php\/wp-json\/wp\/v2\/media?parent=20495"}],"curies":[{"name":"wp","href":"https:\/\/api.w.org\/{rel}","templated":true}]}}